{"id":5097,"date":"2026-02-05T13:37:37","date_gmt":"2026-02-05T12:37:37","guid":{"rendered":"https:\/\/www.uni.lu\/llc-en\/?page_id=5097"},"modified":"2026-04-02T09:17:40","modified_gmt":"2026-04-02T07:17:40","slug":"les-nouveaux-venus-immersion-dans-une-classe-accueillant-les-enfants-du-monde","status":"publish","type":"page","link":"https:\/\/www.uni.lu\/llc-en\/resources-collections\/staff-pick\/les-nouveaux-venus-immersion-dans-une-classe-accueillant-les-enfants-du-monde\/","title":{"rendered":"Les nouveaux venus : immersion dans une classe accueillant les enfants du monde"},"content":{"rendered":"\n<div class=\"wp-block-columns is-layout-flex wp-block-columns-is-layout-flex\">\n<div class=\"wp-block-column is-layout-flow wp-block-column-is-layout-flow\" style=\"flex-basis:100%\">\n<section class=\"wp-block-unilux-blocks-free-section section\"><div class=\"container xl:max-w-screen-xl\">\n<h2 class=\"has-text-align-left wp-block-unilux-blocks-heading\"        id=\"selection-for-february-2026\"\n    >\nSelection for February 2026<\/h2>\n\n\n\n<div class=\"wp-block-columns is-layout-flex wp-block-columns-is-layout-flex\">\n<div class=\"wp-block-column is-layout-flow wp-block-column-is-layout-flow\"><figure class=\"wp-block-dev4-reusable-blocks-image  object-fit--cover\">\n    \n<img decoding=\"async\" class=\"wp-block-image unilux-custom-image-block\"\n                alt=\"\"\n            src=\"https:\/\/www.uni.lu\/wp-content\/uploads\/sites\/14\/2026\/02\/05133505\/couverture-1.jpg\"\n                srcset=\"https:\/\/www.uni.lu\/wp-content\/uploads\/sites\/14\/2026\/02\/05133505\/couverture-1-211x300.jpg 211w, https:\/\/www.uni.lu\/wp-content\/uploads\/sites\/14\/2026\/02\/05133505\/couverture-1.jpg 719w\"\n                style=\"object-position: 50.00% 50.00%; font-family: &quot;object-fit: cover; object-position: 50.00% 50.00%;&quot;; aspect-ratio: 2\/3; object-fit: cover; width: 100%;\"\n        loading=\"lazy\"\n\/>    <\/figure><\/div>\n\n\n\n<div class=\"wp-block-column is-layout-flow wp-block-column-is-layout-flow\">\n<p><strong>Les nouveaux venus : immersion dans une classe accueillant les enfants du monde<\/strong><\/p>\n\n\n\n<p>Aur\u00e9lie Castex, 2024<\/p>\n\n\n\n<p><a href=\"https:\/\/www.a-z.lu\/discovery\/fulldisplay?docid=alma9917835078707253&amp;context=L&amp;vid=352LUX_UNI:BIBNET_UNION&amp;search_scope=DN_and_CI_UCV&amp;tab=DiscoveryNetwork_UCV&amp;lang=fr\" target=\"_blank\" rel=\"noreferrer noopener\">a-z.lu<\/a><\/p>\n\n\n\n<p>Voyage dans une classe &#8220;UPE2A&#8221; qui a pour mission d&#8217;accueillir des \u00e9l\u00e8ves allophones venus du monde entier avec ou sans famille dans l&#8217;espoir de trouver une vie meilleure et d&#8217;acc\u00e9der \u00e0 une \u00e9ducation. <\/p>\n\n\n\n<p>La salle de classe devient le lieu de convergence de toutes les cultures et les langues qui repr\u00e9sentent ces enfants courageux en qu\u00eate d&#8217;acceptance. <\/p>\n\n\n\n<p>Tunisie, Chine, Br\u00e9sil, Cote d&#8217;Ivoire, Roumanie, Pologne, Comorres, Inde et Sri Lanka sont incarn\u00e9s dans des personnages attachants, inspir\u00e9s de vrais enfants qui ont endur\u00e9 s\u00e9parations, exclusions et p\u00e9rils. <\/p>\n\n\n\n<p>Les sc\u00e8nes quotidiennes pr\u00e9sent\u00e9es nous donnent \u00e0 voir des \u00e9motions, des histoires et des vies encore trop peu connues ou oubli\u00e9es. <\/p>\n\n\n\n<p>Le personnage de Sophie, une institutrice engag\u00e9e, nous montre ce que les enfants sont capables de faire quand on leur donne une chance : plus qu&#8217;une bande dessin\u00e9e, c&#8217;est un appel de soutien lanc\u00e9 au gouvernement et une le\u00e7on de tol\u00e9rance.<\/p>\n<\/div>\n<\/div>\n\n\n\n<h2 class=\"has-text-align-left wp-block-unilux-blocks-heading\"        id=\"selected-by\"\n    >\nSelected by<\/h2>\n\n\n<ul class=\"flex flex-wrap mt-24 -mx-16  wp-block-unilux-blocks-free-content-card\">\n    <li class=\"w-full sm:w-1\/2 lg:w-1\/3 px-16  wp-block-unilux-blocks-free-content-card-item\">\n    <div class=\"ulux-card card-people bg-theme\">\n        <div class=\"ulux-card__container card__container\">\n                        <div class=\"ulux-card__visual wp-block-unilux-blocks-free-content-card-item-visual\">\n    \n<div class=\"wp-block-unilux-blocks-image-video-wrapper\">\n    <figure class=\"wp-block-dev4-reusable-blocks-image  object-fit--cover\">\n    \n<img decoding=\"async\" class=\"wp-block-image unilux-custom-image-block\"\n                alt=\"\"\n            src=\"https:\/\/www.uni.lu\/wp-content\/uploads\/sites\/14\/2026\/01\/05104718\/Screenshot-2026-01-05-104655.jpg\"\n                srcset=\"https:\/\/www.uni.lu\/wp-content\/uploads\/sites\/14\/2026\/01\/05104718\/Screenshot-2026-01-05-104655-300x204.jpg 300w, https:\/\/www.uni.lu\/wp-content\/uploads\/sites\/14\/2026\/01\/05104718\/Screenshot-2026-01-05-104655-768x523.jpg 768w, https:\/\/www.uni.lu\/wp-content\/uploads\/sites\/14\/2026\/01\/05104718\/Screenshot-2026-01-05-104655.jpg 788w\"\n                style=\"object-position: 50.00% 50.00%; font-family: &quot;object-fit: cover; object-position: 50.00% 50.00%;&quot;; aspect-ratio: 4\/3; object-fit: cover; width: 100%;\"\n        loading=\"lazy\"\n\/>    <\/figure><\/div><\/div><div class=\"ulux-card__body wp-block-unilux-blocks-free-content-card-item-body\">\n    \n<div class=\"card__activity wp-block-unilux-blocks-plain-text\"><\/div>\n<h3 class=\"card__name has-text-align-left wp-block-unilux-blocks-heading\"        id=\"melanie-maillot\"\n    >\nM\u00e9lanie Maillot<\/h3>\n\n<div class=\"card__organization wp-block-unilux-blocks-plain-text\"><\/div>\n<div class=\"card__function wp-block-unilux-blocks-plain-text\">Librarian Specialist<\/div>\n<div class=\"card__interest wp-block-unilux-blocks-plain-text\"><\/div><div class=\"ulux-card__link-wrapper card__link wp-block-unilux-blocks-simple-cta\">\n    <a\n        href=\"https:\/\/www.uni.lu\/en\/people\/melanie-maillot\/\"\n        title=\"Learn more\"\n        class=\"link-text link-text--icon ulux-card__link link-text link-absolute\"\n        target=\"\"\n    >\n        <span class=\"link-text__body\">\n            <span class=\"link-text__name\">Learn more<\/span>\n        <\/span>\n        <svg aria-hidden=\"true\" focusable=\"false\" class=\"icon icon-outline icon--arrow-right \"><use xlink:href=\"https:\/\/www.uni.lu\/wp-content\/themes\/unilux-theme\/assets\/images\/icons\/icons-outline.svg#icon--arrow-right\"><\/use><\/svg>    <\/a>\n<\/div>\n<\/div>        <\/div>\n    <\/div>\n<\/li><\/ul><\/div><\/section>\n<\/div>\n<\/div>\n\n\n<section class=\"section section wp-block-unilux-blocks-quick-link-discover-section\">\n    <div class=\"container xl:max-w-screen-xl\">\n        \n<h2 class=\"has-text-align-left wp-block-unilux-blocks-heading\"        id=\"discover-more\"\n    >\nDiscover more<\/h2>\n\n<ul class=\"wp-block-unilux-blocks-quick-link-discover quick-link-list\">\n<li class=\"wp-block-unilux-blocks-quick-link-discover-item\">\n    <a\n                    href=\"https:\/\/acq.a-z.lu\/\"\n                    class=\"quick-link\"\n            target=\"_blank\"\n    >\n            <span class=\"quick-link__container\">\n                <span class=\"quick-link__text\">\n                    Acquisition request                <\/span>\n                <svg aria-hidden=\"true\" focusable=\"false\" class=\"icon icon-outline icon--external-link \"><use xlink:href=\"https:\/\/www.uni.lu\/wp-content\/themes\/unilux-theme\/assets\/images\/icons\/icons-outline.svg#icon--external-link\"><\/use><\/svg>            <\/span>\n    <\/a>\n<\/li>\n\n\n\n<li class=\"wp-block-unilux-blocks-quick-link-discover-item\">\n    <a\n                    href=\"https:\/\/www.a-z.lu\/discovery\/search?vid=352LUX_UNI%3ABIBNET_UNION\"\n                    class=\"quick-link\"\n            target=\"_blank\"\n    >\n            <span class=\"quick-link__container\">\n                <span class=\"quick-link__text\">\n                    a-z.lu                <\/span>\n                <svg aria-hidden=\"true\" focusable=\"false\" class=\"icon icon-outline icon--external-link \"><use xlink:href=\"https:\/\/www.uni.lu\/wp-content\/themes\/unilux-theme\/assets\/images\/icons\/icons-outline.svg#icon--external-link\"><\/use><\/svg>            <\/span>\n    <\/a>\n<\/li>\n\n\n\n<li class=\"wp-block-unilux-blocks-quick-link-discover-item\">\n    <a\n                    href=\"https:\/\/www.uni.lu\/llc-en\/services\/borrow-return\/\"\n                    class=\"quick-link\"\n            target=\"\"\n    >\n            <span class=\"quick-link__container\">\n                <span class=\"quick-link__text\">\n                    Borrow &amp; return                <\/span>\n                <svg aria-hidden=\"true\" focusable=\"false\" class=\"icon icon-outline icon--arrow-right \"><use xlink:href=\"https:\/\/www.uni.lu\/wp-content\/themes\/unilux-theme\/assets\/images\/icons\/icons-outline.svg#icon--arrow-right\"><\/use><\/svg>            <\/span>\n    <\/a>\n<\/li>\n<\/ul>\n    <\/div>\n<\/section>","protected":false},"excerpt":{"rendered":"","protected":false},"author":87,"featured_media":0,"parent":4986,"menu_order":1,"comment_status":"closed","ping_status":"closed","template":"","meta":{"featured_image_focal_point":[],"show_featured_caption":false,"ulux_newsletter_groups":"","uluxPostTitle":"","uluxPrePostTitle":"","_trash_the_other_posts":false,"_price":"","_stock":"","_tribe_ticket_header":"","_tribe_default_ticket_provider":"","_tribe_ticket_capacity":"0","_ticket_start_date":"","_ticket_end_date":"","_tribe_ticket_show_description":"","_tribe_ticket_show_not_going":false,"_tribe_ticket_use_global_stock":"","_tribe_ticket_global_stock_level":"","_global_stock_mode":"","_global_stock_cap":"","_tribe_rsvp_for_event":"","_tribe_ticket_going_count":"","_tribe_ticket_not_going_count":"","_tribe_tickets_list":"[]","_tribe_ticket_has_attendee_info_fields":false,"footnotes":""},"field-of-interest":[],"organisation":[],"authorship":[39,87],"acf":[],"yoast_head":"<!-- This site is optimized with the Yoast SEO Premium plugin v22.3 (Yoast SEO v22.3) - https:\/\/yoast.com\/wordpress\/plugins\/seo\/ -->\n<title>Les nouveaux venus : immersion dans une classe accueillant les enfants du monde - Luxembourg Learning Centre (LLC) I Uni.lu<\/title>\n<meta name=\"description\" content=\"Les nouveaux venus : immersion dans une classe accueillant les enfants du monde Aur\u00e9lie Castex, 2024 a-z.lu Voyage dans une classe &quot;UPE2A&quot; qui a pour\" \/>\n<meta name=\"robots\" content=\"index, follow, max-snippet:-1, max-image-preview:large, max-video-preview:-1\" \/>\n<link rel=\"canonical\" href=\"https:\/\/www.uni.lu\/llc-en\/resources-collections\/staff-pick\/les-nouveaux-venus-immersion-dans-une-classe-accueillant-les-enfants-du-monde\/\" \/>\n<meta property=\"og:locale\" content=\"en_GB\" \/>\n<meta property=\"og:type\" content=\"article\" \/>\n<meta property=\"og:title\" content=\"Les nouveaux venus : immersion dans une classe accueillant les enfants du monde\" \/>\n<meta property=\"og:description\" content=\"Les nouveaux venus : immersion dans une classe accueillant les enfants du monde Aur\u00e9lie Castex, 2024 a-z.lu Voyage dans une classe &quot;UPE2A&quot; qui a pour\" \/>\n<meta property=\"og:url\" content=\"https:\/\/www.uni.lu\/llc-en\/resources-collections\/staff-pick\/les-nouveaux-venus-immersion-dans-une-classe-accueillant-les-enfants-du-monde\/\" \/>\n<meta property=\"og:site_name\" content=\"LLC EN\" \/>\n<meta property=\"article:modified_time\" content=\"2026-04-02T07:17:40+00:00\" \/>\n<meta property=\"og:image\" content=\"https:\/\/www.uni.lu\/wp-content\/uploads\/sites\/14\/2026\/03\/03115512\/UNIV_SM-Profile_1600x1600px-scaled.jpg\" \/>\n\t<meta property=\"og:image:width\" content=\"2560\" \/>\n\t<meta property=\"og:image:height\" content=\"2560\" \/>\n\t<meta property=\"og:image:type\" content=\"image\/jpeg\" \/>\n<meta name=\"twitter:card\" content=\"summary_large_image\" \/>\n<meta name=\"twitter:label1\" content=\"Estimated reading time\" \/>\n\t<meta name=\"twitter:data1\" content=\"1 minute\" \/>\n<script type=\"application\/ld+json\" class=\"yoast-schema-graph\">{\"@context\":\"https:\/\/schema.org\",\"@graph\":[{\"@type\":\"WebPage\",\"@id\":\"https:\/\/www.uni.lu\/llc-en\/resources-collections\/staff-pick\/les-nouveaux-venus-immersion-dans-une-classe-accueillant-les-enfants-du-monde\/\",\"url\":\"https:\/\/www.uni.lu\/llc-en\/resources-collections\/staff-pick\/les-nouveaux-venus-immersion-dans-une-classe-accueillant-les-enfants-du-monde\/\",\"name\":\"Les nouveaux venus : immersion dans une classe accueillant les enfants du monde - Luxembourg Learning Centre (LLC) I Uni.lu\",\"isPartOf\":{\"@id\":\"https:\/\/www.uni.lu\/llc-en\/#website\"},\"datePublished\":\"2026-02-05T12:37:37+00:00\",\"dateModified\":\"2026-04-02T07:17:40+00:00\",\"description\":\"Les nouveaux venus : immersion dans une classe accueillant les enfants du monde Aur\u00e9lie Castex, 2024 a-z.lu Voyage dans une classe \\\"UPE2A\\\" qui a pour\",\"breadcrumb\":{\"@id\":\"https:\/\/www.uni.lu\/llc-en\/resources-collections\/staff-pick\/les-nouveaux-venus-immersion-dans-une-classe-accueillant-les-enfants-du-monde\/#breadcrumb\"},\"inLanguage\":\"en-GB\",\"potentialAction\":[{\"@type\":\"ReadAction\",\"target\":[\"https:\/\/www.uni.lu\/llc-en\/resources-collections\/staff-pick\/les-nouveaux-venus-immersion-dans-une-classe-accueillant-les-enfants-du-monde\/\"]}]},{\"@type\":\"BreadcrumbList\",\"@id\":\"https:\/\/www.uni.lu\/llc-en\/resources-collections\/staff-pick\/les-nouveaux-venus-immersion-dans-une-classe-accueillant-les-enfants-du-monde\/#breadcrumb\",\"itemListElement\":[{\"@type\":\"ListItem\",\"position\":1,\"name\":\"Home\",\"item\":\"https:\/\/www.uni.lu\/en\"},{\"@type\":\"ListItem\",\"position\":2,\"name\":\"Luxembourg Learning Centre (LLC)\",\"item\":\"https:\/\/www.uni.lu\/llc-en\/\"},{\"@type\":\"ListItem\",\"position\":3,\"name\":\"Resources &amp; Collections\",\"item\":\"https:\/\/www.uni.lu\/llc-en\/resources-collections\/\"},{\"@type\":\"ListItem\",\"position\":4,\"name\":\"Staff Picks\",\"item\":\"https:\/\/www.uni.lu\/llc-en\/resources-collections\/staff-pick\/\"},{\"@type\":\"ListItem\",\"position\":5,\"name\":\"Les nouveaux venus : immersion dans une classe accueillant les enfants du monde\"}]},{\"@type\":\"WebSite\",\"@id\":\"https:\/\/www.uni.lu\/llc-en\/#website\",\"url\":\"https:\/\/www.uni.lu\/llc-en\/\",\"name\":\"LLC\",\"description\":\"Luxembourg Learning Centre I Uni.lu\",\"publisher\":{\"@id\":\"https:\/\/www.uni.lu\/llc-en\/#organization\"},\"alternateName\":\"Luxembourg Learning Centre I University of Luxembourg\",\"potentialAction\":[{\"@type\":\"SearchAction\",\"target\":{\"@type\":\"EntryPoint\",\"urlTemplate\":\"https:\/\/www.uni.lu\/llc-en\/?s={search_term_string}\"},\"query-input\":\"required name=search_term_string\"}],\"inLanguage\":\"en-GB\"},{\"@type\":\"Organization\",\"@id\":\"https:\/\/www.uni.lu\/llc-en\/#organization\",\"name\":\"LLC - University of Luxembourg I Uni.lu\",\"alternateName\":\"Luxembourg Learning Centre\",\"url\":\"https:\/\/www.uni.lu\/llc-en\/\",\"logo\":{\"@type\":\"ImageObject\",\"inLanguage\":\"en-GB\",\"@id\":\"https:\/\/www.uni.lu\/llc-en\/#\/schema\/logo\/image\/\",\"url\":\"https:\/\/www.uni.lu\/wp-content\/uploads\/sites\/14\/2026\/03\/03115512\/UNIV_SM-Profile_1600x1600px-scaled.jpg\",\"contentUrl\":\"https:\/\/www.uni.lu\/wp-content\/uploads\/sites\/14\/2026\/03\/03115512\/UNIV_SM-Profile_1600x1600px-scaled.jpg\",\"width\":2560,\"height\":2560,\"caption\":\"LLC - University of Luxembourg I Uni.lu\"},\"image\":{\"@id\":\"https:\/\/www.uni.lu\/llc-en\/#\/schema\/logo\/image\/\"}}]}<\/script>\n<!-- \/ Yoast SEO Premium plugin. -->","yoast_head_json":{"title":"Les nouveaux venus : immersion dans une classe accueillant les enfants du monde - Luxembourg Learning Centre (LLC) I Uni.lu","description":"Les nouveaux venus : immersion dans une classe accueillant les enfants du monde Aur\u00e9lie Castex, 2024 a-z.lu Voyage dans une classe \"UPE2A\" qui a pour","robots":{"index":"index","follow":"follow","max-snippet":"max-snippet:-1","max-image-preview":"max-image-preview:large","max-video-preview":"max-video-preview:-1"},"canonical":"https:\/\/www.uni.lu\/llc-en\/resources-collections\/staff-pick\/les-nouveaux-venus-immersion-dans-une-classe-accueillant-les-enfants-du-monde\/","og_locale":"en_GB","og_type":"article","og_title":"Les nouveaux venus : immersion dans une classe accueillant les enfants du monde","og_description":"Les nouveaux venus : immersion dans une classe accueillant les enfants du monde Aur\u00e9lie Castex, 2024 a-z.lu Voyage dans une classe \"UPE2A\" qui a pour","og_url":"https:\/\/www.uni.lu\/llc-en\/resources-collections\/staff-pick\/les-nouveaux-venus-immersion-dans-une-classe-accueillant-les-enfants-du-monde\/","og_site_name":"LLC EN","article_modified_time":"2026-04-02T07:17:40+00:00","og_image":[{"width":2560,"height":2560,"url":"https:\/\/www.uni.lu\/wp-content\/uploads\/sites\/14\/2026\/03\/03115512\/UNIV_SM-Profile_1600x1600px-scaled.jpg","type":"image\/jpeg"}],"twitter_card":"summary_large_image","twitter_misc":{"Estimated reading time":"1 minute"},"schema":{"@context":"https:\/\/schema.org","@graph":[{"@type":"WebPage","@id":"https:\/\/www.uni.lu\/llc-en\/resources-collections\/staff-pick\/les-nouveaux-venus-immersion-dans-une-classe-accueillant-les-enfants-du-monde\/","url":"https:\/\/www.uni.lu\/llc-en\/resources-collections\/staff-pick\/les-nouveaux-venus-immersion-dans-une-classe-accueillant-les-enfants-du-monde\/","name":"Les nouveaux venus : immersion dans une classe accueillant les enfants du monde - Luxembourg Learning Centre (LLC) I Uni.lu","isPartOf":{"@id":"https:\/\/www.uni.lu\/llc-en\/#website"},"datePublished":"2026-02-05T12:37:37+00:00","dateModified":"2026-04-02T07:17:40+00:00","description":"Les nouveaux venus : immersion dans une classe accueillant les enfants du monde Aur\u00e9lie Castex, 2024 a-z.lu Voyage dans une classe \"UPE2A\" qui a pour","breadcrumb":{"@id":"https:\/\/www.uni.lu\/llc-en\/resources-collections\/staff-pick\/les-nouveaux-venus-immersion-dans-une-classe-accueillant-les-enfants-du-monde\/#breadcrumb"},"inLanguage":"en-GB","potentialAction":[{"@type":"ReadAction","target":["https:\/\/www.uni.lu\/llc-en\/resources-collections\/staff-pick\/les-nouveaux-venus-immersion-dans-une-classe-accueillant-les-enfants-du-monde\/"]}]},{"@type":"BreadcrumbList","@id":"https:\/\/www.uni.lu\/llc-en\/resources-collections\/staff-pick\/les-nouveaux-venus-immersion-dans-une-classe-accueillant-les-enfants-du-monde\/#breadcrumb","itemListElement":[{"@type":"ListItem","position":1,"name":"Home","item":"https:\/\/www.uni.lu\/en"},{"@type":"ListItem","position":2,"name":"Luxembourg Learning Centre (LLC)","item":"https:\/\/www.uni.lu\/llc-en\/"},{"@type":"ListItem","position":3,"name":"Resources &amp; Collections","item":"https:\/\/www.uni.lu\/llc-en\/resources-collections\/"},{"@type":"ListItem","position":4,"name":"Staff Picks","item":"https:\/\/www.uni.lu\/llc-en\/resources-collections\/staff-pick\/"},{"@type":"ListItem","position":5,"name":"Les nouveaux venus : immersion dans une classe accueillant les enfants du monde"}]},{"@type":"WebSite","@id":"https:\/\/www.uni.lu\/llc-en\/#website","url":"https:\/\/www.uni.lu\/llc-en\/","name":"LLC","description":"Luxembourg Learning Centre I Uni.lu","publisher":{"@id":"https:\/\/www.uni.lu\/llc-en\/#organization"},"alternateName":"Luxembourg Learning Centre I University of Luxembourg","potentialAction":[{"@type":"SearchAction","target":{"@type":"EntryPoint","urlTemplate":"https:\/\/www.uni.lu\/llc-en\/?s={search_term_string}"},"query-input":"required name=search_term_string"}],"inLanguage":"en-GB"},{"@type":"Organization","@id":"https:\/\/www.uni.lu\/llc-en\/#organization","name":"LLC - University of Luxembourg I Uni.lu","alternateName":"Luxembourg Learning Centre","url":"https:\/\/www.uni.lu\/llc-en\/","logo":{"@type":"ImageObject","inLanguage":"en-GB","@id":"https:\/\/www.uni.lu\/llc-en\/#\/schema\/logo\/image\/","url":"https:\/\/www.uni.lu\/wp-content\/uploads\/sites\/14\/2026\/03\/03115512\/UNIV_SM-Profile_1600x1600px-scaled.jpg","contentUrl":"https:\/\/www.uni.lu\/wp-content\/uploads\/sites\/14\/2026\/03\/03115512\/UNIV_SM-Profile_1600x1600px-scaled.jpg","width":2560,"height":2560,"caption":"LLC - University of Luxembourg I Uni.lu"},"image":{"@id":"https:\/\/www.uni.lu\/llc-en\/#\/schema\/logo\/image\/"}}]}},"ticketed":false,"_links":{"self":[{"href":"https:\/\/www.uni.lu\/llc-en\/wp-json\/wp\/v2\/pages\/5097"}],"collection":[{"href":"https:\/\/www.uni.lu\/llc-en\/wp-json\/wp\/v2\/pages"}],"about":[{"href":"https:\/\/www.uni.lu\/llc-en\/wp-json\/wp\/v2\/types\/page"}],"author":[{"embeddable":true,"href":"https:\/\/www.uni.lu\/llc-en\/wp-json\/wp\/v2\/users\/87"}],"replies":[{"embeddable":true,"href":"https:\/\/www.uni.lu\/llc-en\/wp-json\/wp\/v2\/comments?post=5097"}],"version-history":[{"count":4,"href":"https:\/\/www.uni.lu\/llc-en\/wp-json\/wp\/v2\/pages\/5097\/revisions"}],"predecessor-version":[{"id":5219,"href":"https:\/\/www.uni.lu\/llc-en\/wp-json\/wp\/v2\/pages\/5097\/revisions\/5219"}],"up":[{"embeddable":true,"href":"https:\/\/www.uni.lu\/llc-en\/wp-json\/wp\/v2\/pages\/4986"}],"wp:authorship":[{"embeddable":true,"href":"https:\/\/www.uni.lu\/llc-en\/wp-json\/wp\/v2\/users\/39"},{"embeddable":true,"href":"https:\/\/www.uni.lu\/llc-en\/wp-json\/wp\/v2\/users\/87"}],"wp:attachment":[{"href":"https:\/\/www.uni.lu\/llc-en\/wp-json\/wp\/v2\/media?parent=5097"}],"wp:term":[{"taxonomy":"field-of-interest","embeddable":true,"href":"https:\/\/www.uni.lu\/llc-en\/wp-json\/wp\/v2\/field-of-interest?post=5097"},{"taxonomy":"organisation","embeddable":true,"href":"https:\/\/www.uni.lu\/llc-en\/wp-json\/wp\/v2\/organisation?post=5097"}],"curies":[{"name":"wp","href":"https:\/\/api.w.org\/{rel}","templated":true}]}}