{"id":632,"date":"2024-05-03T16:17:06","date_gmt":"2024-05-03T14:17:06","guid":{"rendered":"https:\/\/www.uni.lu\/life-fr\/?page_id=632"},"modified":"2026-04-08T10:05:50","modified_gmt":"2026-04-08T08:05:50","slug":"dignite-et-respect","status":"publish","type":"page","link":"https:\/\/www.uni.lu\/life-fr\/inclusion-bien-etre\/dignite-et-respect\/","title":{"rendered":"Dignit\u00e9 et respect"},"content":{"rendered":"<div class=\"section py-0 static\">\n<section class=\"py-0 wp-block-unilux-blocks-free-section section\"><div class=\"container xl:max-w-screen-xl\"><!-- SecondaryNavigationMirror --><div class=\"js-secondary-nav--sticky wp-block-unilux-blocks-secondary-navigation\" id=\"5ad9114e-1fd3-4731-b911-8f87413401bf\">\n    <nav id=\"secondary-navigation\" role=\"navigation\" aria-label=\"Secondary menu\" class=\"secondary-nav\">\n        <button class=\"secondary-nav__button btn btn-solid--primary w-full\" aria-expanded=\"false\" aria-controls=\"secondary-navigation__list\" title=\"The selected page is Dignit\u00e9 et respect\" type=\"button\">\n            <span class=\"btn__name mr-auto\">Dignit\u00e9 et respect<\/span>\n            <svg aria-hidden=\"true\" focusable=\"false\" class=\"icon icon-outline icon--xs\">\n                <use xlink:href=\"https:\/\/www.uni.lu\/wp-content\/themes\/unilux-theme\/assets\/images\/icons\/icons-outline.svg#icon--arrow-down\" \/>\n            <\/svg>\n        <\/button>\n\n        <ul id=\"secondary-navigation__list\" class=\"secondary-nav__list\">\n            <li class=\"secondary-nav__item\">\n    <a href=\"https:\/\/www.uni.lu\/life-fr\/inclusion-bien-etre\/\" target=\"\" rel=\"noreferrer noopener\" class=\"secondary-nav__link \">\n        <svg aria-hidden=\"true\" focusable=\"false\" class=\"icon icon-outline icon--xs\">\n            <use xlink:href=\"https:\/\/www.uni.lu\/wp-content\/themes\/unilux-theme\/assets\/images\/icons\/icons-outline.svg#icon--arrow-right\" \/>\n        <\/svg>\n        <span class=\"secondary-nav__name\">Aper\u00e7u<\/span>\n    <\/a>\n<\/li>\n<li class=\"secondary-nav__item\">\n    <a href=\"https:\/\/www.uni.lu\/life-fr\/inclusion-bien-etre\/accompagnement-des-personnes-handicapees\/\" target=\"\" rel=\"noreferrer noopener\" class=\"secondary-nav__link \">\n        <svg aria-hidden=\"true\" focusable=\"false\" class=\"icon icon-outline icon--xs\">\n            <use xlink:href=\"https:\/\/www.uni.lu\/wp-content\/themes\/unilux-theme\/assets\/images\/icons\/icons-outline.svg#icon--arrow-right\" \/>\n        <\/svg>\n        <span class=\"secondary-nav__name\">Accompagnement des personnes handicap\u00e9es<\/span>\n    <\/a>\n<\/li>\n<li class=\"secondary-nav__item\">\n    <a href=\"https:\/\/www.uni.lu\/life-fr\/inclusion-bien-etre\/soutien-etudiants-refugies\/\" target=\"\" rel=\"noreferrer noopener\" class=\"secondary-nav__link \">\n        <svg aria-hidden=\"true\" focusable=\"false\" class=\"icon icon-outline icon--xs\">\n            <use xlink:href=\"https:\/\/www.uni.lu\/wp-content\/themes\/unilux-theme\/assets\/images\/icons\/icons-outline.svg#icon--arrow-right\" \/>\n        <\/svg>\n        <span class=\"secondary-nav__name\">Soutien aux \u00e9tudiants r\u00e9fugi\u00e9s<\/span>\n    <\/a>\n<\/li>\n<li class=\"secondary-nav__item\">\n    <a href=\"https:\/\/www.uni.lu\/life-fr\/inclusion-bien-etre\/dignite-et-respect\/\" target=\"\" rel=\"noreferrer noopener\" class=\"secondary-nav__link isactived\" aria-current=\"page\">\n        <svg aria-hidden=\"true\" focusable=\"false\" class=\"icon icon-outline icon--xs\">\n            <use xlink:href=\"https:\/\/www.uni.lu\/wp-content\/themes\/unilux-theme\/assets\/images\/icons\/icons-outline.svg#icon--arrow-right\" \/>\n        <\/svg>\n        <span class=\"secondary-nav__name\">Dignit\u00e9 et respect<\/span>\n    <\/a>\n<\/li>\n<li class=\"secondary-nav__item\">\n    <a href=\"https:\/\/www.uni.lu\/life-fr\/inclusion-bien-etre\/contact\/\" target=\"\" rel=\"noreferrer noopener\" class=\"secondary-nav__link \">\n        <svg aria-hidden=\"true\" focusable=\"false\" class=\"icon icon-outline icon--xs\">\n            <use xlink:href=\"https:\/\/www.uni.lu\/wp-content\/themes\/unilux-theme\/assets\/images\/icons\/icons-outline.svg#icon--arrow-right\" \/>\n        <\/svg>\n        <span class=\"secondary-nav__name\">Contact<\/span>\n    <\/a>\n<\/li>\n        <\/ul>\n    <\/nav>\n<\/div>\n<!-- end SecondaryNavigationMirror --><\/div><\/section>\n\n\n\n<section class=\"wp-block-unilux-blocks-free-section section\"><div class=\"container xl:max-w-screen-xl\">\n<h2 class=\"has-text-align-left wp-block-unilux-blocks-heading\"        id=\"dignite-et-respect\"\n    >\nDignit\u00e9 et respect<\/h2>\n\n\n\n<p>\u00c0 l\u2019Universit\u00e9 du Luxembourg, nous nous engageons \u00e0 favoriser une culture de dignit\u00e9 et de respect sur notre campus. Nous sommes convaincus que chaque membre de notre communaut\u00e9 m\u00e9rite d\u2019\u00eatre trait\u00e9 avec dignit\u00e9 et respect, quelles que soient ses origines, son identit\u00e9 ou ses croyances.<\/p>\n\n\n\n<h2 class=\"has-text-align-left wp-block-unilux-blocks-heading\"        id=\"nos-valeurs-fondamentales\"\n    >\nNos valeurs fondamentales<\/h2>\n\n\n\n<section class=\"icon-with-content-list wp-block-unilux-blocks-icon-with-content-list\">\n    <div class=\"icon-with-content-list__items\">\n        \n<div class=\"icon-with-content-list__item wp-block-unilux-blocks-icon-with-content-list-item\">\n    \n<div class=\"wp-block-unilux-blocks-wrapper icon-with-content-list__item-body\">\n<div class=\"wp-block-unilux-blocks-wrapper icon-with-content-list__item-icon-wrapper\">\n<div class=\"icon--primary icon--secondary-2 icon--3xl wp-block-unilux-blocks-icon-picker\">\n    <svg aria-hidden=\"true\" focusable=\"false\" class=\"icon icon-outline icon--partnership \"><use xlink:href=\"https:\/\/www.uni.lu\/wp-content\/themes\/unilux-theme\/assets\/images\/icons\/icons-outline.svg#icon--partnership\"><\/use><\/svg><\/div><\/div>\n\n\n\n<h4 class=\"icon-with-content-list__item-title has-text-align-left wp-block-unilux-blocks-heading\"        id=\"inclusion\"\n    >\nInclusion<\/h4>\n\n\n\n<p class=\"wp-block-unilux-blocks-plain-text\">Nous nous engageons \u00e0 faire de l\u2019Universit\u00e9 un lieu de travail et d\u2019\u00e9tudes \u00e9quitable et \u00e0 cr\u00e9er un environnement inclusif o\u00f9 toutes les voix sont entendues et o\u00f9 chacun \u00e9prouve un sentiment d\u2019appartenance.<\/p><\/div>\n<\/div>\n<div class=\"icon-with-content-list__item wp-block-unilux-blocks-icon-with-content-list-item\">\n    \n<div class=\"wp-block-unilux-blocks-wrapper icon-with-content-list__item-body\">\n<div class=\"wp-block-unilux-blocks-wrapper icon-with-content-list__item-icon-wrapper\">\n<div class=\"icon--primary icon--secondary-2 icon--3xl wp-block-unilux-blocks-icon-picker\">\n    <svg aria-hidden=\"true\" focusable=\"false\" class=\"icon icon-outline icon--group \"><use xlink:href=\"https:\/\/www.uni.lu\/wp-content\/themes\/unilux-theme\/assets\/images\/icons\/icons-outline.svg#icon--group\"><\/use><\/svg><\/div><\/div>\n\n\n\n<h4 class=\"icon-with-content-list__item-title has-text-align-left wp-block-unilux-blocks-heading\"        id=\"diversite\"\n    >\nDiversit\u00e9<\/h4>\n\n\n\n<p class=\"wp-block-unilux-blocks-plain-text\">Nous c\u00e9l\u00e9brons la diversit\u00e9 de notre communaut\u00e9, o\u00f9 plus de 130\u202fnationalit\u00e9s \u00e9tudient et travaillent ensemble. Nos diff\u00e9rences nous rendent plus forts, plus conscients de nous-m\u00eames, plus cr\u00e9atifs et plus innovants, ce qui cr\u00e9e un environnement d\u2019apprentissage plus favorable et influen\u00e7ant de mani\u00e8re positive les r\u00e9sultats d\u2019apprentissage. <\/p><\/div>\n<\/div>    <\/div>\n<\/section><\/div><\/section>\n\n\n\n<section class=\"py-0 wp-block-unilux-blocks-free-section section\"><div class=\"container xl:max-w-screen-xl\">\n<h2 class=\"has-text-align-left wp-block-unilux-blocks-heading\"        id=\"promouvoir-la-dignite-et-le-respect-sur-le-campus\"\n    >\n<strong>Promouvoir la dignit\u00e9 et le respect sur le campus<\/strong><\/h2>\n\n\n\n<ul class=\"wp-block-unilux-blocks-highlighted-list list-highlighted list-highlighted--architectural\"><li class=\"list-highlighted__item  wp-block-unilux-blocks-highlighted-list-item\">\n    <header class=\"list-highlighted__header wp-block-unilux-blocks-highlighted-list-item-header\">\n    \n<h4 class=\"title text-18 font-bold has-text-align-left wp-block-unilux-blocks-heading\"        id=\"tolerance-zero-contre-la-discrimination\"\n    >\nTol\u00e9rance z\u00e9ro contre la discrimination<\/h4>\n<div class=\"wp-block-unilux-blocks-bigtext\">\n    <span>\n        \n    <\/span>\n<\/div><\/header><div class=\"list-highlighted__body wp-block-unilux-blocks-highlighted-list-item-body\">\n    <div class=\"wp-block-unilux-blocks-highlighted-list-item-free-content-area\">\n    \n<p>La discrimination, le harc\u00e8lement, l\u2019intimidation et les abus sexuels n\u2019ont pas leur place sur notre campus. L\u2019Universit\u00e9 a mis en place des <a href=\"https:\/\/www.uni.lu\/life-fr\/egalite-inclusion-diversite\/dignite-et-respect\/discrimination-et-harcelement\/\">politiques strictes<\/a> pour pr\u00e9venir et lutter contre de tels agissements.<\/p>\n<\/div><\/div><\/li>\n\n<li class=\"list-highlighted__item  wp-block-unilux-blocks-highlighted-list-item\">\n    <header class=\"list-highlighted__header wp-block-unilux-blocks-highlighted-list-item-header\">\n    \n<h4 class=\"title text-18 font-bold has-text-align-left wp-block-unilux-blocks-heading\"        id=\"code-de-conduite\"\n    >\nCode de conduite<\/h4>\n<div class=\"wp-block-unilux-blocks-bigtext\">\n    <span>\n        \n    <\/span>\n<\/div><\/header><div class=\"list-highlighted__body wp-block-unilux-blocks-highlighted-list-item-body\">\n    <div class=\"wp-block-unilux-blocks-highlighted-list-item-free-content-area\">\n    \n<p>Notre communaut\u00e9 universitaire suit un <a href=\"https:\/\/www.uni.lu\/wp-content\/uploads\/sites\/9\/2025\/07\/16105311\/Code-of-Conduct_2025.pdf\">Code de conduite (EN)<\/a> qui d\u00e9fend les principes de respect, d\u2019empathie, d\u2019\u00e9coute active, de commentaires constructifs et de gentillesse.<\/p>\n<\/div><\/div><\/li>\n\n<li class=\"list-highlighted__item  wp-block-unilux-blocks-highlighted-list-item\">\n    <header class=\"list-highlighted__header wp-block-unilux-blocks-highlighted-list-item-header\">\n    \n<h4 class=\"title text-18 font-bold has-text-align-left wp-block-unilux-blocks-heading\"        id=\"mecanismes-de-signalement\"\n    >\nM\u00e9canismes de signalement<\/h4>\n<div class=\"wp-block-unilux-blocks-bigtext\">\n    <span>\n        \n    <\/span>\n<\/div><\/header><div class=\"list-highlighted__body wp-block-unilux-blocks-highlighted-list-item-body\">\n    <div class=\"wp-block-unilux-blocks-highlighted-list-item-free-content-area\">\n    \n<p>Nous fournissons des\u202f<a href=\"https:\/\/www.uni.lu\/life-fr\/egalite-inclusion-diversite\/dignite-et-respect\/signaler-un-incident\/\">canaux clairs pour le signalement des incidents<\/a> de discrimination, de harc\u00e8lement, d\u2019intimidation et d\u2019abus sexuels. Notre objectif est de r\u00e9soudre ces probl\u00e8mes rapidement et de garantir \u00e0 chacun un environnement s\u00fbr.<\/p>\n<\/div><\/div><\/li><\/ul>\n<\/div><\/section>\n\n\n<section class=\"section section !max-w-screen-2xl wp-block-unilux-blocks-content-card-and-quick-links-section \">\n    \n<div class=\"wp-block-unilux-blocks-wrapper container 2xl:max-w-screen-2xl\">\n<h2 class=\"has-text-align-left wp-block-unilux-blocks-heading\"        id=\"notre-soutien\"\n    >\nB\u00e9n\u00e9ficier de notre soutien<\/h2>\n\n\n\n<div class=\"wp-block-unilux-blocks-wrapper flex flex-wrap -mx-16\">\n<div class=\"wp-block-unilux-blocks-wrapper w-full lg:w-7\/12 px-16\"><div class=\"content-card content-card--right content-card__overlay--hidden wp-block-unilux-blocks-content-card\">\n    <div class=\"content-card__visual wp-block-unilux-blocks-content-card-visual-area\">\n    \n<section class=\"wp-block-unilux-blocks-image-video-wrapper\">\n    <figure class=\"wp-block-dev4-reusable-blocks-image  object-fit--cover\">\n    \n<img decoding=\"async\" class=\"wp-block-image unilux-custom-image-block\"\n                alt=\"Circle of hands, colorful sleeves.\"\n            src=\"https:\/\/www.uni.lu\/wp-content\/uploads\/sites\/29\/2023\/08\/hannah-busing-Zyx1bK9mqmA-unsplash_reduced-size.jpg\"\n                    style=\"object-position: 50.00% 50.00%; font-family: &quot;object-fit: cover; object-position: 50.00% 50.00%;&quot;; aspect-ratio: 3\/2; object-fit: cover; width: 100%;\"\n        loading=\"lazy\"\n\/>    <\/figure><\/section>\n<div class=\"wp-block-unilux-blocks-wrapper content-card__overlay\">\n<a class=\"wp-block-unilux-blocks-button-highlight-rounded bottom-left\" \n    href=\"#\"\n    target=\"_self\"\n>\n    \n<span class=\"btn-highlight-rounded__name wp-block-unilux-blocks-plain-text\"><\/span>    <span class=\"icon-rounded\">\n        <svg aria-hidden=\"true\" focusable=\"false\" class=\"icon icon-outline icon--arrow-right icon--lg\"><use xlink:href=\"https:\/\/www.uni.lu\/wp-content\/themes\/unilux-theme\/assets\/images\/icons\/icons-outline.svg#icon--arrow-right\"><\/use><\/svg>    <\/span>\n<\/a><\/div>\n<\/div><div class=\"content-card__body  wp-block-unilux-blocks-content-card-free-area\">\n    \n<p>Si, en tant qu\u2019\u00e9tudiant ou membre du personnel, vous avez \u00e9t\u00e9 victime d\u2019intimidation, de discrimination, de harc\u00e8lement ou d\u2019abus sexuels, il est important de demander de l\u2019aide et du soutien.<\/p>\n\n<p>Avant de signaler un incident, vous souhaiterez peut-\u00eatre en parler \u00e0 votre famille, \u00e0 vos amis ou \u00e0 quelqu\u2019un de l\u2019Universit\u00e9, de mani\u00e8re informelle dans un premier temps. Il peut s\u2019agir d\u2019un membre de l\u2019\u00e9quipe des Services aux \u00e9tudiants, du service des Ressources humaines, du m\u00e9diateur de l\u2019Universit\u00e9, de professeurs, d\u2019un membre du personnel en qui vous avez confiance ou d\u2019un repr\u00e9sentant des \u00e9tudiants ou du personnel.\u202f<\/p>\n<\/div><\/div><\/div>\n\n\n\n<div class=\"wp-block-unilux-blocks-wrapper w-full lg:w-5\/12 px-16 mt-48 lg:mt-96\">\n<h3 class=\"has-text-align-left wp-block-unilux-blocks-heading\"        id=\"a-propos\"\n    >\n\u00c0 propos<\/h3>\n\n\n\n<ul class=\"wp-block-unilux-blocks-quick-link-highlight quick-link-list\">\n<li class=\"wp-block-unilux-blocks-quick-link-highlight-item\">\n    <a\n                    href=\"https:\/\/www.uni.lu\/life-fr\/egalite-inclusion-diversite\/dignite-et-respect\/signaler-un-incident\/\"\n                    class=\"quick-link\"\n            target=\"\"\n    >\n            <span class=\"quick-link__container\">\n                <span class=\"quick-link__body\">\n                    <span class=\"quick-link__number\">\n                                            <\/span>\n                    <span class=\"quick-link__title\">\n                        Signaler un incident                    <\/span>\n                    <span class=\"quick-link__action\">\n                                            <\/span>\n                <\/span>\n                <svg aria-hidden=\"true\" focusable=\"false\" class=\"icon icon-outline icon--arrow-right \"><use xlink:href=\"https:\/\/www.uni.lu\/wp-content\/themes\/unilux-theme\/assets\/images\/icons\/icons-outline.svg#icon--arrow-right\"><\/use><\/svg>            <\/span>\n    <\/a>\n<\/li>\n\n\n\n<li class=\"wp-block-unilux-blocks-quick-link-highlight-item\">\n    <a\n                    href=\"https:\/\/www.uni.lu\/life-fr\/egalite-inclusion-diversite\/dignite-et-respect\/discrimination-et-harcelement\/\"\n                    class=\"quick-link\"\n            target=\"\"\n    >\n            <span class=\"quick-link__container\">\n                <span class=\"quick-link__body\">\n                    <span class=\"quick-link__number\">\n                                            <\/span>\n                    <span class=\"quick-link__title\">\n                        Discrimination et harc\u00e8lement                      <\/span>\n                    <span class=\"quick-link__action\">\n                        Intimidation, harc\u00e8lement moral, abus et autres formes de discrimination et de harc\u00e8lement.                    <\/span>\n                <\/span>\n                <svg aria-hidden=\"true\" focusable=\"false\" class=\"icon icon-outline icon--arrow-right \"><use xlink:href=\"https:\/\/www.uni.lu\/wp-content\/themes\/unilux-theme\/assets\/images\/icons\/icons-outline.svg#icon--arrow-right\"><\/use><\/svg>            <\/span>\n    <\/a>\n<\/li>\n<\/ul>\n<\/div>\n<\/div>\n<\/div>\n<\/section><\/div>","protected":false},"excerpt":{"rendered":"","protected":false},"author":75,"featured_media":0,"parent":630,"menu_order":0,"comment_status":"closed","ping_status":"closed","template":"","meta":{"featured_image_focal_point":[],"show_featured_caption":false,"ulux_newsletter_groups":"","uluxPostTitle":"Inclusion et bien-\u00eatre","uluxPrePostTitle":"Vie sur campus","_trash_the_other_posts":false,"_price":"","_stock":"","_tribe_ticket_header":"","_tribe_default_ticket_provider":"","_tribe_ticket_capacity":"0","_ticket_start_date":"","_ticket_end_date":"","_tribe_ticket_show_description":"","_tribe_ticket_show_not_going":false,"_tribe_ticket_use_global_stock":"","_tribe_ticket_global_stock_level":"","_global_stock_mode":"","_global_stock_cap":"","_tribe_rsvp_for_event":"","_tribe_ticket_going_count":"","_tribe_ticket_not_going_count":"","_tribe_tickets_list":"[]","_tribe_ticket_has_attendee_info_fields":false,"footnotes":""},"field-of-interest":[],"organisation":[],"authorship":[75,226,321],"acf":[],"yoast_head":"<!-- This site is optimized with the Yoast SEO Premium plugin v22.3 (Yoast SEO v22.3) - https:\/\/yoast.com\/wordpress\/plugins\/seo\/ -->\n<title>Dignit\u00e9 et respect - Universit\u00e9 du Luxembourg I Uni.lu<\/title>\n<meta name=\"description\" content=\"\u00c0 l\u2019Universit\u00e9 du Luxembourg, nous nous engageons \u00e0 favoriser une culture de dignit\u00e9 et de respect sur notre campus.\" \/>\n<meta name=\"robots\" content=\"index, follow, max-snippet:-1, max-image-preview:large, max-video-preview:-1\" \/>\n<link rel=\"canonical\" href=\"https:\/\/www.uni.lu\/life-fr\/inclusion-bien-etre\/dignite-et-respect\/\" \/>\n<meta property=\"og:locale\" content=\"fr_FR\" \/>\n<meta property=\"og:type\" content=\"article\" \/>\n<meta property=\"og:title\" content=\"Dignit\u00e9 et respect\" \/>\n<meta property=\"og:description\" content=\"\u00c0 l\u2019Universit\u00e9 du Luxembourg, nous nous engageons \u00e0 favoriser une culture de dignit\u00e9 et de respect sur notre campus.\" \/>\n<meta property=\"og:url\" content=\"https:\/\/www.uni.lu\/life-fr\/inclusion-bien-etre\/dignite-et-respect\/\" \/>\n<meta property=\"og:site_name\" content=\"LIFE FR\" \/>\n<meta property=\"article:modified_time\" content=\"2026-04-08T08:05:50+00:00\" \/>\n<meta property=\"og:image\" content=\"https:\/\/www.uni.lu\/wp-content\/uploads\/sites\/31\/2026\/03\/03115200\/UNIV_SM-Profile_1600x1600px-scaled.jpg\" \/>\n\t<meta property=\"og:image:width\" content=\"2560\" \/>\n\t<meta property=\"og:image:height\" content=\"2560\" \/>\n\t<meta property=\"og:image:type\" content=\"image\/jpeg\" \/>\n<meta name=\"twitter:card\" content=\"summary_large_image\" \/>\n<meta name=\"twitter:label1\" content=\"Dur\u00e9e de lecture estim\u00e9e\" \/>\n\t<meta name=\"twitter:data1\" content=\"2 minutes\" \/>\n<script type=\"application\/ld+json\" class=\"yoast-schema-graph\">{\"@context\":\"https:\/\/schema.org\",\"@graph\":[{\"@type\":\"WebPage\",\"@id\":\"https:\/\/www.uni.lu\/life-fr\/inclusion-bien-etre\/dignite-et-respect\/\",\"url\":\"https:\/\/www.uni.lu\/life-fr\/inclusion-bien-etre\/dignite-et-respect\/\",\"name\":\"Dignit\u00e9 et respect - Universit\u00e9 du Luxembourg I Uni.lu\",\"isPartOf\":{\"@id\":\"https:\/\/www.uni.lu\/life-fr\/#website\"},\"datePublished\":\"2024-05-03T14:17:06+00:00\",\"dateModified\":\"2026-04-08T08:05:50+00:00\",\"description\":\"\u00c0 l\u2019Universit\u00e9 du Luxembourg, nous nous engageons \u00e0 favoriser une culture de dignit\u00e9 et de respect sur notre campus.\",\"breadcrumb\":{\"@id\":\"https:\/\/www.uni.lu\/life-fr\/inclusion-bien-etre\/dignite-et-respect\/#breadcrumb\"},\"inLanguage\":\"fr-FR\",\"potentialAction\":[{\"@type\":\"ReadAction\",\"target\":[\"https:\/\/www.uni.lu\/life-fr\/inclusion-bien-etre\/dignite-et-respect\/\"]}]},{\"@type\":\"BreadcrumbList\",\"@id\":\"https:\/\/www.uni.lu\/life-fr\/inclusion-bien-etre\/dignite-et-respect\/#breadcrumb\",\"itemListElement\":[{\"@type\":\"ListItem\",\"position\":1,\"name\":\"Home\",\"item\":\"https:\/\/www.uni.lu\/fr\"},{\"@type\":\"ListItem\",\"position\":2,\"name\":\"Vie sur le campus\",\"item\":\"https:\/\/www.uni.lu\/life-fr\/\"},{\"@type\":\"ListItem\",\"position\":3,\"name\":\"Inclusion et bien-\u00eatre\",\"item\":\"https:\/\/www.uni.lu\/life-fr\/inclusion-bien-etre\/\"},{\"@type\":\"ListItem\",\"position\":4,\"name\":\"Dignit\u00e9 et respect\"}]},{\"@type\":\"WebSite\",\"@id\":\"https:\/\/www.uni.lu\/life-fr\/#website\",\"url\":\"https:\/\/www.uni.lu\/life-fr\/\",\"name\":\"Uni.lu\",\"description\":\"Vie sur le campus universitaire\",\"publisher\":{\"@id\":\"https:\/\/www.uni.lu\/life-fr\/#organization\"},\"alternateName\":\"Universit\u00e9 du Luxembourg\",\"potentialAction\":[{\"@type\":\"SearchAction\",\"target\":{\"@type\":\"EntryPoint\",\"urlTemplate\":\"https:\/\/www.uni.lu\/life-fr\/?s={search_term_string}\"},\"query-input\":\"required name=search_term_string\"}],\"inLanguage\":\"fr-FR\"},{\"@type\":\"Organization\",\"@id\":\"https:\/\/www.uni.lu\/life-fr\/#organization\",\"name\":\"Universit\u00e9 du Luxembourg\",\"url\":\"https:\/\/www.uni.lu\/life-fr\/\",\"logo\":{\"@type\":\"ImageObject\",\"inLanguage\":\"fr-FR\",\"@id\":\"https:\/\/www.uni.lu\/life-fr\/#\/schema\/logo\/image\/\",\"url\":\"https:\/\/www.uni.lu\/wp-content\/uploads\/sites\/31\/2026\/03\/03115200\/UNIV_SM-Profile_1600x1600px-scaled.jpg\",\"contentUrl\":\"https:\/\/www.uni.lu\/wp-content\/uploads\/sites\/31\/2026\/03\/03115200\/UNIV_SM-Profile_1600x1600px-scaled.jpg\",\"width\":2560,\"height\":2560,\"caption\":\"Universit\u00e9 du Luxembourg\"},\"image\":{\"@id\":\"https:\/\/www.uni.lu\/life-fr\/#\/schema\/logo\/image\/\"}}]}<\/script>\n<!-- \/ Yoast SEO Premium plugin. -->","yoast_head_json":{"title":"Dignit\u00e9 et respect - Universit\u00e9 du Luxembourg I Uni.lu","description":"\u00c0 l\u2019Universit\u00e9 du Luxembourg, nous nous engageons \u00e0 favoriser une culture de dignit\u00e9 et de respect sur notre campus.","robots":{"index":"index","follow":"follow","max-snippet":"max-snippet:-1","max-image-preview":"max-image-preview:large","max-video-preview":"max-video-preview:-1"},"canonical":"https:\/\/www.uni.lu\/life-fr\/inclusion-bien-etre\/dignite-et-respect\/","og_locale":"fr_FR","og_type":"article","og_title":"Dignit\u00e9 et respect","og_description":"\u00c0 l\u2019Universit\u00e9 du Luxembourg, nous nous engageons \u00e0 favoriser une culture de dignit\u00e9 et de respect sur notre campus.","og_url":"https:\/\/www.uni.lu\/life-fr\/inclusion-bien-etre\/dignite-et-respect\/","og_site_name":"LIFE FR","article_modified_time":"2026-04-08T08:05:50+00:00","og_image":[{"width":2560,"height":2560,"url":"https:\/\/www.uni.lu\/wp-content\/uploads\/sites\/31\/2026\/03\/03115200\/UNIV_SM-Profile_1600x1600px-scaled.jpg","type":"image\/jpeg"}],"twitter_card":"summary_large_image","twitter_misc":{"Dur\u00e9e de lecture estim\u00e9e":"2 minutes"},"schema":{"@context":"https:\/\/schema.org","@graph":[{"@type":"WebPage","@id":"https:\/\/www.uni.lu\/life-fr\/inclusion-bien-etre\/dignite-et-respect\/","url":"https:\/\/www.uni.lu\/life-fr\/inclusion-bien-etre\/dignite-et-respect\/","name":"Dignit\u00e9 et respect - Universit\u00e9 du Luxembourg I Uni.lu","isPartOf":{"@id":"https:\/\/www.uni.lu\/life-fr\/#website"},"datePublished":"2024-05-03T14:17:06+00:00","dateModified":"2026-04-08T08:05:50+00:00","description":"\u00c0 l\u2019Universit\u00e9 du Luxembourg, nous nous engageons \u00e0 favoriser une culture de dignit\u00e9 et de respect sur notre campus.","breadcrumb":{"@id":"https:\/\/www.uni.lu\/life-fr\/inclusion-bien-etre\/dignite-et-respect\/#breadcrumb"},"inLanguage":"fr-FR","potentialAction":[{"@type":"ReadAction","target":["https:\/\/www.uni.lu\/life-fr\/inclusion-bien-etre\/dignite-et-respect\/"]}]},{"@type":"BreadcrumbList","@id":"https:\/\/www.uni.lu\/life-fr\/inclusion-bien-etre\/dignite-et-respect\/#breadcrumb","itemListElement":[{"@type":"ListItem","position":1,"name":"Home","item":"https:\/\/www.uni.lu\/fr"},{"@type":"ListItem","position":2,"name":"Vie sur le campus","item":"https:\/\/www.uni.lu\/life-fr\/"},{"@type":"ListItem","position":3,"name":"Inclusion et bien-\u00eatre","item":"https:\/\/www.uni.lu\/life-fr\/inclusion-bien-etre\/"},{"@type":"ListItem","position":4,"name":"Dignit\u00e9 et respect"}]},{"@type":"WebSite","@id":"https:\/\/www.uni.lu\/life-fr\/#website","url":"https:\/\/www.uni.lu\/life-fr\/","name":"Uni.lu","description":"Vie sur le campus universitaire","publisher":{"@id":"https:\/\/www.uni.lu\/life-fr\/#organization"},"alternateName":"Universit\u00e9 du Luxembourg","potentialAction":[{"@type":"SearchAction","target":{"@type":"EntryPoint","urlTemplate":"https:\/\/www.uni.lu\/life-fr\/?s={search_term_string}"},"query-input":"required name=search_term_string"}],"inLanguage":"fr-FR"},{"@type":"Organization","@id":"https:\/\/www.uni.lu\/life-fr\/#organization","name":"Universit\u00e9 du Luxembourg","url":"https:\/\/www.uni.lu\/life-fr\/","logo":{"@type":"ImageObject","inLanguage":"fr-FR","@id":"https:\/\/www.uni.lu\/life-fr\/#\/schema\/logo\/image\/","url":"https:\/\/www.uni.lu\/wp-content\/uploads\/sites\/31\/2026\/03\/03115200\/UNIV_SM-Profile_1600x1600px-scaled.jpg","contentUrl":"https:\/\/www.uni.lu\/wp-content\/uploads\/sites\/31\/2026\/03\/03115200\/UNIV_SM-Profile_1600x1600px-scaled.jpg","width":2560,"height":2560,"caption":"Universit\u00e9 du Luxembourg"},"image":{"@id":"https:\/\/www.uni.lu\/life-fr\/#\/schema\/logo\/image\/"}}]}},"ticketed":false,"_links":{"self":[{"href":"https:\/\/www.uni.lu\/life-fr\/wp-json\/wp\/v2\/pages\/632"}],"collection":[{"href":"https:\/\/www.uni.lu\/life-fr\/wp-json\/wp\/v2\/pages"}],"about":[{"href":"https:\/\/www.uni.lu\/life-fr\/wp-json\/wp\/v2\/types\/page"}],"author":[{"embeddable":true,"href":"https:\/\/www.uni.lu\/life-fr\/wp-json\/wp\/v2\/users\/75"}],"replies":[{"embeddable":true,"href":"https:\/\/www.uni.lu\/life-fr\/wp-json\/wp\/v2\/comments?post=632"}],"version-history":[{"count":5,"href":"https:\/\/www.uni.lu\/life-fr\/wp-json\/wp\/v2\/pages\/632\/revisions"}],"predecessor-version":[{"id":2505,"href":"https:\/\/www.uni.lu\/life-fr\/wp-json\/wp\/v2\/pages\/632\/revisions\/2505"}],"up":[{"embeddable":true,"href":"https:\/\/www.uni.lu\/life-fr\/wp-json\/wp\/v2\/pages\/630"}],"wp:authorship":[{"embeddable":true,"href":"https:\/\/www.uni.lu\/life-fr\/wp-json\/wp\/v2\/users\/75"},{"embeddable":true,"href":"https:\/\/www.uni.lu\/life-fr\/wp-json\/wp\/v2\/users\/226"},{"embeddable":true,"href":"https:\/\/www.uni.lu\/life-fr\/wp-json\/wp\/v2\/users\/321"}],"wp:attachment":[{"href":"https:\/\/www.uni.lu\/life-fr\/wp-json\/wp\/v2\/media?parent=632"}],"wp:term":[{"taxonomy":"field-of-interest","embeddable":true,"href":"https:\/\/www.uni.lu\/life-fr\/wp-json\/wp\/v2\/field-of-interest?post=632"},{"taxonomy":"organisation","embeddable":true,"href":"https:\/\/www.uni.lu\/life-fr\/wp-json\/wp\/v2\/organisation?post=632"}],"curies":[{"name":"wp","href":"https:\/\/api.w.org\/{rel}","templated":true}]}}