{"id":354,"date":"2024-04-09T09:57:41","date_gmt":"2024-04-09T07:57:41","guid":{"rendered":"https:\/\/www.uni.lu\/life-de\/?page_id=354"},"modified":"2025-07-04T11:39:21","modified_gmt":"2025-07-04T09:39:21","slug":"aufenthaltsgenehmigung","status":"publish","type":"page","link":"https:\/\/www.uni.lu\/life-de\/umzug-nach-luxemburg\/aufenthaltsgenehmigung\/","title":{"rendered":"Aufenthaltsgenehmigung"},"content":{"rendered":"<div class=\"section py-0 static\">\n<section class=\"py-0 wp-block-unilux-blocks-free-section section\"><div class=\"container xl:max-w-screen-xl\"><!-- SecondaryNavigationMirror --><div class=\"js-secondary-nav--sticky wp-block-unilux-blocks-secondary-navigation\" id=\"855f2bb5-8087-4167-af05-0c5ef55bed1a\">\n    <nav id=\"secondary-navigation\" role=\"navigation\" aria-label=\"Secondary menu\" class=\"secondary-nav\">\n        <button class=\"secondary-nav__button btn btn-solid--primary w-full\" aria-expanded=\"false\" aria-controls=\"secondary-navigation__list\" title=\"The selected page is \u00dcbersicht\" type=\"button\">\n            <span class=\"btn__name mr-auto\">\u00dcbersicht<\/span>\n            <svg aria-hidden=\"true\" focusable=\"false\" class=\"icon icon-outline icon--xs\">\n                <use xlink:href=\"https:\/\/www.uni.lu\/wp-content\/themes\/unilux-theme\/assets\/images\/icons\/icons-outline.svg#icon--arrow-down\" \/>\n            <\/svg>\n        <\/button>\n\n        <ul id=\"secondary-navigation__list\" class=\"secondary-nav__list\">\n            <li class=\"secondary-nav__item\">\n    <a href=\"https:\/\/www.uni.lu\/life-de\/umzug-nach-luxemburg\/\" target=\"\" rel=\"noreferrer noopener\" class=\"secondary-nav__link \">\n        <svg aria-hidden=\"true\" focusable=\"false\" class=\"icon icon-outline icon--xs\">\n            <use xlink:href=\"https:\/\/www.uni.lu\/wp-content\/themes\/unilux-theme\/assets\/images\/icons\/icons-outline.svg#icon--arrow-right\" \/>\n        <\/svg>\n        <span class=\"secondary-nav__name\">\u00dcbersicht<\/span>\n    <\/a>\n<\/li>\n<li class=\"secondary-nav__item\">\n    <a href=\"https:\/\/www.uni.lu\/life-de\/umzug-nach-luxemburg\/zum-studieren\/\" target=\"\" rel=\"noreferrer noopener\" class=\"secondary-nav__link \">\n        <svg aria-hidden=\"true\" focusable=\"false\" class=\"icon icon-outline icon--xs\">\n            <use xlink:href=\"https:\/\/www.uni.lu\/wp-content\/themes\/unilux-theme\/assets\/images\/icons\/icons-outline.svg#icon--arrow-right\" \/>\n        <\/svg>\n        <span class=\"secondary-nav__name\">zum Studieren<\/span>\n    <\/a>\n<\/li>\n<li class=\"secondary-nav__item\">\n    <a href=\"https:\/\/www.uni.lu\/life-de\/umzug-nach-luxemburg\/zum-arbeiten\/\" target=\"\" rel=\"noreferrer noopener\" class=\"secondary-nav__link \">\n        <svg aria-hidden=\"true\" focusable=\"false\" class=\"icon icon-outline icon--xs\">\n            <use xlink:href=\"https:\/\/www.uni.lu\/wp-content\/themes\/unilux-theme\/assets\/images\/icons\/icons-outline.svg#icon--arrow-right\" \/>\n        <\/svg>\n        <span class=\"secondary-nav__name\">zum Arbeiten<\/span>\n    <\/a>\n<\/li>\n        <\/ul>\n    <\/nav>\n<\/div>\n<!-- end SecondaryNavigationMirror --><\/div><\/section>\n\n\n\n<section class=\"wp-block-unilux-blocks-free-section section\"><div class=\"container xl:max-w-screen-xl\">\n<p><strong>Studieren in Luxemburg<\/strong><\/p>\n\n\n\n<h1 class=\"has-text-align-left wp-block-unilux-blocks-heading\"        id=\"aufenthaltstitel-und-aufenthaltserlaubnis\"\n    >\nAufenthaltstitel und Aufenthaltserlaubnis<\/h1>\n\n\n\n<p>Detaillierte Informationen finden Sie auf der <a href=\"https:\/\/guichet.public.lu\/de\/citoyens\/immigration\/plus-3-mois\/ressortissant-tiers\/etudiant\/etudiant-pays-tiers.html\" target=\"_blank\" rel=\"noreferrer noopener\">Website des Ministeriums f\u00fcr ausw\u00e4rtige und europ\u00e4ische Angelegenheiten<\/a>.<\/p>\n\n\n\n<p>Bei ihrer Ankunft in Luxemburg m\u00fcssen die Antragsteller:innen ihre vom Ministerium f\u00fcr ausw\u00e4rtige und europ\u00e4ische Angelegenheiten ausgestellte <a href=\"https:\/\/guichet.public.lu\/de\/citoyens\/immigration\/plus-3-mois\/ressortissant-tiers\/etudiant\/etudiant-pays-tiers.html\" target=\"_blank\" rel=\"noreferrer noopener\">vorl\u00e4ufige Aufenthaltsgenehmigung (AST)<\/a> bei der Zulassungsstelle in der Studierendenabteilung vorlegen. Ohne dieses Dokument k\u00f6nnen keine Einschreibungen vorgenommen werden.<\/p>\n\n\n\n<div class=\"icon--primary icon--secondary-2 icon--xl wp-block-unilux-blocks-icon-picker\">\n    <svg aria-hidden=\"true\" focusable=\"false\" class=\"icon icon-outline icon--warning \"><use xlink:href=\"https:\/\/www.uni.lu\/wp-content\/themes\/unilux-theme\/assets\/images\/icons\/icons-outline.svg#icon--warning\"><\/use><\/svg><\/div>\n\n<div class=\"wp-block-unilux-blocks-spacer is-spacer-size-sm\"><\/div>\n\n\n<p>Wenn Sie zugelassen werden, m\u00fcssen Sie ein polizeiliches F\u00fchrungszeugnis beantragen, damit Sie eine Aufenthaltsgenehmigung beantragen k\u00f6nnen. Wir <strong>empfehlen Ihnen dringend<\/strong>, ein <strong>polizeiliches F\u00fchrungszeugnis<\/strong> Ihres Wohnsitzlandes im Voraus zu beantragen, damit das Verfahren beim Au\u00dfenministerium nicht verz\u00f6gert wird. Wir empfehlen Ihnen, dieses Dokument sp\u00e4testens Anfang April anzufordern, auch wenn Sie das Ergebnis Ihrer Bewerbung noch nicht erhalten haben.<\/p>\n\n\n<div class=\"wp-block-unilux-blocks-spacer is-spacer-size-sm\"><\/div>\n\n\n<div class=\"wp-block-unilux-blocks-accordion accordion accordion--theme accordion-standard\" data-reference=\"176956a8-4f0d-4065-9727-1c71526bf031\" data-accordion-type=\"standard\"><div class=\"accordion__item  wp-block-unilux-blocks-accordion-item\">\n    <h3 class=\"accordion__header\"\n        >\n        <button\n            type=\"button\"\n            id=\"accordion-labelledby-1868c26f-b8d0-4879-b970-b75292fc65d0\"\n            class=\"accordion__button collapsed\"\n            aria-expanded=\"false\"\n            aria-controls=\"accordion-panel-1868c26f-b8d0-4879-b970-b75292fc65d0\"\n            data-bs-toggle=\"collapse\"\n            data-bs-target=\"#accordion-panel-1868c26f-b8d0-4879-b970-b75292fc65d0\"\n        >\n            <span class=\"accordion__title\">\n                                <strong>Besondere Informationen f\u00fcr Personen mit Wohnsitz in Kanada, den Vereinigten Staaten von Amerika und Mexiko<\/strong>            <\/span>\n\n            <svg aria-hidden=\"true\" focusable=\"false\" class=\"icon icon-outline icon--arrow-down \"><use xlink:href=\"https:\/\/www.uni.lu\/wp-content\/themes\/unilux-theme\/assets\/images\/icons\/icons-outline.svg#icon--arrow-down\"><\/use><\/svg>        <\/button>\n    <\/h3>\n    <div id=\"accordion-panel-1868c26f-b8d0-4879-b970-b75292fc65d0\"\n        class=\"accordion__collapse collapse\"\n        aria-labelledby=\"accordion-labelledby-1868c26f-b8d0-4879-b970-b75292fc65d0\"\n        data-bs-parent=\"[data-reference=&quot;176956a8-4f0d-4065-9727-1c71526bf031&quot;]\"\n    >\n        <div class=\"accordion__body \">\n            \n<p><strong>Personen mit Wohnsitz in Kanada, den Vereinigten Staaten von Amerika und Mexiko<\/strong> sollten sich direkt an Victoria Vieru wenden:<\/p>\n\n<p>Luxemburgische Botschaft in den Vereinigten Staaten von Amerika<br>2200 Massachusetts Avenue, N.W., Washington D.C., 20008<br>Tel.: (+1) 202 265 4171 \u00b7 Fax (+1) 202 328 8270<br>E-mail: <a href=\"mailto:victoria.vieru@mae.etat.lu\">victoria.vieru@mae.etat.lu<\/a><br>Luxemburgische Botschaft in Washington<\/p>\n        <\/div>\n    <\/div>\n<\/div><\/div>\n\n\n<div class=\"wp-block-unilux-blocks-spacer is-spacer-size-sm\"><\/div>\n\n\n<h2 class=\"has-text-align-left wp-block-unilux-blocks-heading\"        id=\"verlaengerung\"\n    >\nVerl\u00e4ngerung der Aufenthaltsgenehmigung<\/h2>\n\n\n\n<p>Um eine Aufenthaltserlaubnis zu verl\u00e4ngern, m\u00fcssen Nicht-EU-B\u00fcrger:innen einen Antrag bei der <a href=\"https:\/\/guichet.public.lu\/dam-assets\/catalogue-formulaires\/immigration\/document\/tiers\/etudiant\/renouvellement-titre-sejour\/renouvellement-titre-etudiant.pdf\" target=\"_blank\" rel=\"noreferrer noopener\">Direktion f\u00fcr Einwanderung des Ministeriums f\u00fcr ausw\u00e4rtige und europ\u00e4ische Angelegenheiten (Minist\u00e8re des Affaires \u00e9trang\u00e8res et europ\u00e9ennes)<\/a> beantragen.<\/p>\n\n\n\n<p>Sie m\u00fcssen Ihren Antrag auf Verl\u00e4ngerung \u00fcber das daf\u00fcr vorgesehene Formular einreichen, zusammen mit den vom Ministerium vorgegebenen Unterlagen.<\/p>\n\n\n\n<p>Laden Sie das Formular herunter <a href=\"https:\/\/guichet.public.lu\/dam-assets\/catalogue-formulaires\/immigration\/document\/tiers\/titre-sejour\/demande-titre-sejour\/demande-titre-sejour.pdf\" target=\"_blank\" rel=\"noreferrer noopener\">Demande en renouvellement d\u2019un titre de s\u00e9jour pour ressortissant de pays tiers en qualit\u00e9 de \u00ab \u00e9tudiant \u00bb<\/a>.<\/p>\n\n\n\n<ul class=\"wp-block-unilux-blocks-custom-buttons btn-list justify-end\"><li class=\"wp-block-unilux-blocks-custom-button\"    aria-disabled=\"false\"\n    >\n    <a\n        role=\"link\"\n        aria-disabled=\"false\"\n                    href=\"https:\/\/www.uni.lu\/life-de\/umzug-nach-luxemburg\/zum-studieren\/\"\n                target=\"_self\"\n        class=\"btn btn--dark\"\n            >Umzug nach Luxemburg zum Studieren<\/a>\n<\/li>\n<\/ul>\n<\/div><\/section>\n\n\n<section class=\"section section wp-block-unilux-blocks-quick-link-discover-section py-0\">\n    <div class=\"container xl:max-w-screen-xl\">\n        \n<h2 class=\"has-text-align-left wp-block-unilux-blocks-heading\"        id=\"mehr-erfahren\"\n    >\nMehr erfahren<\/h2>\n\n<ul class=\"wp-block-unilux-blocks-quick-link-discover quick-link-list\">\n<li class=\"wp-block-unilux-blocks-quick-link-discover-item\">\n    <a\n                    href=\"https:\/\/www.uni.lu\/life-de\/finanzielle-unterstuetzung\/lebenshaltungskosten\/\"\n                    class=\"quick-link\"\n            target=\"\"\n    >\n            <span class=\"quick-link__container\">\n                <span class=\"quick-link__text\">\n                    Lebenshaltungskosten &amp; Budget                <\/span>\n                <svg aria-hidden=\"true\" focusable=\"false\" class=\"icon icon-outline icon--arrow-right \"><use xlink:href=\"https:\/\/www.uni.lu\/wp-content\/themes\/unilux-theme\/assets\/images\/icons\/icons-outline.svg#icon--arrow-right\"><\/use><\/svg>            <\/span>\n    <\/a>\n<\/li>\n\n\n\n<li class=\"wp-block-unilux-blocks-quick-link-discover-item\">\n    <a\n                    href=\"https:\/\/www.uni.lu\/life-de\/alumni\/\"\n                    class=\"quick-link\"\n            target=\"\"\n    >\n            <span class=\"quick-link__container\">\n                <span class=\"quick-link__text\">\n                    Alumni-Netzwerk                <\/span>\n                <svg aria-hidden=\"true\" focusable=\"false\" class=\"icon icon-outline icon--arrow-right \"><use xlink:href=\"https:\/\/www.uni.lu\/wp-content\/themes\/unilux-theme\/assets\/images\/icons\/icons-outline.svg#icon--arrow-right\"><\/use><\/svg>            <\/span>\n    <\/a>\n<\/li>\n\n\n\n<li class=\"wp-block-unilux-blocks-quick-link-discover-item\">\n    <a\n                    href=\"https:\/\/www.uni.lu\/life-de\/karrierezentrum\/\"\n                    class=\"quick-link\"\n            target=\"\"\n    >\n            <span class=\"quick-link__container\">\n                <span class=\"quick-link__text\">\n                    Verbessern Sie Ihre Jobchancen!                <\/span>\n                <svg aria-hidden=\"true\" focusable=\"false\" class=\"icon icon-outline icon--arrow-right \"><use xlink:href=\"https:\/\/www.uni.lu\/wp-content\/themes\/unilux-theme\/assets\/images\/icons\/icons-outline.svg#icon--arrow-right\"><\/use><\/svg>            <\/span>\n    <\/a>\n<\/li>\n<\/ul>\n    <\/div>\n<\/section><\/div>","protected":false},"excerpt":{"rendered":"","protected":false},"author":337,"featured_media":0,"parent":346,"menu_order":0,"comment_status":"closed","ping_status":"closed","template":"","meta":{"featured_image_focal_point":[],"show_featured_caption":false,"ulux_newsletter_groups":"","uluxPostTitle":"Umzug nach Luxemburg","uluxPrePostTitle":"Weitere Informationen","_trash_the_other_posts":false,"_price":"","_stock":"","_tribe_ticket_header":"","_tribe_default_ticket_provider":"","_tribe_ticket_capacity":"0","_ticket_start_date":"","_ticket_end_date":"","_tribe_ticket_show_description":"","_tribe_ticket_show_not_going":false,"_tribe_ticket_use_global_stock":"","_tribe_ticket_global_stock_level":"","_global_stock_mode":"","_global_stock_cap":"","_tribe_rsvp_for_event":"","_tribe_ticket_going_count":"","_tribe_ticket_not_going_count":"","_tribe_tickets_list":"[]","_tribe_ticket_has_attendee_info_fields":false,"footnotes":""},"field-of-interest":[],"organisation":[],"authorship":[210,337],"acf":[],"yoast_head":"<!-- This site is optimized with the Yoast SEO Premium plugin v22.3 (Yoast SEO v22.3) - https:\/\/yoast.com\/wordpress\/plugins\/seo\/ -->\n<title>Aufenthaltsgenehmigung - Universit\u00e4t Luxemburg I Uni.lu<\/title>\n<meta name=\"robots\" content=\"index, follow, max-snippet:-1, max-image-preview:large, max-video-preview:-1\" \/>\n<link rel=\"canonical\" href=\"https:\/\/www.uni.lu\/life-de\/umzug-nach-luxemburg\/aufenthaltsgenehmigung\/\" \/>\n<meta property=\"og:locale\" content=\"de_DE\" \/>\n<meta property=\"og:type\" content=\"article\" \/>\n<meta property=\"og:title\" content=\"Aufenthaltsgenehmigung\" \/>\n<meta property=\"og:url\" content=\"https:\/\/www.uni.lu\/life-de\/umzug-nach-luxemburg\/aufenthaltsgenehmigung\/\" \/>\n<meta property=\"og:site_name\" content=\"LIFE DE\" \/>\n<meta property=\"article:modified_time\" content=\"2025-07-04T09:39:21+00:00\" \/>\n<meta property=\"og:image\" content=\"https:\/\/www.uni.lu\/wp-content\/uploads\/sites\/30\/2026\/03\/03115231\/UNIV_SM-Profile_1600x1600px-scaled.jpg\" \/>\n\t<meta property=\"og:image:width\" content=\"2560\" \/>\n\t<meta property=\"og:image:height\" content=\"2560\" \/>\n\t<meta property=\"og:image:type\" content=\"image\/jpeg\" \/>\n<meta name=\"twitter:card\" content=\"summary_large_image\" \/>\n<meta name=\"twitter:label1\" content=\"Gesch\u00e4tzte Lesezeit\" \/>\n\t<meta name=\"twitter:data1\" content=\"2 Minuten\" \/>\n<script type=\"application\/ld+json\" class=\"yoast-schema-graph\">{\"@context\":\"https:\/\/schema.org\",\"@graph\":[{\"@type\":\"WebPage\",\"@id\":\"https:\/\/www.uni.lu\/life-de\/umzug-nach-luxemburg\/aufenthaltsgenehmigung\/\",\"url\":\"https:\/\/www.uni.lu\/life-de\/umzug-nach-luxemburg\/aufenthaltsgenehmigung\/\",\"name\":\"Aufenthaltsgenehmigung - Universit\u00e4t Luxemburg I Uni.lu\",\"isPartOf\":{\"@id\":\"https:\/\/www.uni.lu\/life-de\/#website\"},\"datePublished\":\"2024-04-09T07:57:41+00:00\",\"dateModified\":\"2025-07-04T09:39:21+00:00\",\"breadcrumb\":{\"@id\":\"https:\/\/www.uni.lu\/life-de\/umzug-nach-luxemburg\/aufenthaltsgenehmigung\/#breadcrumb\"},\"inLanguage\":\"de-DE\",\"potentialAction\":[{\"@type\":\"ReadAction\",\"target\":[\"https:\/\/www.uni.lu\/life-de\/umzug-nach-luxemburg\/aufenthaltsgenehmigung\/\"]}]},{\"@type\":\"BreadcrumbList\",\"@id\":\"https:\/\/www.uni.lu\/life-de\/umzug-nach-luxemburg\/aufenthaltsgenehmigung\/#breadcrumb\",\"itemListElement\":[{\"@type\":\"ListItem\",\"position\":1,\"name\":\"Home\",\"item\":\"https:\/\/www.uni.lu\/de\"},{\"@type\":\"ListItem\",\"position\":2,\"name\":\"Leben an der Universit\u00e4t\",\"item\":\"https:\/\/www.uni.lu\/life-de\/\"},{\"@type\":\"ListItem\",\"position\":3,\"name\":\"Umzug nach Luxemburg\",\"item\":\"https:\/\/www.uni.lu\/life-de\/umzug-nach-luxemburg\/\"},{\"@type\":\"ListItem\",\"position\":4,\"name\":\"Aufenthaltsgenehmigung\"}]},{\"@type\":\"WebSite\",\"@id\":\"https:\/\/www.uni.lu\/life-de\/#website\",\"url\":\"https:\/\/www.uni.lu\/life-de\/\",\"name\":\"Uni.lu\",\"description\":\"Leben an der Universit\u00e4t Luxemburg\",\"publisher\":{\"@id\":\"https:\/\/www.uni.lu\/life-de\/#organization\"},\"alternateName\":\"Universit\u00e4t Luxemburg I Uni.lu\",\"potentialAction\":[{\"@type\":\"SearchAction\",\"target\":{\"@type\":\"EntryPoint\",\"urlTemplate\":\"https:\/\/www.uni.lu\/life-de\/?s={search_term_string}\"},\"query-input\":\"required name=search_term_string\"}],\"inLanguage\":\"de-DE\"},{\"@type\":\"Organization\",\"@id\":\"https:\/\/www.uni.lu\/life-de\/#organization\",\"name\":\"Universit\u00e4t Luxemburg\",\"alternateName\":\"Uni.lu\",\"url\":\"https:\/\/www.uni.lu\/life-de\/\",\"logo\":{\"@type\":\"ImageObject\",\"inLanguage\":\"de-DE\",\"@id\":\"https:\/\/www.uni.lu\/life-de\/#\/schema\/logo\/image\/\",\"url\":\"https:\/\/www.uni.lu\/wp-content\/uploads\/sites\/30\/2026\/03\/03115231\/UNIV_SM-Profile_1600x1600px-scaled.jpg\",\"contentUrl\":\"https:\/\/www.uni.lu\/wp-content\/uploads\/sites\/30\/2026\/03\/03115231\/UNIV_SM-Profile_1600x1600px-scaled.jpg\",\"width\":2560,\"height\":2560,\"caption\":\"Universit\u00e4t Luxemburg\"},\"image\":{\"@id\":\"https:\/\/www.uni.lu\/life-de\/#\/schema\/logo\/image\/\"},\"description\":\"Leben an der Universit\u00e4t Luxemburg\"}]}<\/script>\n<!-- \/ Yoast SEO Premium plugin. -->","yoast_head_json":{"title":"Aufenthaltsgenehmigung - Universit\u00e4t Luxemburg I Uni.lu","robots":{"index":"index","follow":"follow","max-snippet":"max-snippet:-1","max-image-preview":"max-image-preview:large","max-video-preview":"max-video-preview:-1"},"canonical":"https:\/\/www.uni.lu\/life-de\/umzug-nach-luxemburg\/aufenthaltsgenehmigung\/","og_locale":"de_DE","og_type":"article","og_title":"Aufenthaltsgenehmigung","og_url":"https:\/\/www.uni.lu\/life-de\/umzug-nach-luxemburg\/aufenthaltsgenehmigung\/","og_site_name":"LIFE DE","article_modified_time":"2025-07-04T09:39:21+00:00","og_image":[{"width":2560,"height":2560,"url":"https:\/\/www.uni.lu\/wp-content\/uploads\/sites\/30\/2026\/03\/03115231\/UNIV_SM-Profile_1600x1600px-scaled.jpg","type":"image\/jpeg"}],"twitter_card":"summary_large_image","twitter_misc":{"Gesch\u00e4tzte Lesezeit":"2 Minuten"},"schema":{"@context":"https:\/\/schema.org","@graph":[{"@type":"WebPage","@id":"https:\/\/www.uni.lu\/life-de\/umzug-nach-luxemburg\/aufenthaltsgenehmigung\/","url":"https:\/\/www.uni.lu\/life-de\/umzug-nach-luxemburg\/aufenthaltsgenehmigung\/","name":"Aufenthaltsgenehmigung - Universit\u00e4t Luxemburg I Uni.lu","isPartOf":{"@id":"https:\/\/www.uni.lu\/life-de\/#website"},"datePublished":"2024-04-09T07:57:41+00:00","dateModified":"2025-07-04T09:39:21+00:00","breadcrumb":{"@id":"https:\/\/www.uni.lu\/life-de\/umzug-nach-luxemburg\/aufenthaltsgenehmigung\/#breadcrumb"},"inLanguage":"de-DE","potentialAction":[{"@type":"ReadAction","target":["https:\/\/www.uni.lu\/life-de\/umzug-nach-luxemburg\/aufenthaltsgenehmigung\/"]}]},{"@type":"BreadcrumbList","@id":"https:\/\/www.uni.lu\/life-de\/umzug-nach-luxemburg\/aufenthaltsgenehmigung\/#breadcrumb","itemListElement":[{"@type":"ListItem","position":1,"name":"Home","item":"https:\/\/www.uni.lu\/de"},{"@type":"ListItem","position":2,"name":"Leben an der Universit\u00e4t","item":"https:\/\/www.uni.lu\/life-de\/"},{"@type":"ListItem","position":3,"name":"Umzug nach Luxemburg","item":"https:\/\/www.uni.lu\/life-de\/umzug-nach-luxemburg\/"},{"@type":"ListItem","position":4,"name":"Aufenthaltsgenehmigung"}]},{"@type":"WebSite","@id":"https:\/\/www.uni.lu\/life-de\/#website","url":"https:\/\/www.uni.lu\/life-de\/","name":"Uni.lu","description":"Leben an der Universit\u00e4t Luxemburg","publisher":{"@id":"https:\/\/www.uni.lu\/life-de\/#organization"},"alternateName":"Universit\u00e4t Luxemburg I Uni.lu","potentialAction":[{"@type":"SearchAction","target":{"@type":"EntryPoint","urlTemplate":"https:\/\/www.uni.lu\/life-de\/?s={search_term_string}"},"query-input":"required name=search_term_string"}],"inLanguage":"de-DE"},{"@type":"Organization","@id":"https:\/\/www.uni.lu\/life-de\/#organization","name":"Universit\u00e4t Luxemburg","alternateName":"Uni.lu","url":"https:\/\/www.uni.lu\/life-de\/","logo":{"@type":"ImageObject","inLanguage":"de-DE","@id":"https:\/\/www.uni.lu\/life-de\/#\/schema\/logo\/image\/","url":"https:\/\/www.uni.lu\/wp-content\/uploads\/sites\/30\/2026\/03\/03115231\/UNIV_SM-Profile_1600x1600px-scaled.jpg","contentUrl":"https:\/\/www.uni.lu\/wp-content\/uploads\/sites\/30\/2026\/03\/03115231\/UNIV_SM-Profile_1600x1600px-scaled.jpg","width":2560,"height":2560,"caption":"Universit\u00e4t Luxemburg"},"image":{"@id":"https:\/\/www.uni.lu\/life-de\/#\/schema\/logo\/image\/"},"description":"Leben an der Universit\u00e4t Luxemburg"}]}},"ticketed":false,"_links":{"self":[{"href":"https:\/\/www.uni.lu\/life-de\/wp-json\/wp\/v2\/pages\/354"}],"collection":[{"href":"https:\/\/www.uni.lu\/life-de\/wp-json\/wp\/v2\/pages"}],"about":[{"href":"https:\/\/www.uni.lu\/life-de\/wp-json\/wp\/v2\/types\/page"}],"author":[{"embeddable":true,"href":"https:\/\/www.uni.lu\/life-de\/wp-json\/wp\/v2\/users\/337"}],"replies":[{"embeddable":true,"href":"https:\/\/www.uni.lu\/life-de\/wp-json\/wp\/v2\/comments?post=354"}],"version-history":[{"count":4,"href":"https:\/\/www.uni.lu\/life-de\/wp-json\/wp\/v2\/pages\/354\/revisions"}],"predecessor-version":[{"id":1445,"href":"https:\/\/www.uni.lu\/life-de\/wp-json\/wp\/v2\/pages\/354\/revisions\/1445"}],"up":[{"embeddable":true,"href":"https:\/\/www.uni.lu\/life-de\/wp-json\/wp\/v2\/pages\/346"}],"wp:authorship":[{"embeddable":true,"href":"https:\/\/www.uni.lu\/life-de\/wp-json\/wp\/v2\/users\/210"},{"embeddable":true,"href":"https:\/\/www.uni.lu\/life-de\/wp-json\/wp\/v2\/users\/337"}],"wp:attachment":[{"href":"https:\/\/www.uni.lu\/life-de\/wp-json\/wp\/v2\/media?parent=354"}],"wp:term":[{"taxonomy":"field-of-interest","embeddable":true,"href":"https:\/\/www.uni.lu\/life-de\/wp-json\/wp\/v2\/field-of-interest?post=354"},{"taxonomy":"organisation","embeddable":true,"href":"https:\/\/www.uni.lu\/life-de\/wp-json\/wp\/v2\/organisation?post=354"}],"curies":[{"name":"wp","href":"https:\/\/api.w.org\/{rel}","templated":true}]}}