{"id":6,"date":"2025-07-14T08:56:27","date_gmt":"2025-07-14T07:56:27","guid":{"rendered":"https:\/\/www.uni.lu\/lcses-fr\/?page_id=6"},"modified":"2026-03-03T10:40:06","modified_gmt":"2026-03-03T10:40:06","slug":"lcses","status":"publish","type":"page","link":"https:\/\/www.uni.lu\/lcses-fr\/","title":{"rendered":"Luxembourg Centre for Socio-Environmental Systems (LCSES)"},"content":{"rendered":"\n<section class=\"section no-padding-y wp-block-unilux-blocks-hero\">\n    <div class=\"hero hero--2  \">\n        \n<header class=\"wp-block-unilux-blocks-wrapper hero__header\">\n<div class=\"wp-block-unilux-blocks-wrapper hero__container\">\n<span class=\"hero__title__subject wp-block-unilux-blocks-plain-text\">LCSES<\/span>\n\n\n<h1 class=\"has-text-align-left wp-block-unilux-blocks-heading\"        id=\"innover-pour-la-sante-de-notre-planete\"\n    >\nInnover pour la sant\u00e9 de notre plan\u00e8te <\/h1>\n<\/div>\n<\/header>\n<figure class=\"wp-block-dev4-reusable-blocks-image hero__visual object-fit--cover\">\n    \n<img decoding=\"async\" class=\"wp-block-image unilux-custom-image-block\"\n                alt=\"\"\n            src=\"https:\/\/www.uni.lu\/wp-content\/uploads\/sites\/37\/2025\/07\/14104401\/AdobeStock_443513594_forest-globe_white-scaled-1.jpg\"\n                srcset=\"https:\/\/www.uni.lu\/wp-content\/uploads\/sites\/37\/2025\/07\/14104401\/AdobeStock_443513594_forest-globe_white-scaled-1-300x200.jpg 300w, https:\/\/www.uni.lu\/wp-content\/uploads\/sites\/37\/2025\/07\/14104401\/AdobeStock_443513594_forest-globe_white-scaled-1-1024x683.jpg 1024w, https:\/\/www.uni.lu\/wp-content\/uploads\/sites\/37\/2025\/07\/14104401\/AdobeStock_443513594_forest-globe_white-scaled-1-768x512.jpg 768w, https:\/\/www.uni.lu\/wp-content\/uploads\/sites\/37\/2025\/07\/14104401\/AdobeStock_443513594_forest-globe_white-scaled-1-1536x1024.jpg 1536w, https:\/\/www.uni.lu\/wp-content\/uploads\/sites\/37\/2025\/07\/14104401\/AdobeStock_443513594_forest-globe_white-scaled-1-2048x1366.jpg 2048w\"\n                style=\"object-position: 50.00% 50.00%; font-family: &quot;object-fit: cover; object-position: 50.00% 50.00%;&quot;; aspect-ratio: 16\/9; object-fit: cover; width: 100%;\"\n        loading=\"lazy\"\n\/>    <\/figure>\n<div class=\"wp-block-unilux-blocks-wrapper hero__body\">\n<div class=\"wp-block-unilux-blocks-wrapper hero__container\">\n<p class=\"wp-block-unilux-blocks-plain-text\">Le nouveau Luxembourg Centre for Socio-Environmental Systems (LCSES) vise \u00e0 devenir un laboratoire d\u2019id\u00e9es pour un monde plus durable et \u00e9quitable. Nos chercheurs travailleront sur des solutions \u00e9cologiques, socialement justes et respectueuses de l\u2019environnement adressant les d\u00e9fis les plus pressants auxquels l\u2019humanit\u00e9 et la Terre sont confront\u00e9es.<\/p>\n\n\n<ul class=\"wp-block-unilux-blocks-custom-buttons btn-list\"><li class=\"wp-block-unilux-blocks-custom-button\"    aria-disabled=\"false\"\n    >\n    <a\n        role=\"link\"\n        aria-disabled=\"false\"\n                    href=\"https:\/\/www.uni.lu\/lcses-en\/\"\n                target=\"_self\"\n        class=\"btn btn--primary\"\n            >aller sur le site en anglais<\/a>\n<\/li>\n\n\n<\/ul>\n<\/div>\n<\/div>\n    <\/div>\n<\/section>","protected":false},"excerpt":{"rendered":"","protected":false},"author":44,"featured_media":45,"parent":0,"menu_order":0,"comment_status":"closed","ping_status":"closed","template":"","meta":{"featured_image_focal_point":[],"show_featured_caption":false,"ulux_newsletter_groups":"","uluxPostTitle":"Luxembourg Centre for Socio-Environmental Systems (LCSES)","uluxPrePostTitle":"Centre interdisciplinaire","_trash_the_other_posts":false,"_price":"","_stock":"","_tribe_ticket_header":"","_tribe_default_ticket_provider":"","_tribe_ticket_capacity":"0","_ticket_start_date":"","_ticket_end_date":"","_tribe_ticket_show_description":"","_tribe_ticket_show_not_going":false,"_tribe_ticket_use_global_stock":"","_tribe_ticket_global_stock_level":"","_global_stock_mode":"","_global_stock_cap":"","_tribe_rsvp_for_event":"","_tribe_ticket_going_count":"","_tribe_ticket_not_going_count":"","_tribe_tickets_list":"[]","_tribe_ticket_has_attendee_info_fields":false,"footnotes":""},"field-of-interest":[],"organisation":[],"authorship":[44,65],"acf":[],"yoast_head":"<!-- This site is optimized with the Yoast SEO Premium plugin v22.3 (Yoast SEO v22.3) - https:\/\/yoast.com\/wordpress\/plugins\/seo\/ -->\n<title>Luxembourg Centre for Socio-Environmental Systems (LCSES) - Luxembourg Centre for Socio-Environmental Systems (LCSES) - University of Luxembourg<\/title>\n<meta name=\"description\" content=\"D\u00e9couvrez le Luxembourg Centre for Socio-Environmental Systems (LCSES), un centre de recherche interdisciplinaire d\u00e9di\u00e9 \u00e0 la sant\u00e9 plan\u00e9taire.\" \/>\n<meta name=\"robots\" content=\"index, follow, max-snippet:-1, max-image-preview:large, max-video-preview:-1\" \/>\n<link rel=\"canonical\" href=\"https:\/\/www.uni.lu\/lcses-fr\/\" \/>\n<meta property=\"og:locale\" content=\"fr_FR\" \/>\n<meta property=\"og:type\" content=\"article\" \/>\n<meta property=\"og:title\" content=\"Luxembourg Centre for Socio-Environmental Systems (LCSES)\" \/>\n<meta property=\"og:description\" content=\"D\u00e9couvrez le Luxembourg Centre for Socio-Environmental Systems (LCSES), un centre de recherche interdisciplinaire d\u00e9di\u00e9 \u00e0 la sant\u00e9 plan\u00e9taire.\" \/>\n<meta property=\"og:url\" content=\"https:\/\/www.uni.lu\/lcses-fr\/\" \/>\n<meta property=\"og:site_name\" content=\"LCSES FR\" \/>\n<meta property=\"article:publisher\" content=\"https:\/\/www.facebook.com\/uni.lu\" \/>\n<meta property=\"article:modified_time\" content=\"2026-03-03T10:40:06+00:00\" \/>\n<meta property=\"og:image\" content=\"https:\/\/www.uni.lu\/wp-content\/uploads\/sites\/37\/2026\/03\/03103958\/LCSES_SM-Profile_1600x1600px-scaled.jpg\" \/>\n\t<meta property=\"og:image:width\" content=\"2560\" \/>\n\t<meta property=\"og:image:height\" content=\"2560\" \/>\n\t<meta property=\"og:image:type\" content=\"image\/jpeg\" \/>\n<meta name=\"twitter:card\" content=\"summary_large_image\" \/>\n<meta name=\"twitter:label1\" content=\"Dur\u00e9e de lecture estim\u00e9e\" \/>\n\t<meta name=\"twitter:data1\" content=\"1 minute\" \/>\n<script type=\"application\/ld+json\" class=\"yoast-schema-graph\">{\"@context\":\"https:\/\/schema.org\",\"@graph\":[{\"@type\":\"WebPage\",\"@id\":\"https:\/\/www.uni.lu\/lcses-fr\/\",\"url\":\"https:\/\/www.uni.lu\/lcses-fr\/\",\"name\":\"Luxembourg Centre for Socio-Environmental Systems (LCSES) - Luxembourg Centre for Socio-Environmental Systems (LCSES) - University of Luxembourg\",\"isPartOf\":{\"@id\":\"https:\/\/www.uni.lu\/lcses-fr\/#website\"},\"primaryImageOfPage\":{\"@id\":\"https:\/\/www.uni.lu\/lcses-fr\/#primaryimage\"},\"image\":{\"@id\":\"https:\/\/www.uni.lu\/lcses-fr\/#primaryimage\"},\"thumbnailUrl\":\"https:\/\/www.uni.lu\/wp-content\/uploads\/sites\/37\/2026\/03\/03103958\/LCSES_SM-Profile_1600x1600px-scaled.jpg\",\"datePublished\":\"2025-07-14T07:56:27+00:00\",\"dateModified\":\"2026-03-03T10:40:06+00:00\",\"description\":\"D\u00e9couvrez le Luxembourg Centre for Socio-Environmental Systems (LCSES), un centre de recherche interdisciplinaire d\u00e9di\u00e9 \u00e0 la sant\u00e9 plan\u00e9taire.\",\"breadcrumb\":{\"@id\":\"https:\/\/www.uni.lu\/lcses-fr\/#breadcrumb\"},\"inLanguage\":\"fr-FR\",\"potentialAction\":[{\"@type\":\"ReadAction\",\"target\":[\"https:\/\/www.uni.lu\/lcses-fr\/\"]}]},{\"@type\":\"ImageObject\",\"inLanguage\":\"fr-FR\",\"@id\":\"https:\/\/www.uni.lu\/lcses-fr\/#primaryimage\",\"url\":\"https:\/\/www.uni.lu\/wp-content\/uploads\/sites\/37\/2026\/03\/03103958\/LCSES_SM-Profile_1600x1600px-scaled.jpg\",\"contentUrl\":\"https:\/\/www.uni.lu\/wp-content\/uploads\/sites\/37\/2026\/03\/03103958\/LCSES_SM-Profile_1600x1600px-scaled.jpg\",\"width\":2560,\"height\":2560},{\"@type\":\"BreadcrumbList\",\"@id\":\"https:\/\/www.uni.lu\/lcses-fr\/#breadcrumb\",\"itemListElement\":[{\"@type\":\"ListItem\",\"position\":1,\"name\":\"Home\",\"item\":\"https:\/\/www.uni.lu\/fr\"},{\"@type\":\"ListItem\",\"position\":2,\"name\":\"Home\",\"item\":\"https:\/\/www.uni.lu\/lcses-fr\/\"},{\"@type\":\"ListItem\",\"position\":3,\"name\":\"Luxembourg Centre for Socio-Environmental Systems (LCSES)\"}]},{\"@type\":\"WebSite\",\"@id\":\"https:\/\/www.uni.lu\/lcses-fr\/#website\",\"url\":\"https:\/\/www.uni.lu\/lcses-fr\/\",\"name\":\"Uni.lu\",\"description\":\"Luxembourg Centre for Socio-Environmental Systems\",\"publisher\":{\"@id\":\"https:\/\/www.uni.lu\/lcses-fr\/#organization\"},\"alternateName\":\"University of Luxembourg\",\"potentialAction\":[{\"@type\":\"SearchAction\",\"target\":{\"@type\":\"EntryPoint\",\"urlTemplate\":\"https:\/\/www.uni.lu\/lcses-fr\/?s={search_term_string}\"},\"query-input\":\"required name=search_term_string\"}],\"inLanguage\":\"fr-FR\"},{\"@type\":\"Organization\",\"@id\":\"https:\/\/www.uni.lu\/lcses-fr\/#organization\",\"name\":\"University of Luxembourg\",\"alternateName\":\"Uni.lu\",\"url\":\"https:\/\/www.uni.lu\/lcses-fr\/\",\"logo\":{\"@type\":\"ImageObject\",\"inLanguage\":\"fr-FR\",\"@id\":\"https:\/\/www.uni.lu\/lcses-fr\/#\/schema\/logo\/image\/\",\"url\":\"https:\/\/www.uni.lu\/wp-content\/uploads\/sites\/37\/2026\/03\/03103958\/LCSES_SM-Profile_1600x1600px-scaled.jpg\",\"contentUrl\":\"https:\/\/www.uni.lu\/wp-content\/uploads\/sites\/37\/2026\/03\/03103958\/LCSES_SM-Profile_1600x1600px-scaled.jpg\",\"width\":2560,\"height\":2560,\"caption\":\"University of Luxembourg\"},\"image\":{\"@id\":\"https:\/\/www.uni.lu\/lcses-fr\/#\/schema\/logo\/image\/\"},\"sameAs\":[\"https:\/\/www.facebook.com\/uni.lu\",\"https:\/\/www.linkedin.com\/school\/university-of-luxembourg\/\",\"https:\/\/www.instagram.com\/uni.lu\",\"https:\/\/www.youtube.com\/@uni_lu\",\"https:\/\/en.wikipedia.org\/wiki\/University_of_Luxembourg\"]}]}<\/script>\n<!-- \/ Yoast SEO Premium plugin. -->","yoast_head_json":{"title":"Luxembourg Centre for Socio-Environmental Systems (LCSES) - Luxembourg Centre for Socio-Environmental Systems (LCSES) - University of Luxembourg","description":"D\u00e9couvrez le Luxembourg Centre for Socio-Environmental Systems (LCSES), un centre de recherche interdisciplinaire d\u00e9di\u00e9 \u00e0 la sant\u00e9 plan\u00e9taire.","robots":{"index":"index","follow":"follow","max-snippet":"max-snippet:-1","max-image-preview":"max-image-preview:large","max-video-preview":"max-video-preview:-1"},"canonical":"https:\/\/www.uni.lu\/lcses-fr\/","og_locale":"fr_FR","og_type":"article","og_title":"Luxembourg Centre for Socio-Environmental Systems (LCSES)","og_description":"D\u00e9couvrez le Luxembourg Centre for Socio-Environmental Systems (LCSES), un centre de recherche interdisciplinaire d\u00e9di\u00e9 \u00e0 la sant\u00e9 plan\u00e9taire.","og_url":"https:\/\/www.uni.lu\/lcses-fr\/","og_site_name":"LCSES FR","article_publisher":"https:\/\/www.facebook.com\/uni.lu","article_modified_time":"2026-03-03T10:40:06+00:00","og_image":[{"width":2560,"height":2560,"url":"https:\/\/www.uni.lu\/wp-content\/uploads\/sites\/37\/2026\/03\/03103958\/LCSES_SM-Profile_1600x1600px-scaled.jpg","type":"image\/jpeg"}],"twitter_card":"summary_large_image","twitter_misc":{"Dur\u00e9e de lecture estim\u00e9e":"1 minute"},"schema":{"@context":"https:\/\/schema.org","@graph":[{"@type":"WebPage","@id":"https:\/\/www.uni.lu\/lcses-fr\/","url":"https:\/\/www.uni.lu\/lcses-fr\/","name":"Luxembourg Centre for Socio-Environmental Systems (LCSES) - Luxembourg Centre for Socio-Environmental Systems (LCSES) - University of Luxembourg","isPartOf":{"@id":"https:\/\/www.uni.lu\/lcses-fr\/#website"},"primaryImageOfPage":{"@id":"https:\/\/www.uni.lu\/lcses-fr\/#primaryimage"},"image":{"@id":"https:\/\/www.uni.lu\/lcses-fr\/#primaryimage"},"thumbnailUrl":"https:\/\/www.uni.lu\/wp-content\/uploads\/sites\/37\/2026\/03\/03103958\/LCSES_SM-Profile_1600x1600px-scaled.jpg","datePublished":"2025-07-14T07:56:27+00:00","dateModified":"2026-03-03T10:40:06+00:00","description":"D\u00e9couvrez le Luxembourg Centre for Socio-Environmental Systems (LCSES), un centre de recherche interdisciplinaire d\u00e9di\u00e9 \u00e0 la sant\u00e9 plan\u00e9taire.","breadcrumb":{"@id":"https:\/\/www.uni.lu\/lcses-fr\/#breadcrumb"},"inLanguage":"fr-FR","potentialAction":[{"@type":"ReadAction","target":["https:\/\/www.uni.lu\/lcses-fr\/"]}]},{"@type":"ImageObject","inLanguage":"fr-FR","@id":"https:\/\/www.uni.lu\/lcses-fr\/#primaryimage","url":"https:\/\/www.uni.lu\/wp-content\/uploads\/sites\/37\/2026\/03\/03103958\/LCSES_SM-Profile_1600x1600px-scaled.jpg","contentUrl":"https:\/\/www.uni.lu\/wp-content\/uploads\/sites\/37\/2026\/03\/03103958\/LCSES_SM-Profile_1600x1600px-scaled.jpg","width":2560,"height":2560},{"@type":"BreadcrumbList","@id":"https:\/\/www.uni.lu\/lcses-fr\/#breadcrumb","itemListElement":[{"@type":"ListItem","position":1,"name":"Home","item":"https:\/\/www.uni.lu\/fr"},{"@type":"ListItem","position":2,"name":"Home","item":"https:\/\/www.uni.lu\/lcses-fr\/"},{"@type":"ListItem","position":3,"name":"Luxembourg Centre for Socio-Environmental Systems (LCSES)"}]},{"@type":"WebSite","@id":"https:\/\/www.uni.lu\/lcses-fr\/#website","url":"https:\/\/www.uni.lu\/lcses-fr\/","name":"Uni.lu","description":"Luxembourg Centre for Socio-Environmental Systems","publisher":{"@id":"https:\/\/www.uni.lu\/lcses-fr\/#organization"},"alternateName":"University of Luxembourg","potentialAction":[{"@type":"SearchAction","target":{"@type":"EntryPoint","urlTemplate":"https:\/\/www.uni.lu\/lcses-fr\/?s={search_term_string}"},"query-input":"required name=search_term_string"}],"inLanguage":"fr-FR"},{"@type":"Organization","@id":"https:\/\/www.uni.lu\/lcses-fr\/#organization","name":"University of Luxembourg","alternateName":"Uni.lu","url":"https:\/\/www.uni.lu\/lcses-fr\/","logo":{"@type":"ImageObject","inLanguage":"fr-FR","@id":"https:\/\/www.uni.lu\/lcses-fr\/#\/schema\/logo\/image\/","url":"https:\/\/www.uni.lu\/wp-content\/uploads\/sites\/37\/2026\/03\/03103958\/LCSES_SM-Profile_1600x1600px-scaled.jpg","contentUrl":"https:\/\/www.uni.lu\/wp-content\/uploads\/sites\/37\/2026\/03\/03103958\/LCSES_SM-Profile_1600x1600px-scaled.jpg","width":2560,"height":2560,"caption":"University of Luxembourg"},"image":{"@id":"https:\/\/www.uni.lu\/lcses-fr\/#\/schema\/logo\/image\/"},"sameAs":["https:\/\/www.facebook.com\/uni.lu","https:\/\/www.linkedin.com\/school\/university-of-luxembourg\/","https:\/\/www.instagram.com\/uni.lu","https:\/\/www.youtube.com\/@uni_lu","https:\/\/en.wikipedia.org\/wiki\/University_of_Luxembourg"]}]}},"ticketed":false,"_links":{"self":[{"href":"https:\/\/www.uni.lu\/lcses-fr\/wp-json\/wp\/v2\/pages\/6"}],"collection":[{"href":"https:\/\/www.uni.lu\/lcses-fr\/wp-json\/wp\/v2\/pages"}],"about":[{"href":"https:\/\/www.uni.lu\/lcses-fr\/wp-json\/wp\/v2\/types\/page"}],"author":[{"embeddable":true,"href":"https:\/\/www.uni.lu\/lcses-fr\/wp-json\/wp\/v2\/users\/44"}],"replies":[{"embeddable":true,"href":"https:\/\/www.uni.lu\/lcses-fr\/wp-json\/wp\/v2\/comments?post=6"}],"version-history":[{"count":5,"href":"https:\/\/www.uni.lu\/lcses-fr\/wp-json\/wp\/v2\/pages\/6\/revisions"}],"predecessor-version":[{"id":46,"href":"https:\/\/www.uni.lu\/lcses-fr\/wp-json\/wp\/v2\/pages\/6\/revisions\/46"}],"wp:authorship":[{"embeddable":true,"href":"https:\/\/www.uni.lu\/lcses-fr\/wp-json\/wp\/v2\/users\/44"},{"embeddable":true,"href":"https:\/\/www.uni.lu\/lcses-fr\/wp-json\/wp\/v2\/users\/65"}],"wp:featuredmedia":[{"embeddable":true,"href":"https:\/\/www.uni.lu\/lcses-fr\/wp-json\/wp\/v2\/media\/45"}],"wp:attachment":[{"href":"https:\/\/www.uni.lu\/lcses-fr\/wp-json\/wp\/v2\/media?parent=6"}],"wp:term":[{"taxonomy":"field-of-interest","embeddable":true,"href":"https:\/\/www.uni.lu\/lcses-fr\/wp-json\/wp\/v2\/field-of-interest?post=6"},{"taxonomy":"organisation","embeddable":true,"href":"https:\/\/www.uni.lu\/lcses-fr\/wp-json\/wp\/v2\/organisation?post=6"}],"curies":[{"name":"wp","href":"https:\/\/api.w.org\/{rel}","templated":true}]}}