{"id":86,"date":"2026-01-29T14:42:27","date_gmt":"2026-01-29T13:42:27","guid":{"rendered":"https:\/\/www.uni.lu\/lcel-de\/?page_id=86"},"modified":"2026-02-13T12:25:54","modified_gmt":"2026-02-13T11:25:54","slug":"ueber-uns","status":"publish","type":"page","link":"https:\/\/www.uni.lu\/lcel-de\/ueber-uns\/","title":{"rendered":"\u00dcber uns"},"content":{"rendered":"<div class=\"section py-0 static\">\n<section class=\"py-0 wp-block-unilux-blocks-free-section section\"><div class=\"container xl:max-w-screen-xl\"><div class=\"js-secondary-nav--sticky wp-block-unilux-blocks-secondary-navigation\" id=\"2be400c2-6776-4df1-a01b-9ce00a72922a\">\n    <nav\n        id=\"secondary-navigation\"\n        role=\"navigation\"\n        aria-label=\"Secondary menu\"\n        class=\"secondary-nav\"\n    >\n        <button\n            class=\"secondary-nav__button btn btn-solid--primary w-full\"\n            aria-expanded=\"false\"\n            aria-controls=\"secondary-navigation__list\"\n            title=\"The selected page is \u00dcber uns\"\n            type=\"button\"\n        >\n            <span class=\"btn__name mr-auto\">\u00dcber uns<\/span>\n            <svg aria-hidden=\"true\" focusable=\"false\" class=\"icon icon-outline icon--xs\">\n                <use xlink:href=\"https:\/\/www.uni.lu\/wp-content\/themes\/unilux-theme\/assets\/images\/icons\/icons-outline.svg#icon--arrow-down\" \/>\n            <\/svg>\n        <\/button>\n\n        <ul id=\"secondary-navigation__list\" class=\"secondary-nav__list\">\n            <li class=\"secondary-nav__item\">\n    <a\n        href=\"https:\/\/www.uni.lu\/lcel-de\/\"\n        target=\"\"\n        rel=\"noreferrer noopener\"\n        class=\"secondary-nav__link \"\n            >\n        <svg aria-hidden=\"true\" focusable=\"false\" class=\"icon icon-outline icon--xs\">\n            <use xlink:href=\"https:\/\/www.uni.lu\/wp-content\/themes\/unilux-theme\/assets\/images\/icons\/icons-outline.svg#icon--arrow-right\" \/>\n        <\/svg>\n        <span class=\"secondary-nav__name\">\u00dcbersicht<\/span>\n    <\/a>\n<\/li>\n<li class=\"secondary-nav__item\">\n    <a\n        href=\"https:\/\/www.uni.lu\/lcel-de\/ueber-uns\/\"\n        target=\"\"\n        rel=\"noreferrer noopener\"\n        class=\"secondary-nav__link isactived\"\n        aria-current=\"page\"    >\n        <svg aria-hidden=\"true\" focusable=\"false\" class=\"icon icon-outline icon--xs\">\n            <use xlink:href=\"https:\/\/www.uni.lu\/wp-content\/themes\/unilux-theme\/assets\/images\/icons\/icons-outline.svg#icon--arrow-right\" \/>\n        <\/svg>\n        <span class=\"secondary-nav__name\">\u00dcber uns<\/span>\n    <\/a>\n<\/li>\n<li class=\"secondary-nav__item\">\n    <a\n        href=\"https:\/\/www.uni.lu\/lcel-de\/forschung\/\"\n        target=\"\"\n        rel=\"noreferrer noopener\"\n        class=\"secondary-nav__link \"\n            >\n        <svg aria-hidden=\"true\" focusable=\"false\" class=\"icon icon-outline icon--xs\">\n            <use xlink:href=\"https:\/\/www.uni.lu\/wp-content\/themes\/unilux-theme\/assets\/images\/icons\/icons-outline.svg#icon--arrow-right\" \/>\n        <\/svg>\n        <span class=\"secondary-nav__name\">Forschung<\/span>\n    <\/a>\n<\/li>\n<li class=\"secondary-nav__item\">\n    <a\n        href=\"https:\/\/www.uni.lu\/lcel-de\/unsere-mirarbeiterinnen\/\"\n        target=\"\"\n        rel=\"noreferrer noopener\"\n        class=\"secondary-nav__link \"\n            >\n        <svg aria-hidden=\"true\" focusable=\"false\" class=\"icon icon-outline icon--xs\">\n            <use xlink:href=\"https:\/\/www.uni.lu\/wp-content\/themes\/unilux-theme\/assets\/images\/icons\/icons-outline.svg#icon--arrow-right\" \/>\n        <\/svg>\n        <span class=\"secondary-nav__name\">Unsere Mirarbeiter:innen<\/span>\n    <\/a>\n<\/li>\n<li class=\"secondary-nav__item\">\n    <a\n        href=\"https:\/\/www.uni.lu\/lcel-de\/kontakt\/\"\n        target=\"\"\n        rel=\"noreferrer noopener\"\n        class=\"secondary-nav__link \"\n            >\n        <svg aria-hidden=\"true\" focusable=\"false\" class=\"icon icon-outline icon--xs\">\n            <use xlink:href=\"https:\/\/www.uni.lu\/wp-content\/themes\/unilux-theme\/assets\/images\/icons\/icons-outline.svg#icon--arrow-right\" \/>\n        <\/svg>\n        <span class=\"secondary-nav__name\">Kontakt<\/span>\n    <\/a>\n<\/li>\n        <\/ul>\n    <\/nav>\n<\/div>\n<\/div><\/section>\n\n\n\n<section class=\"wp-block-unilux-blocks-free-section section\"><div class=\"container xl:max-w-screen-xl\">\n<h1 class=\"has-text-align-left wp-block-unilux-blocks-heading\"        id=\"ueber-uns\"\n    >\n\u00dcber uns<\/h1>\n\n\n\n<p>Das Luxembourg Centre for European Law (LCEL) wurde im Januar 2024 gegr\u00fcndet und trat die Nachfolge des MPI Luxembourg for Procedural Law (2012\u20132024) an. Professor Pierre-Henri Conac \u00fcbernahm zun\u00e4chst die Aufgaben des kommissarischen Direktors. Am 1. Oktober 2024 wurde Professor Takis Tridimas zum ersten Direktor des Zentrums ernannt.<br>Derzeit umfasst das LCEL-Team neben dem Direktor zwei Professor:innen (Professorin Joana Mendes und Assoc. Professor Luigi Lonardo), zehn Postdoktorand:innen, sieben Doktorand:innen, ein Research &amp; Development Spezialisten sowie acht Bibliothekar:innen, die die Fachbibliothek betreuen. Dar\u00fcber hinaus wird das Zentrum von vier Verwaltungsangestellten unterst\u00fctzt. Eine weitere Expansion ist f\u00fcr den Zeitraum 2026\u20132027 geplant.<\/p>\n\n\n\n<div class=\"wp-block-columns is-layout-flex wp-block-columns-is-layout-flex\">\n<div class=\"wp-block-column is-layout-flow wp-block-column-is-layout-flow\">\n<h2 class=\"has-text-align-left wp-block-unilux-blocks-heading\"        id=\"unsere-vision\"\n    >\nUnsere Vision<\/h2>\n\n\n\n<p>Das Luxembourg Centre for European Law (LCEL) verfolgt das Ziel, sich als f\u00fchrendes globales Zentrum f\u00fcr die akademische Erforschung des europ\u00e4ischen Rechts zu etablieren. Seine Aufgabe ist es, sowohl theoretische als auch angewandte Forschung zu betreiben. Getragen von wissenschaftlicher Neugier und in voller Unabh\u00e4ngigkeit f\u00f6rdert es den offenen Diskurs, um das Verst\u00e4ndnis f\u00fcr die dr\u00e4ngenden Herausforderungen unserer Zeit zu vertiefen und zu deren L\u00f6sung beizutragen.<br>Wir sch\u00e4tzen sowohl die dogmatische als auch die interdisziplin\u00e4re Forschung und erkennen an, dass sie unterschiedliche Zielgruppen ansprechen. Unsere oberste Priorit\u00e4t liegt darin, herausragende und originelle wissenschaftliche Beitr\u00e4ge zu schaffen.<br>Das LCEL m\u00f6chte ein breites Publikum erreichen: die wissenschaftliche Gemeinschaft ebenso wie politische Entscheidungstr\u00e4ger:innen, Gerichte und die Zivilgesellschaft. Es leistet einen Beitrag zur Entwicklung Luxemburgs als Standort akademischer Exzellenz, engagiert sich in europ\u00e4ischen Debatten zu zentralen Fragen des Rechts und der Politik und entfaltet durch seine richtungsweisende Forschung weltweite Wirkung.<\/p>\n<\/div>\n\n\n\n<div class=\"wp-block-column is-layout-flow wp-block-column-is-layout-flow\">\n<h2 class=\"has-text-align-left wp-block-unilux-blocks-heading\"        id=\"unser-ansatz\"\n    >\nUnser Ansatz<\/h2>\n\n\n\n<p>Wir sind \u00fcberzeugt, dass die Erforschung des europ\u00e4ischen Rechts von Offenheit geleitet sein sollte. Das Verh\u00e4ltnis zwischen dem EU-Recht und seinem Umfeld ist dialektisch: Einerseits k\u00f6nnen Wissenschaftler:innen des EU-Rechts erheblich von anderen Rechtssystemen profitieren, etwa durch die Auseinandersetzung mit der US-amerikanischen Verfassungstheorie oder mit dem Recht internationaler Organisationen. Andererseits betreffen Themen, in denen das europ\u00e4ische Recht stark ist oder einen eigenst\u00e4ndigen Beitrag geleistet hat, nicht nur Europa. Hervorragende Forschung zur EU-Grundrechtecharta etwa ist f\u00fcr Verfassungsrechtler:innen und Menschenrechtsexpert:innen weltweit von Interesse, nicht allein f\u00fcr europ\u00e4ische. Ebenso laden das EU-Umweltrecht oder die europ\u00e4ische Regulierung k\u00fcnstlicher Intelligenz Forscher:innen aus den jeweiligen Fachgebieten zur Auseinandersetzung ein und entfalten globale Resonanz.<br>Das LCEL arbeitet eng mit der Fakult\u00e4t f\u00fcr Rechtswissenschaften der Universit\u00e4t Luxemburg zusammen, sowohl im Rahmen gemeinsamer Forschungsprojekte, bei der Organisation von Veranstaltungen als auch bei der Betreuung von Doktorand:innen. Zudem erf\u00fcllen die Professor:innen des LCEL ihre Lehrverpflichtungen durch die Mitwirkung an den Studienprogrammen der Fakult\u00e4t.<\/p>\n<\/div>\n<\/div>\n<\/div><\/section>\n\n\n\n<section class=\"py-0 wp-block-unilux-blocks-people-centre section\">\n<div class=\"wp-block-unilux-blocks-wrapper container xl:max-w-screen-xl\">\n<h2 class=\"content-card__title has-text-align-left wp-block-unilux-blocks-heading\"        id=\"unsere-mirarbeiterinnen\"\n    >\nUnsere Mirarbeiter:innen<\/h2>\n\n\n\n<div class=\"wp-block-unilux-blocks-wrapper flex flex-wrap -mx-16 xl:-mx-32\">\n<div class=\"wp-block-unilux-blocks-wrapper w-full xl:w-9\/12 px-16 xl:px-32\">\n<h3 class=\"has-text-align-left wp-block-unilux-blocks-heading\"    >\n<\/h3>\n\n\n\n<div class=\"wp-block-unilux-blocks-wrapper flex flex-wrap -mx-16\">\n<div class=\"wp-block-unilux-blocks-wrapper w-full md:w-5\/12 mb-48 px-16\">\n<p>Die gr\u00f6\u00dfte St\u00e4rke des Luxembourg Centre for European Law (LCEL) sind zweifellos seine Mitarbeiter:innen. Hervorgegangen aus dem ehemaligen Max-Planck-Institut Luxemburg versteht sich die LCEL-Gemeinschaft, deren Mitglieder aus aller Welt stammen, als ein Zusammenschluss herausragender Jurist:innen und engagierter Fachkr\u00e4fte mit vielf\u00e4ltigen Hintergr\u00fcnden, geeint durch das gemeinsame Ziel, die Grenzen des europ\u00e4ischen Rechts stetig zu erweitern.<br><br>Unser Team vereint renommierte Rechtswissenschaftler:innen, erfahrene Praktiker:innen und vision\u00e4re F\u00fchrungspers\u00f6nlichkeiten, die ihre einzigartigen Perspektiven und Talente in die Arbeit einbringen.<\/p>\n\n\n\n<ul class=\"wp-block-unilux-blocks-quick-link-underline\">\n    \n<li class=\"wp-block-unilux-blocks-quick-link-underline-item\">\n    <a\n            href=\"https:\/\/www.uni.lu\/lcel-de\/unsere-mirarbeiterinnen\/\"\n            class=\"wp-block-unilux-blocks-anchor\"        target=\"\"\n>\n    \n<span class=\"hero__title__subject wp-block-unilux-blocks-plain-text\">Our people<\/span><svg aria-hidden=\"true\" focusable=\"false\" class=\"icon icon-outline icon--arrow-right \"><use xlink:href=\"https:\/\/www.uni.lu\/wp-content\/themes\/unilux-theme\/assets\/images\/icons\/icons-outline.svg#icon--arrow-right\"><\/use><\/svg><\/a>\n<\/li>\n<\/ul>\n\n\n<ul class=\"wp-block-unilux-blocks-custom-buttons btn-list\"><li class=\"wp-block-unilux-blocks-custom-button\"    aria-disabled=\"false\"\n    >\n    <a\n        role=\"link\"\n        aria-disabled=\"false\"\n                    href=\"https:\/\/www.uni.lu\/lcel-de\/kontakt\/\"\n                target=\"_self\"\n        class=\"btn btn--primary\"\n            >Kontakt uns<\/a>\n<\/li>\n<\/ul>\n<\/div>\n\n\n\n<div class=\"wp-block-unilux-blocks-wrapper w-full md:w-7\/12 mb-48 px-16\"><div class=\"wp-block-unilux-blocks-people-item-automated\"><div class=\"ulux-card card-people bg-theme\"><div class=\"list-people bg-theme\">\n    <div class=\"list-people__container\">\n        <div class=\"list-people__visual\">\n            <figure class=\"wp-block-dev4-reusable-blocks-image\">\n                <!-- Template Image Component: default -->\n<img decoding=\"async\" class=\"w-full\" width=\"\" height=\"\" rel=\"\" alt=\"Prof Takis TRIDIMAS\" src=\"https:\/\/www.uni.lu\/en\/person-image\/NTAwODkwNzNfX1Rha2lzIFRSSURJTUFT\" srcset=\"https:\/\/www.uni.lu\/en\/person-image\/NTAwODkwNzNfX1Rha2lzIFRSSURJTUFT--thumbnail 150w,https:\/\/www.uni.lu\/en\/person-image\/NTAwODkwNzNfX1Rha2lzIFRSSURJTUFT--medium 300w,https:\/\/www.uni.lu\/en\/person-image\/NTAwODkwNzNfX1Rha2lzIFRSSURJTUFT--medium_large 768w,https:\/\/www.uni.lu\/en\/person-image\/NTAwODkwNzNfX1Rha2lzIFRSSURJTUFT--large 1024w,https:\/\/www.uni.lu\/en\/person-image\/NTAwODkwNzNfX1Rha2lzIFRSSURJTUFT--1536x1536 1536w,https:\/\/www.uni.lu\/en\/person-image\/NTAwODkwNzNfX1Rha2lzIFRSSURJTUFT--2048x2048 2048w\" loading=\"lazy\" \/><!-- end Image Component -->\n            <\/figure>\n        <\/div>\n        <div class=\"list-people__body\">\n            <h3 class=\"list-people__title\">Prof Takis TRIDIMAS<\/h3>\n            <p class=\"list-people__description\">Director of Luxembourg Centre for European Law<\/p>\n            <div class=\"wp-block-unilux-blocks-simple-cta wp-block-unilux-blocks-people-item-automated\">\n    <a\n        href=\"https:\/\/www.uni.lu\/lcel-en\/people\/takis-tridimas\/\"\n        title=\"Prof Takis TRIDIMAS\"\n        class=\"link-text link-text--icon list-people__link link-absolute\"\n        target=\"\"\n    >\n        <span class=\"link-text__body\">\n            <span class=\"link-text__name\">Profil anzeigen<\/span>\n        <\/span>\n        <svg aria-hidden=\"true\" focusable=\"false\" class=\"icon icon-outline icon--arrow-right \"><use xlink:href=\"https:\/\/www.uni.lu\/wp-content\/themes\/unilux-theme\/assets\/images\/icons\/icons-outline.svg#icon--arrow-right\"><\/use><\/svg>    <\/a>\n<\/div>\n        <\/div>\n    <\/div>\n<\/div>\n<\/div><\/div><\/div>\n<\/div>\n<\/div>\n\n\n\n<div class=\"wp-block-unilux-blocks-wrapper w-full xl:w-3\/12 px-16 xl:px-32\">\n<h3 class=\"has-text-align-left wp-block-unilux-blocks-heading\"    >\n<\/h3>\n\n\n\n<ul class=\"wp-block-unilux-blocks-facts-figures flex flex-wrap flex-col xs:flex-row xl:flex-col -mx-16\"><li class=\"wp-block-unilux-blocks-facts-figures-item\">\n    \n<div class=\"wp-block-unilux-blocks-wrapper figure-stats\">\n<div class=\"figure-stats__value text-theme wp-block-unilux-blocks-plain-text\"><\/div>\n\n\n<div class=\"figure-stats__description wp-block-unilux-blocks-plain-text\"><\/div><\/div>\n<\/li><\/ul>\n<\/div>\n<\/div>\n<\/div>\n<\/section>\n<\/div>","protected":false},"excerpt":{"rendered":"","protected":false},"author":125,"featured_media":0,"parent":0,"menu_order":2,"comment_status":"closed","ping_status":"closed","template":"","meta":{"featured_image_focal_point":[],"show_featured_caption":false,"ulux_newsletter_groups":"","uluxPostTitle":"Luxembourg Centre for European Law (LCEL)","uluxPrePostTitle":"Interdisziplin\u00e4res Zentrum","_trash_the_other_posts":false,"_price":"","_stock":"","_tribe_ticket_header":"","_tribe_default_ticket_provider":"","_tribe_ticket_capacity":"0","_ticket_start_date":"","_ticket_end_date":"","_tribe_ticket_show_description":"","_tribe_ticket_show_not_going":false,"_tribe_ticket_use_global_stock":"","_tribe_ticket_global_stock_level":"","_global_stock_mode":"","_global_stock_cap":"","_tribe_rsvp_for_event":"","_tribe_ticket_going_count":"","_tribe_ticket_not_going_count":"","_tribe_tickets_list":"[]","_tribe_ticket_has_attendee_info_fields":false,"footnotes":""},"field-of-interest":[],"organisation":[],"authorship":[125],"acf":[],"yoast_head":"<!-- This site is optimized with the Yoast SEO Premium plugin v22.3 (Yoast SEO v22.3) - https:\/\/yoast.com\/wordpress\/plugins\/seo\/ -->\n<title>\u00dcber uns - LCEL - Universit\u00e4t Luxemburg I Uni.lu<\/title>\n<meta name=\"description\" content=\"Das Luxembourg Centre for European Law (LCEL) wurde im Januar 2024 gegr\u00fcndet und trat die Nachfolge des MPI Luxembourg for Procedural Law (2012\u20132024) an. Professor Pierre-Henri Conac \u00fcbernahm zun\u00e4chst die Aufgaben des kommissarischen Direktors. Am 1. Oktober 2024 wurde Professor Takis Tridimas zum ersten Direktor des Zentrums ernannt.\" \/>\n<meta name=\"robots\" content=\"index, follow, max-snippet:-1, max-image-preview:large, max-video-preview:-1\" \/>\n<link rel=\"canonical\" href=\"https:\/\/www.uni.lu\/lcel-de\/ueber-uns\/\" \/>\n<meta property=\"og:locale\" content=\"de_DE\" \/>\n<meta property=\"og:type\" content=\"article\" \/>\n<meta property=\"og:title\" content=\"\u00dcber uns\" \/>\n<meta property=\"og:description\" content=\"Das Luxembourg Centre for European Law (LCEL) wurde im Januar 2024 gegr\u00fcndet und trat die Nachfolge des MPI Luxembourg for Procedural Law (2012\u20132024) an. Professor Pierre-Henri Conac \u00fcbernahm zun\u00e4chst die Aufgaben des kommissarischen Direktors. Am 1. Oktober 2024 wurde Professor Takis Tridimas zum ersten Direktor des Zentrums ernannt.\" \/>\n<meta property=\"og:url\" content=\"https:\/\/www.uni.lu\/lcel-de\/ueber-uns\/\" \/>\n<meta property=\"og:site_name\" content=\"LCEL DE\" \/>\n<meta property=\"article:modified_time\" content=\"2026-02-13T11:25:54+00:00\" \/>\n<meta name=\"twitter:card\" content=\"summary_large_image\" \/>\n<meta name=\"twitter:label1\" content=\"Gesch\u00e4tzte Lesezeit\" \/>\n\t<meta name=\"twitter:data1\" content=\"3 Minuten\" \/>\n<script type=\"application\/ld+json\" class=\"yoast-schema-graph\">{\"@context\":\"https:\/\/schema.org\",\"@graph\":[{\"@type\":\"WebPage\",\"@id\":\"https:\/\/www.uni.lu\/lcel-de\/ueber-uns\/\",\"url\":\"https:\/\/www.uni.lu\/lcel-de\/ueber-uns\/\",\"name\":\"\u00dcber uns - LCEL - Universit\u00e4t Luxemburg I Uni.lu\",\"isPartOf\":{\"@id\":\"https:\/\/www.uni.lu\/lcel-de\/#website\"},\"datePublished\":\"2026-01-29T13:42:27+00:00\",\"dateModified\":\"2026-02-13T11:25:54+00:00\",\"description\":\"Das Luxembourg Centre for European Law (LCEL) wurde im Januar 2024 gegr\u00fcndet und trat die Nachfolge des MPI Luxembourg for Procedural Law (2012\u20132024) an. Professor Pierre-Henri Conac \u00fcbernahm zun\u00e4chst die Aufgaben des kommissarischen Direktors. Am 1. Oktober 2024 wurde Professor Takis Tridimas zum ersten Direktor des Zentrums ernannt.\",\"breadcrumb\":{\"@id\":\"https:\/\/www.uni.lu\/lcel-de\/ueber-uns\/#breadcrumb\"},\"inLanguage\":\"de-DE\",\"potentialAction\":[{\"@type\":\"ReadAction\",\"target\":[\"https:\/\/www.uni.lu\/lcel-de\/ueber-uns\/\"]}]},{\"@type\":\"BreadcrumbList\",\"@id\":\"https:\/\/www.uni.lu\/lcel-de\/ueber-uns\/#breadcrumb\",\"itemListElement\":[{\"@type\":\"ListItem\",\"position\":1,\"name\":\"Home\",\"item\":\"https:\/\/www.uni.lu\/de\"},{\"@type\":\"ListItem\",\"position\":2,\"name\":\"Luxembourg Centre for European Law (LCEL)\",\"item\":\"https:\/\/www.uni.lu\/lcel-de\/\"},{\"@type\":\"ListItem\",\"position\":3,\"name\":\"\u00dcber uns\"}]},{\"@type\":\"WebSite\",\"@id\":\"https:\/\/www.uni.lu\/lcel-de\/#website\",\"url\":\"https:\/\/www.uni.lu\/lcel-de\/\",\"name\":\"LCEL\",\"description\":\"Luxembourg Centre for European Law I Uni.lu\",\"alternateName\":\"Luxembourg Centre for European Law I Universit\u00e4t Luxemburg\",\"potentialAction\":[{\"@type\":\"SearchAction\",\"target\":{\"@type\":\"EntryPoint\",\"urlTemplate\":\"https:\/\/www.uni.lu\/lcel-de\/?s={search_term_string}\"},\"query-input\":\"required name=search_term_string\"}],\"inLanguage\":\"de-DE\"}]}<\/script>\n<!-- \/ Yoast SEO Premium plugin. -->","yoast_head_json":{"title":"\u00dcber uns - LCEL - Universit\u00e4t Luxemburg I Uni.lu","description":"Das Luxembourg Centre for European Law (LCEL) wurde im Januar 2024 gegr\u00fcndet und trat die Nachfolge des MPI Luxembourg for Procedural Law (2012\u20132024) an. Professor Pierre-Henri Conac \u00fcbernahm zun\u00e4chst die Aufgaben des kommissarischen Direktors. Am 1. Oktober 2024 wurde Professor Takis Tridimas zum ersten Direktor des Zentrums ernannt.","robots":{"index":"index","follow":"follow","max-snippet":"max-snippet:-1","max-image-preview":"max-image-preview:large","max-video-preview":"max-video-preview:-1"},"canonical":"https:\/\/www.uni.lu\/lcel-de\/ueber-uns\/","og_locale":"de_DE","og_type":"article","og_title":"\u00dcber uns","og_description":"Das Luxembourg Centre for European Law (LCEL) wurde im Januar 2024 gegr\u00fcndet und trat die Nachfolge des MPI Luxembourg for Procedural Law (2012\u20132024) an. Professor Pierre-Henri Conac \u00fcbernahm zun\u00e4chst die Aufgaben des kommissarischen Direktors. Am 1. Oktober 2024 wurde Professor Takis Tridimas zum ersten Direktor des Zentrums ernannt.","og_url":"https:\/\/www.uni.lu\/lcel-de\/ueber-uns\/","og_site_name":"LCEL DE","article_modified_time":"2026-02-13T11:25:54+00:00","twitter_card":"summary_large_image","twitter_misc":{"Gesch\u00e4tzte Lesezeit":"3 Minuten"},"schema":{"@context":"https:\/\/schema.org","@graph":[{"@type":"WebPage","@id":"https:\/\/www.uni.lu\/lcel-de\/ueber-uns\/","url":"https:\/\/www.uni.lu\/lcel-de\/ueber-uns\/","name":"\u00dcber uns - LCEL - Universit\u00e4t Luxemburg I Uni.lu","isPartOf":{"@id":"https:\/\/www.uni.lu\/lcel-de\/#website"},"datePublished":"2026-01-29T13:42:27+00:00","dateModified":"2026-02-13T11:25:54+00:00","description":"Das Luxembourg Centre for European Law (LCEL) wurde im Januar 2024 gegr\u00fcndet und trat die Nachfolge des MPI Luxembourg for Procedural Law (2012\u20132024) an. Professor Pierre-Henri Conac \u00fcbernahm zun\u00e4chst die Aufgaben des kommissarischen Direktors. Am 1. Oktober 2024 wurde Professor Takis Tridimas zum ersten Direktor des Zentrums ernannt.","breadcrumb":{"@id":"https:\/\/www.uni.lu\/lcel-de\/ueber-uns\/#breadcrumb"},"inLanguage":"de-DE","potentialAction":[{"@type":"ReadAction","target":["https:\/\/www.uni.lu\/lcel-de\/ueber-uns\/"]}]},{"@type":"BreadcrumbList","@id":"https:\/\/www.uni.lu\/lcel-de\/ueber-uns\/#breadcrumb","itemListElement":[{"@type":"ListItem","position":1,"name":"Home","item":"https:\/\/www.uni.lu\/de"},{"@type":"ListItem","position":2,"name":"Luxembourg Centre for European Law (LCEL)","item":"https:\/\/www.uni.lu\/lcel-de\/"},{"@type":"ListItem","position":3,"name":"\u00dcber uns"}]},{"@type":"WebSite","@id":"https:\/\/www.uni.lu\/lcel-de\/#website","url":"https:\/\/www.uni.lu\/lcel-de\/","name":"LCEL","description":"Luxembourg Centre for European Law I Uni.lu","alternateName":"Luxembourg Centre for European Law I Universit\u00e4t Luxemburg","potentialAction":[{"@type":"SearchAction","target":{"@type":"EntryPoint","urlTemplate":"https:\/\/www.uni.lu\/lcel-de\/?s={search_term_string}"},"query-input":"required name=search_term_string"}],"inLanguage":"de-DE"}]}},"ticketed":false,"_links":{"self":[{"href":"https:\/\/www.uni.lu\/lcel-de\/wp-json\/wp\/v2\/pages\/86"}],"collection":[{"href":"https:\/\/www.uni.lu\/lcel-de\/wp-json\/wp\/v2\/pages"}],"about":[{"href":"https:\/\/www.uni.lu\/lcel-de\/wp-json\/wp\/v2\/types\/page"}],"author":[{"embeddable":true,"href":"https:\/\/www.uni.lu\/lcel-de\/wp-json\/wp\/v2\/users\/125"}],"replies":[{"embeddable":true,"href":"https:\/\/www.uni.lu\/lcel-de\/wp-json\/wp\/v2\/comments?post=86"}],"version-history":[{"count":4,"href":"https:\/\/www.uni.lu\/lcel-de\/wp-json\/wp\/v2\/pages\/86\/revisions"}],"predecessor-version":[{"id":116,"href":"https:\/\/www.uni.lu\/lcel-de\/wp-json\/wp\/v2\/pages\/86\/revisions\/116"}],"wp:authorship":[{"embeddable":true,"href":"https:\/\/www.uni.lu\/lcel-de\/wp-json\/wp\/v2\/users\/125"}],"wp:attachment":[{"href":"https:\/\/www.uni.lu\/lcel-de\/wp-json\/wp\/v2\/media?parent=86"}],"wp:term":[{"taxonomy":"field-of-interest","embeddable":true,"href":"https:\/\/www.uni.lu\/lcel-de\/wp-json\/wp\/v2\/field-of-interest?post=86"},{"taxonomy":"organisation","embeddable":true,"href":"https:\/\/www.uni.lu\/lcel-de\/wp-json\/wp\/v2\/organisation?post=86"}],"curies":[{"name":"wp","href":"https:\/\/api.w.org\/{rel}","templated":true}]}}