{"id":8141,"date":"2020-01-13T10:53:06","date_gmt":"2020-01-13T09:53:06","guid":{"rendered":"https:\/\/www.uni.lu\/fr\/events\/exposition-liewen\/"},"modified":"2020-01-13T10:53:06","modified_gmt":"2020-01-13T09:53:06","slug":"exposition-liewen","status":"publish","type":"events","link":"https:\/\/www.uni.lu\/fr\/events\/exposition-liewen\/","title":{"rendered":"Exposition # Liewen"},"content":{"rendered":"<section class=\"wp-block-unilux-blocks-free-section section\"><div class=\"container xl:max-w-screen-xl\"><p>L\u2019association\u00a0Protransplant\u00a0organise une exposition sur le don d&rsquo;organes au Luxembourg.<\/p><p><a href=\"http:\/\/www.protransplant.lu\/\" target=\"_blank\" title=\"\" rel=\"noopener\">Protransplant<\/a> est une association cr\u00e9\u00e9e le 23 octobre 2011 par un groupe de patients, de transplant\u00e9s, de proches et de personnel soignant dans le but de promouvoir le don d\u2019organes au Luxembourg et d\u2019apporter une entraide et un soutien aux transplant\u00e9s, \u00e0 leurs familles et aux patients en attente de greffe. Les principes de l\u2019association sont fond\u00e9s sur la solidarit\u00e9 et l\u2019amiti\u00e9. L\u2019association est plac\u00e9e sous le Haut Patronage de LL.AA.RR. le Grand-Duc et la Grande-Duchesse et est reconnue d\u2019utilit\u00e9 publique depuis 2016.<\/p><\/div><\/section>","protected":false},"excerpt":{"rendered":"<p>L\u2019association\u00a0Protransplant\u00a0organise une exposition sur le don d&rsquo;organes au Luxembourg.<\/p>\n","protected":false},"author":0,"featured_media":8142,"parent":0,"menu_order":0,"comment_status":"open","ping_status":"closed","template":"","format":"standard","meta":{"featured_image_focal_point":[],"show_featured_caption":false,"ulux_newsletter_groups":"","uluxPostTitle":"","uluxPrePostTitle":"","_trash_the_other_posts":false,"_price":"","_stock":"","_tribe_ticket_header":"","_tribe_default_ticket_provider":"","_tribe_ticket_capacity":"0","_ticket_start_date":"","_ticket_end_date":"","_tribe_ticket_show_description":"","_tribe_ticket_show_not_going":false,"_tribe_ticket_use_global_stock":"","_tribe_ticket_global_stock_level":"","_global_stock_mode":"","_global_stock_cap":"","_tribe_rsvp_for_event":"","_tribe_ticket_going_count":"","_tribe_ticket_not_going_count":"","_tribe_tickets_list":"[]","_tribe_ticket_has_attendee_info_fields":false,"event_start_date":"2020-02-17 10:00:00","event_end_date":"2020-03-06 18:00:00","event_speaker_name":"","event_speaker_link":"","event_is_online":false,"event_location":"Campus Belval, Maison du Savoir\r\n2, avenue de l'Universit\u00e9\r\nL-4365 Esch-sur-Alzette","event_street":"","event_location_link":"","event_zip_code":"","event_city":"","event_country":"LU"},"events-topic":[314],"events-type":[327],"organisation":[96,25,226],"authorship":[],"acf":[],"yoast_head":"<!-- This site is optimized with the Yoast SEO Premium plugin v22.3 (Yoast SEO v22.3) - https:\/\/yoast.com\/wordpress\/plugins\/seo\/ -->\n<title>Exposition # Liewen - Universit\u00e9 du Luxembourg<\/title>\n<meta name=\"description\" content=\"L\u2019association\u00a0Protransplant\u00a0organise une exposition sur le don d&#039;organes au Luxembourg.\" \/>\n<meta name=\"robots\" content=\"index, follow, max-snippet:-1, max-image-preview:large, max-video-preview:-1\" \/>\n<link rel=\"canonical\" href=\"https:\/\/www.uni.lu\/fr\/events\/exposition-liewen\/\" \/>\n<meta property=\"og:locale\" content=\"fr_FR\" \/>\n<meta property=\"og:type\" content=\"article\" \/>\n<meta property=\"og:title\" content=\"Exposition # Liewen\" \/>\n<meta property=\"og:description\" content=\"L\u2019association\u00a0Protransplant\u00a0organise une exposition sur le don d&#039;organes au Luxembourg.\" \/>\n<meta property=\"og:url\" content=\"https:\/\/www.uni.lu\/fr\/events\/exposition-liewen\/\" \/>\n<meta property=\"og:site_name\" content=\"UNI FR\" \/>\n<meta property=\"article:publisher\" content=\"https:\/\/www.facebook.com\/uni.lu\" \/>\n<meta property=\"og:image\" content=\"https:\/\/www.uni.lu\/wp-content\/uploads\/sites\/11\/2026\/03\/03120045\/UNIV_SM-Profile_1600x1600px-scaled.jpg\" \/>\n\t<meta property=\"og:image:width\" content=\"2560\" \/>\n\t<meta property=\"og:image:height\" content=\"2560\" \/>\n\t<meta property=\"og:image:type\" content=\"image\/jpeg\" \/>\n<meta name=\"twitter:card\" content=\"summary_large_image\" \/>\n<meta name=\"twitter:label1\" content=\"Dur\u00e9e de lecture estim\u00e9e\" \/>\n\t<meta name=\"twitter:data1\" content=\"1 minute\" \/>\n<script type=\"application\/ld+json\" class=\"yoast-schema-graph\">{\"@context\":\"https:\/\/schema.org\",\"@graph\":[{\"@type\":\"WebPage\",\"@id\":\"https:\/\/www.uni.lu\/fr\/events\/exposition-liewen\/\",\"url\":\"https:\/\/www.uni.lu\/fr\/events\/exposition-liewen\/\",\"name\":\"Exposition # Liewen - Universit\u00e9 du Luxembourg\",\"isPartOf\":{\"@id\":\"https:\/\/www.uni.lu\/fr\/#website\"},\"primaryImageOfPage\":{\"@id\":\"https:\/\/www.uni.lu\/fr\/events\/exposition-liewen\/#primaryimage\"},\"image\":{\"@id\":\"https:\/\/www.uni.lu\/fr\/events\/exposition-liewen\/#primaryimage\"},\"thumbnailUrl\":\"https:\/\/www.uni.lu\/wp-content\/uploads\/sites\/11\/2020\/01\/exposition_liewen.jpg\",\"datePublished\":\"2020-01-13T09:53:06+00:00\",\"dateModified\":\"2020-01-13T09:53:06+00:00\",\"description\":\"L\u2019association\u00a0Protransplant\u00a0organise une exposition sur le don d'organes au Luxembourg.\",\"breadcrumb\":{\"@id\":\"https:\/\/www.uni.lu\/fr\/events\/exposition-liewen\/#breadcrumb\"},\"inLanguage\":\"fr-FR\",\"potentialAction\":[{\"@type\":\"ReadAction\",\"target\":[\"https:\/\/www.uni.lu\/fr\/events\/exposition-liewen\/\"]}]},{\"@type\":\"ImageObject\",\"inLanguage\":\"fr-FR\",\"@id\":\"https:\/\/www.uni.lu\/fr\/events\/exposition-liewen\/#primaryimage\",\"url\":\"https:\/\/www.uni.lu\/wp-content\/uploads\/sites\/11\/2020\/01\/exposition_liewen.jpg\",\"contentUrl\":\"https:\/\/www.uni.lu\/wp-content\/uploads\/sites\/11\/2020\/01\/exposition_liewen.jpg\",\"width\":800,\"height\":600},{\"@type\":\"BreadcrumbList\",\"@id\":\"https:\/\/www.uni.lu\/fr\/events\/exposition-liewen\/#breadcrumb\",\"itemListElement\":[{\"@type\":\"ListItem\",\"position\":1,\"name\":\"Home\",\"item\":\"https:\/\/www.uni.lu\/fr\/\"},{\"@type\":\"ListItem\",\"position\":2,\"name\":\"Events\",\"item\":\"https:\/\/www.uni.lu\/fr\/events\/\"},{\"@type\":\"ListItem\",\"position\":3,\"name\":\"Exposition # Liewen\"}]},{\"@type\":\"WebSite\",\"@id\":\"https:\/\/www.uni.lu\/fr\/#website\",\"url\":\"https:\/\/www.uni.lu\/fr\/\",\"name\":\"Uni.lu\",\"description\":\"Universit\u00e9 du Luxembourg\",\"publisher\":{\"@id\":\"https:\/\/www.uni.lu\/fr\/#organization\"},\"alternateName\":\"Universit\u00e9 du Luxembourg\",\"potentialAction\":[{\"@type\":\"SearchAction\",\"target\":{\"@type\":\"EntryPoint\",\"urlTemplate\":\"https:\/\/www.uni.lu\/fr\/?s={search_term_string}\"},\"query-input\":\"required name=search_term_string\"}],\"inLanguage\":\"fr-FR\"},{\"@type\":\"Organization\",\"@id\":\"https:\/\/www.uni.lu\/fr\/#organization\",\"name\":\"Universit\u00e9 du Luxembourg\",\"alternateName\":\"Uni.lu\",\"url\":\"https:\/\/www.uni.lu\/fr\/\",\"logo\":{\"@type\":\"ImageObject\",\"inLanguage\":\"fr-FR\",\"@id\":\"https:\/\/www.uni.lu\/fr\/#\/schema\/logo\/image\/\",\"url\":\"https:\/\/www.uni.lu\/wp-content\/uploads\/sites\/11\/2026\/03\/03120045\/UNIV_SM-Profile_1600x1600px-scaled.jpg\",\"contentUrl\":\"https:\/\/www.uni.lu\/wp-content\/uploads\/sites\/11\/2026\/03\/03120045\/UNIV_SM-Profile_1600x1600px-scaled.jpg\",\"width\":2560,\"height\":2560,\"caption\":\"Universit\u00e9 du Luxembourg\"},\"image\":\"https:\/\/www.uni.lu\/wp-content\/uploads\/sites\/11\/2026\/04\/24120552\/20200609-Belval-Campus_Henri-Goergen-23.jpg\",\"sameAs\":[\"https:\/\/www.facebook.com\/uni.lu\",\"https:\/\/www.linkedin.com\/school\/university-of-luxembourg\/\",\"https:\/\/www.instagram.com\/uni.lu\",\"https:\/\/www.youtube.com\/@uni_lu\",\"https:\/\/en.wikipedia.org\/wiki\/University_of_Luxembourg\"],\"email\":\"communication@uni.lu\",\"telephone\":\"+352 46 66 44 1\",\"address\":{\"@type\":\"PostalAddress\",\"streetAddress\":\"2, place de l\u2019Universit\u00e9\",\"addressLocality\":\"Esch-sur-Alzette\",\"postalCode\":\"4365\",\"addressCountry\":\"LU\"},\"description\":\"Universit\u00e9 du Luxembourg\"}]}<\/script>\n<!-- \/ Yoast SEO Premium plugin. -->","yoast_head_json":{"title":"Exposition # Liewen - Universit\u00e9 du Luxembourg","description":"L\u2019association\u00a0Protransplant\u00a0organise une exposition sur le don d'organes au Luxembourg.","robots":{"index":"index","follow":"follow","max-snippet":"max-snippet:-1","max-image-preview":"max-image-preview:large","max-video-preview":"max-video-preview:-1"},"canonical":"https:\/\/www.uni.lu\/fr\/events\/exposition-liewen\/","og_locale":"fr_FR","og_type":"article","og_title":"Exposition # Liewen","og_description":"L\u2019association\u00a0Protransplant\u00a0organise une exposition sur le don d'organes au Luxembourg.","og_url":"https:\/\/www.uni.lu\/fr\/events\/exposition-liewen\/","og_site_name":"UNI FR","article_publisher":"https:\/\/www.facebook.com\/uni.lu","og_image":[{"width":2560,"height":2560,"url":"https:\/\/www.uni.lu\/wp-content\/uploads\/sites\/11\/2026\/03\/03120045\/UNIV_SM-Profile_1600x1600px-scaled.jpg","type":"image\/jpeg"}],"twitter_card":"summary_large_image","twitter_misc":{"Dur\u00e9e de lecture estim\u00e9e":"1 minute"},"schema":{"@context":"https:\/\/schema.org","@graph":[{"@type":"WebPage","@id":"https:\/\/www.uni.lu\/fr\/events\/exposition-liewen\/","url":"https:\/\/www.uni.lu\/fr\/events\/exposition-liewen\/","name":"Exposition # Liewen - Universit\u00e9 du Luxembourg","isPartOf":{"@id":"https:\/\/www.uni.lu\/fr\/#website"},"primaryImageOfPage":{"@id":"https:\/\/www.uni.lu\/fr\/events\/exposition-liewen\/#primaryimage"},"image":{"@id":"https:\/\/www.uni.lu\/fr\/events\/exposition-liewen\/#primaryimage"},"thumbnailUrl":"https:\/\/www.uni.lu\/wp-content\/uploads\/sites\/11\/2020\/01\/exposition_liewen.jpg","datePublished":"2020-01-13T09:53:06+00:00","dateModified":"2020-01-13T09:53:06+00:00","description":"L\u2019association\u00a0Protransplant\u00a0organise une exposition sur le don d'organes au Luxembourg.","breadcrumb":{"@id":"https:\/\/www.uni.lu\/fr\/events\/exposition-liewen\/#breadcrumb"},"inLanguage":"fr-FR","potentialAction":[{"@type":"ReadAction","target":["https:\/\/www.uni.lu\/fr\/events\/exposition-liewen\/"]}]},{"@type":"ImageObject","inLanguage":"fr-FR","@id":"https:\/\/www.uni.lu\/fr\/events\/exposition-liewen\/#primaryimage","url":"https:\/\/www.uni.lu\/wp-content\/uploads\/sites\/11\/2020\/01\/exposition_liewen.jpg","contentUrl":"https:\/\/www.uni.lu\/wp-content\/uploads\/sites\/11\/2020\/01\/exposition_liewen.jpg","width":800,"height":600},{"@type":"BreadcrumbList","@id":"https:\/\/www.uni.lu\/fr\/events\/exposition-liewen\/#breadcrumb","itemListElement":[{"@type":"ListItem","position":1,"name":"Home","item":"https:\/\/www.uni.lu\/fr\/"},{"@type":"ListItem","position":2,"name":"Events","item":"https:\/\/www.uni.lu\/fr\/events\/"},{"@type":"ListItem","position":3,"name":"Exposition # Liewen"}]},{"@type":"WebSite","@id":"https:\/\/www.uni.lu\/fr\/#website","url":"https:\/\/www.uni.lu\/fr\/","name":"Uni.lu","description":"Universit\u00e9 du Luxembourg","publisher":{"@id":"https:\/\/www.uni.lu\/fr\/#organization"},"alternateName":"Universit\u00e9 du Luxembourg","potentialAction":[{"@type":"SearchAction","target":{"@type":"EntryPoint","urlTemplate":"https:\/\/www.uni.lu\/fr\/?s={search_term_string}"},"query-input":"required name=search_term_string"}],"inLanguage":"fr-FR"},{"@type":"Organization","@id":"https:\/\/www.uni.lu\/fr\/#organization","name":"Universit\u00e9 du Luxembourg","alternateName":"Uni.lu","url":"https:\/\/www.uni.lu\/fr\/","logo":{"@type":"ImageObject","inLanguage":"fr-FR","@id":"https:\/\/www.uni.lu\/fr\/#\/schema\/logo\/image\/","url":"https:\/\/www.uni.lu\/wp-content\/uploads\/sites\/11\/2026\/03\/03120045\/UNIV_SM-Profile_1600x1600px-scaled.jpg","contentUrl":"https:\/\/www.uni.lu\/wp-content\/uploads\/sites\/11\/2026\/03\/03120045\/UNIV_SM-Profile_1600x1600px-scaled.jpg","width":2560,"height":2560,"caption":"Universit\u00e9 du Luxembourg"},"image":"https:\/\/www.uni.lu\/wp-content\/uploads\/sites\/11\/2026\/04\/24120552\/20200609-Belval-Campus_Henri-Goergen-23.jpg","sameAs":["https:\/\/www.facebook.com\/uni.lu","https:\/\/www.linkedin.com\/school\/university-of-luxembourg\/","https:\/\/www.instagram.com\/uni.lu","https:\/\/www.youtube.com\/@uni_lu","https:\/\/en.wikipedia.org\/wiki\/University_of_Luxembourg"],"email":"communication@uni.lu","telephone":"+352 46 66 44 1","address":{"@type":"PostalAddress","streetAddress":"2, place de l\u2019Universit\u00e9","addressLocality":"Esch-sur-Alzette","postalCode":"4365","addressCountry":"LU"},"description":"Universit\u00e9 du Luxembourg"}]}},"_links":{"self":[{"href":"https:\/\/www.uni.lu\/fr\/wp-json\/wp\/v2\/events\/8141"}],"collection":[{"href":"https:\/\/www.uni.lu\/fr\/wp-json\/wp\/v2\/events"}],"about":[{"href":"https:\/\/www.uni.lu\/fr\/wp-json\/wp\/v2\/types\/events"}],"replies":[{"embeddable":true,"href":"https:\/\/www.uni.lu\/fr\/wp-json\/wp\/v2\/comments?post=8141"}],"version-history":[{"count":0,"href":"https:\/\/www.uni.lu\/fr\/wp-json\/wp\/v2\/events\/8141\/revisions"}],"wp:featuredmedia":[{"embeddable":true,"href":"https:\/\/www.uni.lu\/fr\/wp-json\/wp\/v2\/media\/8142"}],"wp:attachment":[{"href":"https:\/\/www.uni.lu\/fr\/wp-json\/wp\/v2\/media?parent=8141"}],"wp:term":[{"taxonomy":"events-topic","embeddable":true,"href":"https:\/\/www.uni.lu\/fr\/wp-json\/wp\/v2\/events-topic?post=8141"},{"taxonomy":"events-type","embeddable":true,"href":"https:\/\/www.uni.lu\/fr\/wp-json\/wp\/v2\/events-type?post=8141"},{"taxonomy":"organisation","embeddable":true,"href":"https:\/\/www.uni.lu\/fr\/wp-json\/wp\/v2\/organisation?post=8141"}],"curies":[{"name":"wp","href":"https:\/\/api.w.org\/{rel}","templated":true}]}}

<section class="wp-block-unilux-blocks-free-section section"><div class="container xl:max-w-screen-xl"><p>L’association Protransplant organise une exposition sur le don d&rsquo;organes au Luxembourg.</p><p><a href="http://www.protransplant.lu/" target="_blank" title="" rel="noopener">Protransplant</a> est une association créée le 23 octobre 2011 par un groupe de patients, de transplantés, de proches et de personnel soignant dans le but de promouvoir le don d’organes au Luxembourg et d’apporter une entraide et un soutien aux transplantés, à leurs familles et aux patients en attente de greffe. Les principes de l’association sont fondés sur la solidarité et l’amitié. L’association est placée sous le Haut Patronage de LL.AA.RR. le Grand-Duc et la Grande-Duchesse et est reconnue d’utilité publique depuis 2016.</p></div></section>

Campus Belval, Maison du Savoir
2, avenue de l'Université
L-4365 Esch-sur-Alzette

<!-- This site is optimized with the Yoast SEO Premium plugin v22.3 (Yoast SEO v22.3) - https://yoast.com/wordpress/plugins/seo/ -->
<title>Exposition # Liewen - Université du Luxembourg</title>
<meta name="description" content="L’association Protransplant organise une exposition sur le don d&#039;organes au Luxembourg." />
<meta name="robots" content="index, follow, max-snippet:-1, max-image-preview:large, max-video-preview:-1" />
<link rel="canonical" href="https://www.uni.lu/fr/events/exposition-liewen/" />
<meta property="og:locale" content="fr_FR" />
<meta property="og:type" content="article" />
<meta property="og:title" content="Exposition # Liewen" />
<meta property="og:description" content="L’association Protransplant organise une exposition sur le don d&#039;organes au Luxembourg." />
<meta property="og:url" content="https://www.uni.lu/fr/events/exposition-liewen/" />
<meta property="og:site_name" content="UNI FR" />
<meta property="article:publisher" content="https://www.facebook.com/uni.lu" />
<meta property="og:image" content="https://www.uni.lu/wp-content/uploads/sites/11/2026/03/03120045/UNIV_SM-Profile_1600x1600px-scaled.jpg" />
	<meta property="og:image:width" content="2560" />
	<meta property="og:image:height" content="2560" />
	<meta property="og:image:type" content="image/jpeg" />
<meta name="twitter:card" content="summary_large_image" />
<meta name="twitter:label1" content="Durée de lecture estimée" />
	<meta name="twitter:data1" content="1 minute" />
<script type="application/ld+json" class="yoast-schema-graph">{"@context":"https://schema.org","@graph":[{"@type":"WebPage","@id":"https://www.uni.lu/fr/events/exposition-liewen/","url":"https://www.uni.lu/fr/events/exposition-liewen/","name":"Exposition # Liewen - Université du Luxembourg","isPartOf":{"@id":"https://www.uni.lu/fr/#website"},"primaryImageOfPage":{"@id":"https://www.uni.lu/fr/events/exposition-liewen/#primaryimage"},"image":{"@id":"https://www.uni.lu/fr/events/exposition-liewen/#primaryimage"},"thumbnailUrl":"https://www.uni.lu/wp-content/uploads/sites/11/2020/01/exposition_liewen.jpg","datePublished":"2020-01-13T09:53:06+00:00","dateModified":"2020-01-13T09:53:06+00:00","description":"L’association Protransplant organise une exposition sur le don d'organes au Luxembourg.","breadcrumb":{"@id":"https://www.uni.lu/fr/events/exposition-liewen/#breadcrumb"},"inLanguage":"fr-FR","potentialAction":[{"@type":"ReadAction","target":["https://www.uni.lu/fr/events/exposition-liewen/"]}]},{"@type":"ImageObject","inLanguage":"fr-FR","@id":"https://www.uni.lu/fr/events/exposition-liewen/#primaryimage","url":"https://www.uni.lu/wp-content/uploads/sites/11/2020/01/exposition_liewen.jpg","contentUrl":"https://www.uni.lu/wp-content/uploads/sites/11/2020/01/exposition_liewen.jpg","width":800,"height":600},{"@type":"BreadcrumbList","@id":"https://www.uni.lu/fr/events/exposition-liewen/#breadcrumb","itemListElement":[{"@type":"ListItem","position":1,"name":"Home","item":"https://www.uni.lu/fr/"},{"@type":"ListItem","position":2,"name":"Events","item":"https://www.uni.lu/fr/events/"},{"@type":"ListItem","position":3,"name":"Exposition # Liewen"}]},{"@type":"WebSite","@id":"https://www.uni.lu/fr/#website","url":"https://www.uni.lu/fr/","name":"Uni.lu","description":"Université du Luxembourg","publisher":{"@id":"https://www.uni.lu/fr/#organization"},"alternateName":"Université du Luxembourg","potentialAction":[{"@type":"SearchAction","target":{"@type":"EntryPoint","urlTemplate":"https://www.uni.lu/fr/?s={search_term_string}"},"query-input":"required name=search_term_string"}],"inLanguage":"fr-FR"},{"@type":"Organization","@id":"https://www.uni.lu/fr/#organization","name":"Université du Luxembourg","alternateName":"Uni.lu","url":"https://www.uni.lu/fr/","logo":{"@type":"ImageObject","inLanguage":"fr-FR","@id":"https://www.uni.lu/fr/#/schema/logo/image/","url":"https://www.uni.lu/wp-content/uploads/sites/11/2026/03/03120045/UNIV_SM-Profile_1600x1600px-scaled.jpg","contentUrl":"https://www.uni.lu/wp-content/uploads/sites/11/2026/03/03120045/UNIV_SM-Profile_1600x1600px-scaled.jpg","width":2560,"height":2560,"caption":"Université du Luxembourg"},"image":"https://www.uni.lu/wp-content/uploads/sites/11/2026/04/24120552/20200609-Belval-Campus_Henri-Goergen-23.jpg","sameAs":["https://www.facebook.com/uni.lu","https://www.linkedin.com/school/university-of-luxembourg/","https://www.instagram.com/uni.lu","https://www.youtube.com/@uni_lu","https://en.wikipedia.org/wiki/University_of_Luxembourg"],"email":"communication@uni.lu","telephone":"+352 46 66 44 1","address":{"@type":"PostalAddress","streetAddress":"2, place de l’Université","addressLocality":"Esch-sur-Alzette","postalCode":"4365","addressCountry":"LU"},"description":"Université du Luxembourg"}]}</script>
<!-- / Yoast SEO Premium plugin. -->

Exposition # Liewen - Université du Luxembourg

Université du Luxembourg

2, place de l’Université
