{"id":6760,"date":"2018-04-20T13:26:29","date_gmt":"2018-04-20T11:26:29","guid":{"rendered":"https:\/\/www.uni.lu\/fr\/events\/intersections\/"},"modified":"2018-04-20T13:26:29","modified_gmt":"2018-04-20T11:26:29","slug":"intersections","status":"publish","type":"events","link":"https:\/\/www.uni.lu\/fr\/events\/intersections\/","title":{"rendered":"Intersections"},"content":{"rendered":"<section class=\"wp-block-unilux-blocks-free-section section\"><div class=\"container xl:max-w-screen-xl\"><p>Le r\u00f4le des femmes africaines dans la lutte contre les violations des droits des femmes.<\/p><p>Pr\u00e9sentation de Fatou Sow Sarr suivi d&rsquo;une discussion.<\/p><p>Cette soir\u00e9e d\u2019\u00e9change sera bas\u00e9e sur une pr\u00e9sentation de Fatou Sow Sarr, professeur s\u00e9n\u00e9galaise de sociologie et d\u2019anthropologie et directrice du laboratoire genre IFAN de l\u2019Universit\u00e9 Cheikh Anta Diop \u00e0 Dakar et montrera que les mouvements de femmes luttant contre les violations des droits des femmes n\u2019existent pas qu\u2019en Europe ou aux Etats-Unis.<\/p><p>Pendant la pr\u00e9sentation, Prof. Sow Sarr parlera entre autres du r\u00f4le du mouvement f\u00e9ministe africain et du succ\u00e8s et des d\u00e9fis des mouvements de femmes africaines, ainsi que du r\u00f4le que jouent les pays de l\u2019Ouest de l\u2019Europe dans cette lutte commune pour le respect des droits de la femme partout dans le monde. Cette pr\u00e9sentation sera suivie d\u2019une discussion pendant laquelle le public aura la possibilit\u00e9 d\u2019\u00e9changer avec Mme Sow Sarr.<\/p><p>D\u00e9roulement de la soir\u00e9e\u00a0:<\/p><p>18:30 Mots de bienvenue<\/p><p>18:50 Pr\u00e9sentation de Mme Sow Sarr<\/p><p>19:10 Echange et discussion avec la mod\u00e9ration<\/p><p>19:40 Echange et discussion avec le public<\/p><p>20:30 Vin d\u2019honneur<\/p><p>More Information<\/p><\/div><\/section>","protected":false},"excerpt":{"rendered":"<p>Le r\u00f4le des femmes africaines dans la lutte contre les violations des droits des femmes.<\/p>\n","protected":false},"author":0,"featured_media":6761,"parent":0,"menu_order":0,"comment_status":"open","ping_status":"closed","template":"","format":"standard","meta":{"featured_image_focal_point":[],"show_featured_caption":false,"ulux_newsletter_groups":"","uluxPostTitle":"","uluxPrePostTitle":"","_trash_the_other_posts":false,"_price":"","_stock":"","_tribe_ticket_header":"","_tribe_default_ticket_provider":"","_tribe_ticket_capacity":"0","_ticket_start_date":"","_ticket_end_date":"","_tribe_ticket_show_description":"","_tribe_ticket_show_not_going":false,"_tribe_ticket_use_global_stock":"","_tribe_ticket_global_stock_level":"","_global_stock_mode":"","_global_stock_cap":"","_tribe_rsvp_for_event":"","_tribe_ticket_going_count":"","_tribe_ticket_not_going_count":"","_tribe_tickets_list":"[]","_tribe_ticket_has_attendee_info_fields":false,"event_start_date":"2018-05-16 18:30:00","event_end_date":"2018-05-16 21:00:00","event_speaker_name":"","event_speaker_link":"","event_is_online":false,"event_location":"Campus Belval, MSA 3.520","event_street":"","event_location_link":"","event_zip_code":"","event_city":"Esch-sur-Alzette (Belval)","event_country":"LU"},"events-topic":[],"events-type":[],"organisation":[147,226],"authorship":[],"acf":[],"yoast_head":"<!-- This site is optimized with the Yoast SEO Premium plugin v22.3 (Yoast SEO v22.3) - https:\/\/yoast.com\/wordpress\/plugins\/seo\/ -->\n<title>Intersections - Universit\u00e9 du Luxembourg<\/title>\n<meta name=\"description\" content=\"Le r\u00f4le des femmes africaines dans la lutte contre les violations des droits des femmes.\" \/>\n<meta name=\"robots\" content=\"index, follow, max-snippet:-1, max-image-preview:large, max-video-preview:-1\" \/>\n<link rel=\"canonical\" href=\"https:\/\/www.uni.lu\/fr\/events\/intersections\/\" \/>\n<meta property=\"og:locale\" content=\"fr_FR\" \/>\n<meta property=\"og:type\" content=\"article\" \/>\n<meta property=\"og:title\" content=\"Intersections\" \/>\n<meta property=\"og:description\" content=\"Le r\u00f4le des femmes africaines dans la lutte contre les violations des droits des femmes.\" \/>\n<meta property=\"og:url\" content=\"https:\/\/www.uni.lu\/fr\/events\/intersections\/\" \/>\n<meta property=\"og:site_name\" content=\"UNI FR\" \/>\n<meta property=\"article:publisher\" content=\"https:\/\/www.facebook.com\/uni.lu\" \/>\n<meta property=\"og:image\" content=\"https:\/\/www.uni.lu\/wp-content\/uploads\/sites\/11\/2026\/03\/03120045\/UNIV_SM-Profile_1600x1600px-scaled.jpg\" \/>\n\t<meta property=\"og:image:width\" content=\"2560\" \/>\n\t<meta property=\"og:image:height\" content=\"2560\" \/>\n\t<meta property=\"og:image:type\" content=\"image\/jpeg\" \/>\n<meta name=\"twitter:card\" content=\"summary_large_image\" \/>\n<meta name=\"twitter:label1\" content=\"Dur\u00e9e de lecture estim\u00e9e\" \/>\n\t<meta name=\"twitter:data1\" content=\"1 minute\" \/>\n<script type=\"application\/ld+json\" class=\"yoast-schema-graph\">{\"@context\":\"https:\/\/schema.org\",\"@graph\":[{\"@type\":\"WebPage\",\"@id\":\"https:\/\/www.uni.lu\/fr\/events\/intersections\/\",\"url\":\"https:\/\/www.uni.lu\/fr\/events\/intersections\/\",\"name\":\"Intersections - Universit\u00e9 du Luxembourg\",\"isPartOf\":{\"@id\":\"https:\/\/www.uni.lu\/fr\/#website\"},\"primaryImageOfPage\":{\"@id\":\"https:\/\/www.uni.lu\/fr\/events\/intersections\/#primaryimage\"},\"image\":{\"@id\":\"https:\/\/www.uni.lu\/fr\/events\/intersections\/#primaryimage\"},\"thumbnailUrl\":\"https:\/\/www.uni.lu\/wp-content\/uploads\/sites\/11\/2018\/04\/intersections.jpg\",\"datePublished\":\"2018-04-20T11:26:29+00:00\",\"dateModified\":\"2018-04-20T11:26:29+00:00\",\"description\":\"Le r\u00f4le des femmes africaines dans la lutte contre les violations des droits des femmes.\",\"breadcrumb\":{\"@id\":\"https:\/\/www.uni.lu\/fr\/events\/intersections\/#breadcrumb\"},\"inLanguage\":\"fr-FR\",\"potentialAction\":[{\"@type\":\"ReadAction\",\"target\":[\"https:\/\/www.uni.lu\/fr\/events\/intersections\/\"]}]},{\"@type\":\"ImageObject\",\"inLanguage\":\"fr-FR\",\"@id\":\"https:\/\/www.uni.lu\/fr\/events\/intersections\/#primaryimage\",\"url\":\"https:\/\/www.uni.lu\/wp-content\/uploads\/sites\/11\/2018\/04\/intersections.jpg\",\"contentUrl\":\"https:\/\/www.uni.lu\/wp-content\/uploads\/sites\/11\/2018\/04\/intersections.jpg\",\"width\":600,\"height\":600},{\"@type\":\"BreadcrumbList\",\"@id\":\"https:\/\/www.uni.lu\/fr\/events\/intersections\/#breadcrumb\",\"itemListElement\":[{\"@type\":\"ListItem\",\"position\":1,\"name\":\"Home\",\"item\":\"https:\/\/www.uni.lu\/fr\/\"},{\"@type\":\"ListItem\",\"position\":2,\"name\":\"Events\",\"item\":\"https:\/\/www.uni.lu\/fr\/events\/\"},{\"@type\":\"ListItem\",\"position\":3,\"name\":\"Intersections\"}]},{\"@type\":\"WebSite\",\"@id\":\"https:\/\/www.uni.lu\/fr\/#website\",\"url\":\"https:\/\/www.uni.lu\/fr\/\",\"name\":\"Uni.lu\",\"description\":\"Universit\u00e9 du Luxembourg\",\"publisher\":{\"@id\":\"https:\/\/www.uni.lu\/fr\/#organization\"},\"alternateName\":\"Universit\u00e9 du Luxembourg\",\"potentialAction\":[{\"@type\":\"SearchAction\",\"target\":{\"@type\":\"EntryPoint\",\"urlTemplate\":\"https:\/\/www.uni.lu\/fr\/?s={search_term_string}\"},\"query-input\":\"required name=search_term_string\"}],\"inLanguage\":\"fr-FR\"},{\"@type\":\"Organization\",\"@id\":\"https:\/\/www.uni.lu\/fr\/#organization\",\"name\":\"Universit\u00e9 du Luxembourg\",\"alternateName\":\"Uni.lu\",\"url\":\"https:\/\/www.uni.lu\/fr\/\",\"logo\":{\"@type\":\"ImageObject\",\"inLanguage\":\"fr-FR\",\"@id\":\"https:\/\/www.uni.lu\/fr\/#\/schema\/logo\/image\/\",\"url\":\"https:\/\/www.uni.lu\/wp-content\/uploads\/sites\/11\/2026\/03\/03120045\/UNIV_SM-Profile_1600x1600px-scaled.jpg\",\"contentUrl\":\"https:\/\/www.uni.lu\/wp-content\/uploads\/sites\/11\/2026\/03\/03120045\/UNIV_SM-Profile_1600x1600px-scaled.jpg\",\"width\":2560,\"height\":2560,\"caption\":\"Universit\u00e9 du Luxembourg\"},\"image\":\"https:\/\/www.uni.lu\/wp-content\/uploads\/sites\/11\/2026\/04\/24120552\/20200609-Belval-Campus_Henri-Goergen-23.jpg\",\"sameAs\":[\"https:\/\/www.facebook.com\/uni.lu\",\"https:\/\/www.linkedin.com\/school\/university-of-luxembourg\/\",\"https:\/\/www.instagram.com\/uni.lu\",\"https:\/\/www.youtube.com\/@uni_lu\",\"https:\/\/en.wikipedia.org\/wiki\/University_of_Luxembourg\"],\"email\":\"communication@uni.lu\",\"telephone\":\"+352 46 66 44 1\",\"address\":{\"@type\":\"PostalAddress\",\"streetAddress\":\"2, place de l\u2019Universit\u00e9\",\"addressLocality\":\"Esch-sur-Alzette\",\"postalCode\":\"4365\",\"addressCountry\":\"LU\"},\"description\":\"Universit\u00e9 du Luxembourg\"}]}<\/script>\n<!-- \/ Yoast SEO Premium plugin. -->","yoast_head_json":{"title":"Intersections - Universit\u00e9 du Luxembourg","description":"Le r\u00f4le des femmes africaines dans la lutte contre les violations des droits des femmes.","robots":{"index":"index","follow":"follow","max-snippet":"max-snippet:-1","max-image-preview":"max-image-preview:large","max-video-preview":"max-video-preview:-1"},"canonical":"https:\/\/www.uni.lu\/fr\/events\/intersections\/","og_locale":"fr_FR","og_type":"article","og_title":"Intersections","og_description":"Le r\u00f4le des femmes africaines dans la lutte contre les violations des droits des femmes.","og_url":"https:\/\/www.uni.lu\/fr\/events\/intersections\/","og_site_name":"UNI FR","article_publisher":"https:\/\/www.facebook.com\/uni.lu","og_image":[{"width":2560,"height":2560,"url":"https:\/\/www.uni.lu\/wp-content\/uploads\/sites\/11\/2026\/03\/03120045\/UNIV_SM-Profile_1600x1600px-scaled.jpg","type":"image\/jpeg"}],"twitter_card":"summary_large_image","twitter_misc":{"Dur\u00e9e de lecture estim\u00e9e":"1 minute"},"schema":{"@context":"https:\/\/schema.org","@graph":[{"@type":"WebPage","@id":"https:\/\/www.uni.lu\/fr\/events\/intersections\/","url":"https:\/\/www.uni.lu\/fr\/events\/intersections\/","name":"Intersections - Universit\u00e9 du Luxembourg","isPartOf":{"@id":"https:\/\/www.uni.lu\/fr\/#website"},"primaryImageOfPage":{"@id":"https:\/\/www.uni.lu\/fr\/events\/intersections\/#primaryimage"},"image":{"@id":"https:\/\/www.uni.lu\/fr\/events\/intersections\/#primaryimage"},"thumbnailUrl":"https:\/\/www.uni.lu\/wp-content\/uploads\/sites\/11\/2018\/04\/intersections.jpg","datePublished":"2018-04-20T11:26:29+00:00","dateModified":"2018-04-20T11:26:29+00:00","description":"Le r\u00f4le des femmes africaines dans la lutte contre les violations des droits des femmes.","breadcrumb":{"@id":"https:\/\/www.uni.lu\/fr\/events\/intersections\/#breadcrumb"},"inLanguage":"fr-FR","potentialAction":[{"@type":"ReadAction","target":["https:\/\/www.uni.lu\/fr\/events\/intersections\/"]}]},{"@type":"ImageObject","inLanguage":"fr-FR","@id":"https:\/\/www.uni.lu\/fr\/events\/intersections\/#primaryimage","url":"https:\/\/www.uni.lu\/wp-content\/uploads\/sites\/11\/2018\/04\/intersections.jpg","contentUrl":"https:\/\/www.uni.lu\/wp-content\/uploads\/sites\/11\/2018\/04\/intersections.jpg","width":600,"height":600},{"@type":"BreadcrumbList","@id":"https:\/\/www.uni.lu\/fr\/events\/intersections\/#breadcrumb","itemListElement":[{"@type":"ListItem","position":1,"name":"Home","item":"https:\/\/www.uni.lu\/fr\/"},{"@type":"ListItem","position":2,"name":"Events","item":"https:\/\/www.uni.lu\/fr\/events\/"},{"@type":"ListItem","position":3,"name":"Intersections"}]},{"@type":"WebSite","@id":"https:\/\/www.uni.lu\/fr\/#website","url":"https:\/\/www.uni.lu\/fr\/","name":"Uni.lu","description":"Universit\u00e9 du Luxembourg","publisher":{"@id":"https:\/\/www.uni.lu\/fr\/#organization"},"alternateName":"Universit\u00e9 du Luxembourg","potentialAction":[{"@type":"SearchAction","target":{"@type":"EntryPoint","urlTemplate":"https:\/\/www.uni.lu\/fr\/?s={search_term_string}"},"query-input":"required name=search_term_string"}],"inLanguage":"fr-FR"},{"@type":"Organization","@id":"https:\/\/www.uni.lu\/fr\/#organization","name":"Universit\u00e9 du Luxembourg","alternateName":"Uni.lu","url":"https:\/\/www.uni.lu\/fr\/","logo":{"@type":"ImageObject","inLanguage":"fr-FR","@id":"https:\/\/www.uni.lu\/fr\/#\/schema\/logo\/image\/","url":"https:\/\/www.uni.lu\/wp-content\/uploads\/sites\/11\/2026\/03\/03120045\/UNIV_SM-Profile_1600x1600px-scaled.jpg","contentUrl":"https:\/\/www.uni.lu\/wp-content\/uploads\/sites\/11\/2026\/03\/03120045\/UNIV_SM-Profile_1600x1600px-scaled.jpg","width":2560,"height":2560,"caption":"Universit\u00e9 du Luxembourg"},"image":"https:\/\/www.uni.lu\/wp-content\/uploads\/sites\/11\/2026\/04\/24120552\/20200609-Belval-Campus_Henri-Goergen-23.jpg","sameAs":["https:\/\/www.facebook.com\/uni.lu","https:\/\/www.linkedin.com\/school\/university-of-luxembourg\/","https:\/\/www.instagram.com\/uni.lu","https:\/\/www.youtube.com\/@uni_lu","https:\/\/en.wikipedia.org\/wiki\/University_of_Luxembourg"],"email":"communication@uni.lu","telephone":"+352 46 66 44 1","address":{"@type":"PostalAddress","streetAddress":"2, place de l\u2019Universit\u00e9","addressLocality":"Esch-sur-Alzette","postalCode":"4365","addressCountry":"LU"},"description":"Universit\u00e9 du Luxembourg"}]}},"_links":{"self":[{"href":"https:\/\/www.uni.lu\/fr\/wp-json\/wp\/v2\/events\/6760"}],"collection":[{"href":"https:\/\/www.uni.lu\/fr\/wp-json\/wp\/v2\/events"}],"about":[{"href":"https:\/\/www.uni.lu\/fr\/wp-json\/wp\/v2\/types\/events"}],"replies":[{"embeddable":true,"href":"https:\/\/www.uni.lu\/fr\/wp-json\/wp\/v2\/comments?post=6760"}],"version-history":[{"count":0,"href":"https:\/\/www.uni.lu\/fr\/wp-json\/wp\/v2\/events\/6760\/revisions"}],"wp:featuredmedia":[{"embeddable":true,"href":"https:\/\/www.uni.lu\/fr\/wp-json\/wp\/v2\/media\/6761"}],"wp:attachment":[{"href":"https:\/\/www.uni.lu\/fr\/wp-json\/wp\/v2\/media?parent=6760"}],"wp:term":[{"taxonomy":"events-topic","embeddable":true,"href":"https:\/\/www.uni.lu\/fr\/wp-json\/wp\/v2\/events-topic?post=6760"},{"taxonomy":"events-type","embeddable":true,"href":"https:\/\/www.uni.lu\/fr\/wp-json\/wp\/v2\/events-type?post=6760"},{"taxonomy":"organisation","embeddable":true,"href":"https:\/\/www.uni.lu\/fr\/wp-json\/wp\/v2\/organisation?post=6760"}],"curies":[{"name":"wp","href":"https:\/\/api.w.org\/{rel}","templated":true}]}}

<section class="wp-block-unilux-blocks-free-section section"><div class="container xl:max-w-screen-xl"><p>Le rôle des femmes africaines dans la lutte contre les violations des droits des femmes.</p><p>Présentation de Fatou Sow Sarr suivi d&rsquo;une discussion.</p><p>Cette soirée d’échange sera basée sur une présentation de Fatou Sow Sarr, professeur sénégalaise de sociologie et d’anthropologie et directrice du laboratoire genre IFAN de l’Université Cheikh Anta Diop à Dakar et montrera que les mouvements de femmes luttant contre les violations des droits des femmes n’existent pas qu’en Europe ou aux Etats-Unis.</p><p>Pendant la présentation, Prof. Sow Sarr parlera entre autres du rôle du mouvement féministe africain et du succès et des défis des mouvements de femmes africaines, ainsi que du rôle que jouent les pays de l’Ouest de l’Europe dans cette lutte commune pour le respect des droits de la femme partout dans le monde. Cette présentation sera suivie d’une discussion pendant laquelle le public aura la possibilité d’échanger avec Mme Sow Sarr.</p><p>Déroulement de la soirée :</p><p>18:30 Mots de bienvenue</p><p>18:50 Présentation de Mme Sow Sarr</p><p>19:10 Echange et discussion avec la modération</p><p>19:40 Echange et discussion avec le public</p><p>20:30 Vin d’honneur</p><p>More Information</p></div></section>

<p>Le rôle des femmes africaines dans la lutte contre les violations des droits des femmes.</p>

<!-- This site is optimized with the Yoast SEO Premium plugin v22.3 (Yoast SEO v22.3) - https://yoast.com/wordpress/plugins/seo/ -->
<title>Intersections - Université du Luxembourg</title>
<meta name="description" content="Le rôle des femmes africaines dans la lutte contre les violations des droits des femmes." />
<meta name="robots" content="index, follow, max-snippet:-1, max-image-preview:large, max-video-preview:-1" />
<link rel="canonical" href="https://www.uni.lu/fr/events/intersections/" />
<meta property="og:locale" content="fr_FR" />
<meta property="og:type" content="article" />
<meta property="og:title" content="Intersections" />
<meta property="og:description" content="Le rôle des femmes africaines dans la lutte contre les violations des droits des femmes." />
<meta property="og:url" content="https://www.uni.lu/fr/events/intersections/" />
<meta property="og:site_name" content="UNI FR" />
<meta property="article:publisher" content="https://www.facebook.com/uni.lu" />
<meta property="og:image" content="https://www.uni.lu/wp-content/uploads/sites/11/2026/03/03120045/UNIV_SM-Profile_1600x1600px-scaled.jpg" />
	<meta property="og:image:width" content="2560" />
	<meta property="og:image:height" content="2560" />
	<meta property="og:image:type" content="image/jpeg" />
<meta name="twitter:card" content="summary_large_image" />
<meta name="twitter:label1" content="Durée de lecture estimée" />
	<meta name="twitter:data1" content="1 minute" />
<script type="application/ld+json" class="yoast-schema-graph">{"@context":"https://schema.org","@graph":[{"@type":"WebPage","@id":"https://www.uni.lu/fr/events/intersections/","url":"https://www.uni.lu/fr/events/intersections/","name":"Intersections - Université du Luxembourg","isPartOf":{"@id":"https://www.uni.lu/fr/#website"},"primaryImageOfPage":{"@id":"https://www.uni.lu/fr/events/intersections/#primaryimage"},"image":{"@id":"https://www.uni.lu/fr/events/intersections/#primaryimage"},"thumbnailUrl":"https://www.uni.lu/wp-content/uploads/sites/11/2018/04/intersections.jpg","datePublished":"2018-04-20T11:26:29+00:00","dateModified":"2018-04-20T11:26:29+00:00","description":"Le rôle des femmes africaines dans la lutte contre les violations des droits des femmes.","breadcrumb":{"@id":"https://www.uni.lu/fr/events/intersections/#breadcrumb"},"inLanguage":"fr-FR","potentialAction":[{"@type":"ReadAction","target":["https://www.uni.lu/fr/events/intersections/"]}]},{"@type":"ImageObject","inLanguage":"fr-FR","@id":"https://www.uni.lu/fr/events/intersections/#primaryimage","url":"https://www.uni.lu/wp-content/uploads/sites/11/2018/04/intersections.jpg","contentUrl":"https://www.uni.lu/wp-content/uploads/sites/11/2018/04/intersections.jpg","width":600,"height":600},{"@type":"BreadcrumbList","@id":"https://www.uni.lu/fr/events/intersections/#breadcrumb","itemListElement":[{"@type":"ListItem","position":1,"name":"Home","item":"https://www.uni.lu/fr/"},{"@type":"ListItem","position":2,"name":"Events","item":"https://www.uni.lu/fr/events/"},{"@type":"ListItem","position":3,"name":"Intersections"}]},{"@type":"WebSite","@id":"https://www.uni.lu/fr/#website","url":"https://www.uni.lu/fr/","name":"Uni.lu","description":"Université du Luxembourg","publisher":{"@id":"https://www.uni.lu/fr/#organization"},"alternateName":"Université du Luxembourg","potentialAction":[{"@type":"SearchAction","target":{"@type":"EntryPoint","urlTemplate":"https://www.uni.lu/fr/?s={search_term_string}"},"query-input":"required name=search_term_string"}],"inLanguage":"fr-FR"},{"@type":"Organization","@id":"https://www.uni.lu/fr/#organization","name":"Université du Luxembourg","alternateName":"Uni.lu","url":"https://www.uni.lu/fr/","logo":{"@type":"ImageObject","inLanguage":"fr-FR","@id":"https://www.uni.lu/fr/#/schema/logo/image/","url":"https://www.uni.lu/wp-content/uploads/sites/11/2026/03/03120045/UNIV_SM-Profile_1600x1600px-scaled.jpg","contentUrl":"https://www.uni.lu/wp-content/uploads/sites/11/2026/03/03120045/UNIV_SM-Profile_1600x1600px-scaled.jpg","width":2560,"height":2560,"caption":"Université du Luxembourg"},"image":"https://www.uni.lu/wp-content/uploads/sites/11/2026/04/24120552/20200609-Belval-Campus_Henri-Goergen-23.jpg","sameAs":["https://www.facebook.com/uni.lu","https://www.linkedin.com/school/university-of-luxembourg/","https://www.instagram.com/uni.lu","https://www.youtube.com/@uni_lu","https://en.wikipedia.org/wiki/University_of_Luxembourg"],"email":"communication@uni.lu","telephone":"+352 46 66 44 1","address":{"@type":"PostalAddress","streetAddress":"2, place de l’Université","addressLocality":"Esch-sur-Alzette","postalCode":"4365","addressCountry":"LU"},"description":"Université du Luxembourg"}]}</script>
<!-- / Yoast SEO Premium plugin. -->

Intersections - Université du Luxembourg

Le rôle des femmes africaines dans la lutte contre les violations des droits des femmes.

Université du Luxembourg

2, place de l’Université
