{"version":"1.0","provider_name":"UNI FR","provider_url":"https:\/\/www.uni.lu\/fr","author_name":"UNI FR","author_url":"https:\/\/www.uni.lu\/fr","title":"Le Luxembourg se positionne sur les CivicTechs","type":"rich","width":600,"height":338,"html":"<blockquote class=\"wp-embedded-content\" data-secret=\"OKjDDpMh7t\"><a href=\"https:\/\/www.uni.lu\/fr\/news\/le-luxembourg-se-positionne-sur-les-civictechs\/\">Le Luxembourg se positionne sur les CivicTechs<\/a><\/blockquote><iframe sandbox=\"allow-scripts\" security=\"restricted\" src=\"https:\/\/www.uni.lu\/fr\/news\/le-luxembourg-se-positionne-sur-les-civictechs\/embed\/#?secret=OKjDDpMh7t\" width=\"600\" height=\"338\" title=\"\u00ab\u00a0Le Luxembourg se positionne sur les CivicTechs\u00a0\u00bb &#8212; UNI FR\" data-secret=\"OKjDDpMh7t\" frameborder=\"0\" marginwidth=\"0\" marginheight=\"0\" scrolling=\"no\" class=\"wp-embedded-content\"><\/iframe><script>\n\/*! This file is auto-generated *\/\n!function(c,d){\"use strict\";var e=!1,o=!1;if(d.querySelector)if(c.addEventListener)e=!0;if(c.wp=c.wp||{},c.wp.receiveEmbedMessage);else if(c.wp.receiveEmbedMessage=function(e){var t=e.data;if(!t);else if(!(t.secret||t.message||t.value));else if(\/[^a-zA-Z0-9]\/.test(t.secret));else{for(var r,s,a,i=d.querySelectorAll('iframe[data-secret=\"'+t.secret+'\"]'),n=d.querySelectorAll('blockquote[data-secret=\"'+t.secret+'\"]'),o=new RegExp(\"^https?:$\",\"i\"),l=0;l<n.length;l++)n[l].style.display=\"none\";for(l=0;l<i.length;l++)if(r=i[l],e.source!==r.contentWindow);else{if(r.removeAttribute(\"style\"),\"height\"===t.message){if(1e3<(s=parseInt(t.value,10)))s=1e3;else if(~~s<200)s=200;r.height=s}if(\"link\"===t.message)if(s=d.createElement(\"a\"),a=d.createElement(\"a\"),s.href=r.getAttribute(\"src\"),a.href=t.value,!o.test(a.protocol));else if(a.host===s.host)if(d.activeElement===r)c.top.location.href=t.value}}},e)c.addEventListener(\"message\",c.wp.receiveEmbedMessage,!1),d.addEventListener(\"DOMContentLoaded\",t,!1),c.addEventListener(\"load\",t,!1);function t(){if(o);else{o=!0;for(var e,t,r,s=-1!==navigator.appVersion.indexOf(\"MSIE 10\"),a=!!navigator.userAgent.match(\/Trident.*rv:11\\.\/),i=d.querySelectorAll(\"iframe.wp-embedded-content\"),n=0;n<i.length;n++){if(!(r=(t=i[n]).getAttribute(\"data-secret\")))r=Math.random().toString(36).substr(2,10),t.src+=\"#?secret=\"+r,t.setAttribute(\"data-secret\",r);if(s||a)(e=t.cloneNode(!0)).removeAttribute(\"security\"),t.parentNode.replaceChild(e,t);t.contentWindow.postMessage({message:\"ready\",secret:r},\"*\")}}}}(window,document);\n<\/script>\n","description":"Dans le cadre du plan d\u2019action national 2019-2021 de l\u2019OGP (Open Government Partnership), \u00e0 travers duquel l\u2019Etat luxembourgeois s\u2019est fix\u00e9 6 plans d\u2019action visant \u00e0 promouvoir la transparence et la participation citoyenne, ETICC et l\u2019Universit\u00e9 du Luxembourg ont sign\u00e9 une convention avec le Minist\u00e8re d\u2019Etat visant \u00e0 promouvoir l\u2019utilisation des technologies participatives (CivicTech) dans les processus d\u00e9mocratiques (plan d\u2019action n\u00b05). Les activit\u00e9s men\u00e9es dans le cade de la convention visent valoriser les initiatives citoyennes au Luxembourg et la Grande R\u00e9gion, et encourager des jeunes entrepreneurs \u00e0 d\u00e9velopper leur propre start-up CivicTech au service du bien commun.","thumbnail_url":"https:\/\/www.uni.lu\/wp-content\/uploads\/sites\/11\/2021\/06\/le_luxembourg_se_positionne_sur_les_civictechs.jpg","thumbnail_width":800,"thumbnail_height":600}

Dans le cadre du plan d’action national 2019-2021 de l’OGP (Open Government Partnership), à travers duquel l’Etat luxembourgeois s’est fixé 6 plans d’action visant à promouvoir la transparence et la participation citoyenne, ETICC et l’Université du Luxembourg ont signé une convention avec le Ministère d’Etat visant à promouvoir l’utilisation des technologies participatives (CivicTech) dans les processus démocratiques (plan d’action n°5). Les activités menées dans le cade de la convention visent valoriser les initiatives citoyennes au Luxembourg et la Grande Région, et encourager des jeunes entrepreneurs à développer leur propre start-up CivicTech au service du bien commun.
