{"version":"1.0","provider_name":"UNI FR","provider_url":"https:\/\/www.uni.lu\/fr","author_name":"UNI FR","author_url":"https:\/\/www.uni.lu\/fr","title":"RETOUR DE LA FRONTIERE - Rencontre publique artiste\/chercheurs","type":"rich","width":600,"height":338,"html":"<blockquote class=\"wp-embedded-content\" data-secret=\"soYjtzXqSq\"><a href=\"https:\/\/www.uni.lu\/fr\/events\/retour-de-la-frontiere-rencontre-publique-artiste-chercheurs\/\">RETOUR DE LA FRONTIERE &#8211; Rencontre publique artiste\/chercheurs<\/a><\/blockquote><iframe sandbox=\"allow-scripts\" security=\"restricted\" src=\"https:\/\/www.uni.lu\/fr\/events\/retour-de-la-frontiere-rencontre-publique-artiste-chercheurs\/embed\/#?secret=soYjtzXqSq\" width=\"600\" height=\"338\" title=\"\u00ab\u00a0RETOUR DE LA FRONTIERE &#8211; Rencontre publique artiste\/chercheurs\u00a0\u00bb &#8212; UNI FR\" data-secret=\"soYjtzXqSq\" frameborder=\"0\" marginwidth=\"0\" marginheight=\"0\" scrolling=\"no\" class=\"wp-embedded-content\"><\/iframe><script>\n\/*! This file is auto-generated *\/\n!function(c,d){\"use strict\";var e=!1,o=!1;if(d.querySelector)if(c.addEventListener)e=!0;if(c.wp=c.wp||{},c.wp.receiveEmbedMessage);else if(c.wp.receiveEmbedMessage=function(e){var t=e.data;if(!t);else if(!(t.secret||t.message||t.value));else if(\/[^a-zA-Z0-9]\/.test(t.secret));else{for(var r,s,a,i=d.querySelectorAll('iframe[data-secret=\"'+t.secret+'\"]'),n=d.querySelectorAll('blockquote[data-secret=\"'+t.secret+'\"]'),o=new RegExp(\"^https?:$\",\"i\"),l=0;l<n.length;l++)n[l].style.display=\"none\";for(l=0;l<i.length;l++)if(r=i[l],e.source!==r.contentWindow);else{if(r.removeAttribute(\"style\"),\"height\"===t.message){if(1e3<(s=parseInt(t.value,10)))s=1e3;else if(~~s<200)s=200;r.height=s}if(\"link\"===t.message)if(s=d.createElement(\"a\"),a=d.createElement(\"a\"),s.href=r.getAttribute(\"src\"),a.href=t.value,!o.test(a.protocol));else if(a.host===s.host)if(d.activeElement===r)c.top.location.href=t.value}}},e)c.addEventListener(\"message\",c.wp.receiveEmbedMessage,!1),d.addEventListener(\"DOMContentLoaded\",t,!1),c.addEventListener(\"load\",t,!1);function t(){if(o);else{o=!0;for(var e,t,r,s=-1!==navigator.appVersion.indexOf(\"MSIE 10\"),a=!!navigator.userAgent.match(\/Trident.*rv:11\\.\/),i=d.querySelectorAll(\"iframe.wp-embedded-content\"),n=0;n<i.length;n++){if(!(r=(t=i[n]).getAttribute(\"data-secret\")))r=Math.random().toString(36).substr(2,10),t.src+=\"#?secret=\"+r,t.setAttribute(\"data-secret\",r);if(s||a)(e=t.cloneNode(!0)).removeAttribute(\"security\"),t.parentNode.replaceChild(e,t);t.contentWindow.postMessage({message:\"ready\",secret:r},\"*\")}}}}(window,document);\n<\/script>\n","thumbnail_url":"https:\/\/www.uni.lu\/wp-content\/uploads\/sites\/11\/2026\/03\/03120045\/UNIV_SM-Profile_1600x1600px-scaled.jpg","thumbnail_width":2560,"thumbnail_height":2560,"description":"\"Explorer physiquement la fronti\u00e8re, c'est la questionner... Pour certains, les fronti\u00e8res sont facilement franchissables. Pour d'autres, elles sont symboles d'exclusion\"Partant de ces pr\u00e9alables, l\u2019artiste Clio Van Aerde explore \u00e0 pied, depuis le 9 juin, le trac\u00e9 exact de la fronti\u00e8re qui s\u00e9pare le Luxembourg de l\u2019Allemagne, de la Belgique et de la France, avec comme point de d\u00e9part et d'arriv\u00e9e la ville de Schengen.Cette rencontre du 11 juillet sera l'occasion d'un \u00e9change sur cette exp\u00e9rience et r\u00e9unira Clio Van Aerde et chercheurs en g\u00e9ographie \u00e0 L'Universit\u00e9 du Luxembourg, Estelle Evrard et Cyril Blondel, qui conduisent actuellement un travail de recherche sur la fronti\u00e8re Lorraine-Luxembourg.S\u2019inscrivant dans la pratique du Walking art, ce projet questionne la nature des fronti\u00e8res en les explorant physiquement et \u00e0 \u00e9chelle humaine. Il a pour but de mettre en lumi\u00e8re les privil\u00e8ges et les inconv\u00e9nients qu\u2019un individu peut rencontrer, par exemple, lorsqu\u2019il d\u00e9tient un certain passeport ou un autre. Certains individus m\u00e8nent une vie de plus en plus nomade o\u00f9 les fronti\u00e8res semblent s\u2019effacer, alors que pour d\u2019autres, ces m\u00eames fronti\u00e8res sont des lignes qui restent infranchissables. Parfois, le corps se trouve physiquement limit\u00e9 alors que les technologies actuelles semblent s\u2019affranchir de ses limites. Par son approche volontairement na\u00efve, on line questionne les contrastes qui marquent le quotidien dans notre soci\u00e9t\u00e9 contemporaine.\"Ce voyage de quatre semaines a \u00e9t\u00e9 retrac\u00e9 en temps r\u00e9el au Mudam et sur Internet : online.cliovanaerde.com.Plus d'infos sur la performance: https:\/\/wwwfr.uni.lu\/flashase\/actualites\/performance_on_lineAvec le soutien de :\u00a0L\u2019\u0152uvre Nationale de Secours Grande-Duchesse CharlotteEn collaboration avec\u00a0:\u00a0Mudam Luxembourg \u2013\u00a0Mus\u00e9e d\u2019Art Moderne Grand-Duc Jean et de l'Universit\u00e9 du Luxembourg\u00c9quipement technologique :\u00a0Motion-S\u00c9quipement technique :\u00a0SaturnMise \u00e0 disposition de donn\u00e9es cartographiques :\u00a0Administration du Cadastre et de la Topographie, LuxembourgDocumentaire :\u00a0Catherine DauphinConseil artistique :\u00a0Camille ChanelLa collaboration avec l\u2019Universit\u00e9 du Luxembourg s\u2019inscrit dans cadre du projet RELOCAL (Resituating the Local in Cohesion and Territorial Development) financ\u00e9 par le programme de recherche et d\u2019innovation de l\u2019Union Europ\u00e9enne\u00a0Horizon 2020. Convention de subvention N\u00ba 727097Photo \u00a9Clio Van Aerde"}

"Explorer physiquement la frontière, c'est la questionner... Pour certains, les frontières sont facilement franchissables. Pour d'autres, elles sont symboles d'exclusion"Partant de ces préalables, l’artiste Clio Van Aerde explore à pied, depuis le 9 juin, le tracé exact de la frontière qui sépare le Luxembourg de l’Allemagne, de la Belgique et de la France, avec comme point de départ et d'arrivée la ville de Schengen.Cette rencontre du 11 juillet sera l'occasion d'un échange sur cette expérience et réunira Clio Van Aerde et chercheurs en géographie à L'Université du Luxembourg, Estelle Evrard et Cyril Blondel, qui conduisent actuellement un travail de recherche sur la frontière Lorraine-Luxembourg.S’inscrivant dans la pratique du Walking art, ce projet questionne la nature des frontières en les explorant physiquement et à échelle humaine. Il a pour but de mettre en lumière les privilèges et les inconvénients qu’un individu peut rencontrer, par exemple, lorsqu’il détient un certain passeport ou un autre. Certains individus mènent une vie de plus en plus nomade où les frontières semblent s’effacer, alors que pour d’autres, ces mêmes frontières sont des lignes qui restent infranchissables. Parfois, le corps se trouve physiquement limité alors que les technologies actuelles semblent s’affranchir de ses limites. Par son approche volontairement naïve, on line questionne les contrastes qui marquent le quotidien dans notre société contemporaine."Ce voyage de quatre semaines a été retracé en temps réel au Mudam et sur Internet : online.cliovanaerde.com.Plus d'infos sur la performance: https://wwwfr.uni.lu/flashase/actualites/performance_on_lineAvec le soutien de : L’Œuvre Nationale de Secours Grande-Duchesse CharlotteEn collaboration avec : Mudam Luxembourg – Musée d’Art Moderne Grand-Duc Jean et de l'Université du LuxembourgÉquipement technologique : Motion-SÉquipement technique : SaturnMise à disposition de données cartographiques : Administration du Cadastre et de la Topographie, LuxembourgDocumentaire : Catherine DauphinConseil artistique : Camille ChanelLa collaboration avec l’Université du Luxembourg s’inscrit dans cadre du projet RELOCAL (Resituating the Local in Cohesion and Territorial Development) financé par le programme de recherche et d’innovation de l’Union Européenne Horizon 2020. Convention de subvention Nº 727097Photo ©Clio Van Aerde
