{"version":"1.0","provider_name":"UNI FR","provider_url":"https:\/\/www.uni.lu\/fr","author_name":"UNI FR","author_url":"https:\/\/www.uni.lu\/fr","title":"Colloque franco-allemand \"Apprendre et enseigner la musique\"","type":"rich","width":600,"height":338,"html":"<blockquote class=\"wp-embedded-content\" data-secret=\"onm0IkE1Vr\"><a href=\"https:\/\/www.uni.lu\/fr\/events\/colloque-franco-allemand-apprendre-et-enseigner-la-musique\/\">Colloque franco-allemand \u00ab\u00a0Apprendre et enseigner la musique\u00a0\u00bb<\/a><\/blockquote><iframe sandbox=\"allow-scripts\" security=\"restricted\" src=\"https:\/\/www.uni.lu\/fr\/events\/colloque-franco-allemand-apprendre-et-enseigner-la-musique\/embed\/#?secret=onm0IkE1Vr\" width=\"600\" height=\"338\" title=\"\u00ab\u00a0Colloque franco-allemand \u00ab\u00a0Apprendre et enseigner la musique\u00a0\u00bb\u00a0\u00bb &#8212; UNI FR\" data-secret=\"onm0IkE1Vr\" frameborder=\"0\" marginwidth=\"0\" marginheight=\"0\" scrolling=\"no\" class=\"wp-embedded-content\"><\/iframe><script>\n\/*! This file is auto-generated *\/\n!function(c,d){\"use strict\";var e=!1,o=!1;if(d.querySelector)if(c.addEventListener)e=!0;if(c.wp=c.wp||{},c.wp.receiveEmbedMessage);else if(c.wp.receiveEmbedMessage=function(e){var t=e.data;if(!t);else if(!(t.secret||t.message||t.value));else if(\/[^a-zA-Z0-9]\/.test(t.secret));else{for(var r,s,a,i=d.querySelectorAll('iframe[data-secret=\"'+t.secret+'\"]'),n=d.querySelectorAll('blockquote[data-secret=\"'+t.secret+'\"]'),o=new RegExp(\"^https?:$\",\"i\"),l=0;l<n.length;l++)n[l].style.display=\"none\";for(l=0;l<i.length;l++)if(r=i[l],e.source!==r.contentWindow);else{if(r.removeAttribute(\"style\"),\"height\"===t.message){if(1e3<(s=parseInt(t.value,10)))s=1e3;else if(~~s<200)s=200;r.height=s}if(\"link\"===t.message)if(s=d.createElement(\"a\"),a=d.createElement(\"a\"),s.href=r.getAttribute(\"src\"),a.href=t.value,!o.test(a.protocol));else if(a.host===s.host)if(d.activeElement===r)c.top.location.href=t.value}}},e)c.addEventListener(\"message\",c.wp.receiveEmbedMessage,!1),d.addEventListener(\"DOMContentLoaded\",t,!1),c.addEventListener(\"load\",t,!1);function t(){if(o);else{o=!0;for(var e,t,r,s=-1!==navigator.appVersion.indexOf(\"MSIE 10\"),a=!!navigator.userAgent.match(\/Trident.*rv:11\\.\/),i=d.querySelectorAll(\"iframe.wp-embedded-content\"),n=0;n<i.length;n++){if(!(r=(t=i[n]).getAttribute(\"data-secret\")))r=Math.random().toString(36).substr(2,10),t.src+=\"#?secret=\"+r,t.setAttribute(\"data-secret\",r);if(s||a)(e=t.cloneNode(!0)).removeAttribute(\"security\"),t.parentNode.replaceChild(e,t);t.contentWindow.postMessage({message:\"ready\",secret:r},\"*\")}}}}(window,document);\n<\/script>\n","thumbnail_url":"https:\/\/www.uni.lu\/wp-content\/uploads\/sites\/11\/2026\/03\/03120045\/UNIV_SM-Profile_1600x1600px-scaled.jpg","thumbnail_width":2560,"thumbnail_height":2560,"description":"Les termes \"enseignement\" et \"apprentissage\" sont g\u00e9n\u00e9ralement associ\u00e9s l'un \u00e0 l'autre dans un rapport de causalit\u00e9. L'\"enseignement\" concerne les concepts et les attitudes p\u00e9dagogiques de l'enseignant, qui sont \u00e0 la base de l'\"apprentissage\" et dont les effets entrent en jeu avec les r\u00e9sultats d'apprentissage des apprenants. Le fait que tout enseignement soit \u00e9galement un apprentissage, que l'apprentissage et l'enseignement se conditionnent mutuellement et se distinguent l'un de l'autre, sera examin\u00e9 de plus pr\u00e8s dans le cadre de cette conf\u00e9rence en tenant compte de l'enseignement de la musique. Ce dernier doit \u00eatre compris comme un enseignement de la musique qui prend en compte aussi bien la musique dans l'enseignement g\u00e9n\u00e9ral dans ses diff\u00e9rents objectifs\u00a0 et dimensions que l'enseignement instrumental et vocal qui inclut \u00e9galement les pratiques musicales interdisciplinaires.\u00a0 Le lieu de la conf\u00e9rence offre une perspective internationale, puisque c'est au Luxembourg que se rencontrent les diff\u00e9rentes traditions disciplinaires et \u00e9ducatives des pays europ\u00e9ens voisins."}

Les termes "enseignement" et "apprentissage" sont généralement associés l'un à l'autre dans un rapport de causalité. L'"enseignement" concerne les concepts et les attitudes pédagogiques de l'enseignant, qui sont à la base de l'"apprentissage" et dont les effets entrent en jeu avec les résultats d'apprentissage des apprenants. Le fait que tout enseignement soit également un apprentissage, que l'apprentissage et l'enseignement se conditionnent mutuellement et se distinguent l'un de l'autre, sera examiné de plus près dans le cadre de cette conférence en tenant compte de l'enseignement de la musique. Ce dernier doit être compris comme un enseignement de la musique qui prend en compte aussi bien la musique dans l'enseignement général dans ses différents objectifs  et dimensions que l'enseignement instrumental et vocal qui inclut également les pratiques musicales interdisciplinaires.  Le lieu de la conférence offre une perspective internationale, puisque c'est au Luxembourg que se rencontrent les différentes traditions disciplinaires et éducatives des pays européens voisins.
