{"id":979,"date":"2024-01-12T14:23:27","date_gmt":"2024-01-12T13:23:27","guid":{"rendered":"https:\/\/www.uni.lu\/fhse-fr\/?page_id=979"},"modified":"2026-04-16T10:38:20","modified_gmt":"2026-04-16T08:38:20","slug":"fhse-fr","status":"publish","type":"page","link":"https:\/\/www.uni.lu\/fhse-fr\/","title":{"rendered":"Facult\u00e9 des Sciences Humaines, des Sciences de l\u2019\u00c9ducation et des Sciences Sociales (FHSE)"},"content":{"rendered":"\n<section class=\"section no-padding-y wp-block-unilux-blocks-hero\">\n    <div class=\"hero hero--2  \">\n        \n<header class=\"wp-block-unilux-blocks-wrapper hero__header\">\n<div class=\"wp-block-unilux-blocks-wrapper hero__container\">\n<span class=\"hero__title__subject wp-block-unilux-blocks-plain-text\"><\/span>\n\n\n<h1 class=\"has-text-align-left wp-block-unilux-blocks-heading\"        id=\"la-dimension-humaine-dans-un-monde-digital\"\n    >\nLa dimension humaine dans un monde digital<\/h1>\n<\/div>\n<\/header>\n<figure class=\"wp-block-dev4-reusable-blocks-image hero__visual object-fit--cover\">\n    \n<img decoding=\"async\" class=\"wp-block-image unilux-custom-image-block\"\n                alt=\"\"\n            src=\"https:\/\/www.uni.lu\/wp-content\/uploads\/sites\/16\/2024\/01\/FHSE_page-daccueil.jpg\"\n                srcset=\"https:\/\/www.uni.lu\/wp-content\/uploads\/sites\/16\/2024\/01\/FHSE_page-daccueil-300x173.jpg 300w, https:\/\/www.uni.lu\/wp-content\/uploads\/sites\/16\/2024\/01\/FHSE_page-daccueil-768x442.jpg 768w, https:\/\/www.uni.lu\/wp-content\/uploads\/sites\/16\/2024\/01\/FHSE_page-daccueil.jpg 827w\"\n                style=\"object-position: 50.00% 50.00%; font-family: &quot;object-fit: cover; object-position: 50.00% 50.00%;&quot;; aspect-ratio: 16\/9; object-fit: cover; width: 100%;\"\n        loading=\"lazy\"\n\/>    <\/figure>\n<div class=\"wp-block-unilux-blocks-wrapper hero__body\">\n<div class=\"wp-block-unilux-blocks-wrapper hero__container\">\n<p class=\"wp-block-unilux-blocks-plain-text\">Comment trouver sa place ? Comment vivre ensemble ? Comment fa\u00e7onner notre futur ? Gr\u00e2ce aux Sciences Humaines et Sociales, nous envisageons l&rsquo;avenir, influen\u00e7ons le pr\u00e9sent et r\u00e9fl\u00e9chissons au pass\u00e9 pour contribuer \u00e0 une soci\u00e9t\u00e9 inclusive, ouverte et pleine de ressources.<\/p>\n\n\n<ul class=\"wp-block-unilux-blocks-custom-buttons btn-list\"><li class=\"wp-block-unilux-blocks-custom-button\"    aria-disabled=\"false\"\n    >\n    <a\n        role=\"link\"\n        aria-disabled=\"false\"\n                    href=\"https:\/\/www.uni.lu\/fhse-en\/\"\n                target=\"_self\"\n        class=\"btn btn--primary\"\n            >aller sur le site en anglais<\/a>\n<\/li>\n\n\n<\/ul>\n<\/div>\n<\/div>\n    <\/div>\n<\/section>\n\n\n<section class=\"wp-block-unilux-blocks-free-section section\"><div class=\"container xl:max-w-screen-xl\">\n<h2 class=\"has-text-align-left wp-block-unilux-blocks-heading\"        id=\"actualites\"\n    >\nActualit\u00e9s<\/h2>\n\n\n\n<ul class=\"wp-block-unilux-blocks-news-card-group flex flex-wrap -mx-16\"><li class=\"w-full sm:w-1\/2 px-16 lg:w-1\/3 w-full px-16 sm:w-1\/2 lg:w-1\/3 wp-block-unilux-blocks-news-card\">\n    <div class=\"ulux-card card-news bg-theme\">\n        <div class=\"ulux-card__container\">\n            <div class=\"ulux-card__visual\">\n                <img decoding=\"async\" class=\"w-full\" src=\"https:\/\/www.uni.lu\/wp-content\/uploads\/sites\/16\/2026\/04\/16103523\/IMG_3522-300x225.jpg\" srcset=\"https:\/\/www.uni.lu\/wp-content\/uploads\/sites\/16\/2026\/04\/16103523\/IMG_3522-768x576.jpg 768w, https:\/\/www.uni.lu\/wp-content\/uploads\/sites\/16\/2026\/04\/16103523\/IMG_3522-300x225.jpg 300w, https:\/\/www.uni.lu\/wp-content\/uploads\/sites\/16\/2026\/04\/16103523\/IMG_3522-1024x768.jpg 1024w, https:\/\/www.uni.lu\/wp-content\/uploads\/sites\/16\/2026\/04\/16103523\/IMG_3522-1536x1152.jpg 1536w, https:\/\/www.uni.lu\/wp-content\/uploads\/sites\/16\/2026\/04\/16103523\/IMG_3522-2048x1536.jpg 2048w\" sizes=\"(max-width: 768px) 100vw, 768px\" alt=\"\" \/>\n            <\/div>\n\n            <div class=\"ulux-card__body\">\n                <h3 class=\"ulux-card__title break-words\">UniverCITY Talks : l&rsquo;enseignement multilingue au Luxembourg \u2013 quels sont les d\u00e9fis et les avantages ?<\/h3>\n                <div class=\"ulux-card__category break-words\">Education, Relations avec le public<\/div>\n                <time class=\"ulux-card__date break-words\"\n                        datetime=\"2026-04-16\">16 avril 2026<\/time>\n                <div class=\"ulux-card__topic break-words\">\u00c9ducation &amp; intervention sociale, Psychologie, neurosciences &amp; \u00e9conomie comportementale<\/div>\n                <a class=\"ulux-card__link link-text link-absolute\"\n                    href=\"https:\/\/www.uni.lu\/fhse-fr\/news\/univercity-talks-lenseignement-multilingue-au-luxembourg-quels-sont-les-defis-et-les-avantages\/\"\n                    target=\"\">\n                    <span class=\"link-text__name\">En savoir plus<\/span>\n                    <svg aria-hidden=\"true\" focusable=\"false\" class=\"icon icon-outline icon--arrow-right icon--2xs\"><use xlink:href=\"https:\/\/www.uni.lu\/wp-content\/themes\/unilux-theme\/assets\/images\/icons\/icons-outline.svg#icon--arrow-right\"><\/use><\/svg>                <\/a>\n            <\/div>\n        <\/div>\n    <\/div>\n<\/li>\n\n\n<li class=\" w-full px-16 sm:w-1\/2 lg:w-1\/3 wp-block-unilux-blocks-news-card\">\n    <div class=\"ulux-card card-news bg-theme\">\n        <div class=\"ulux-card__container\">\n            <div class=\"ulux-card__visual\">\n                <img decoding=\"async\" class=\"w-full\" src=\"https:\/\/www.uni.lu\/wp-content\/uploads\/sites\/16\/2026\/04\/13103341\/PXL_20260319_101241012-300x226.jpg\" srcset=\"https:\/\/www.uni.lu\/wp-content\/uploads\/sites\/16\/2026\/04\/13103341\/PXL_20260319_101241012-768x578.jpg 768w, https:\/\/www.uni.lu\/wp-content\/uploads\/sites\/16\/2026\/04\/13103341\/PXL_20260319_101241012-300x226.jpg 300w, https:\/\/www.uni.lu\/wp-content\/uploads\/sites\/16\/2026\/04\/13103341\/PXL_20260319_101241012-1024x771.jpg 1024w, https:\/\/www.uni.lu\/wp-content\/uploads\/sites\/16\/2026\/04\/13103341\/PXL_20260319_101241012-1536x1157.jpg 1536w, https:\/\/www.uni.lu\/wp-content\/uploads\/sites\/16\/2026\/04\/13103341\/PXL_20260319_101241012-2048x1542.jpg 2048w\" sizes=\"(max-width: 768px) 100vw, 768px\" alt=\"\" \/>\n            <\/div>\n\n            <div class=\"ulux-card__body\">\n                <h3 class=\"ulux-card__title break-words\">Le Master in Geography contribue \u00e0 la premi\u00e8re \u00e9dition du YWC Luxembourg<\/h3>\n                <div class=\"ulux-card__category break-words\">La vie sur le campus, Universit\u00e9<\/div>\n                <time class=\"ulux-card__date break-words\"\n                        datetime=\"2026-04-13\">13 avril 2026<\/time>\n                <div class=\"ulux-card__topic break-words\"><\/div>\n                <a class=\"ulux-card__link link-text link-absolute\"\n                    href=\"https:\/\/www.uni.lu\/fhse-fr\/news\/master-in-geography-contributes-to-the-first-edition-of-ywc-luxembourg\/\"\n                    target=\"\">\n                    <span class=\"link-text__name\">En savoir plus<\/span>\n                    <svg aria-hidden=\"true\" focusable=\"false\" class=\"icon icon-outline icon--arrow-right icon--2xs\"><use xlink:href=\"https:\/\/www.uni.lu\/wp-content\/themes\/unilux-theme\/assets\/images\/icons\/icons-outline.svg#icon--arrow-right\"><\/use><\/svg>                <\/a>\n            <\/div>\n        <\/div>\n    <\/div>\n<\/li>\n\n\n<li class=\"w-full sm:w-1\/2 px-16 lg:w-1\/3 w-full px-16 sm:w-1\/2 lg:w-1\/3 wp-block-unilux-blocks-news-card\">\n    <div class=\"ulux-card card-news bg-theme\">\n        <div class=\"ulux-card__container\">\n            <div class=\"ulux-card__visual\">\n                <img decoding=\"async\" class=\"w-full\" src=\"https:\/\/www.uni.lu\/wp-content\/uploads\/sites\/16\/2026\/03\/18173750\/Collage-Anja-Leist-Laure-Pauly-300x169.webp\" srcset=\"https:\/\/www.uni.lu\/wp-content\/uploads\/sites\/16\/2026\/03\/18173750\/Collage-Anja-Leist-Laure-Pauly-768x432.webp 768w, https:\/\/www.uni.lu\/wp-content\/uploads\/sites\/16\/2026\/03\/18173750\/Collage-Anja-Leist-Laure-Pauly-300x169.webp 300w, https:\/\/www.uni.lu\/wp-content\/uploads\/sites\/16\/2026\/03\/18173750\/Collage-Anja-Leist-Laure-Pauly-1024x576.webp 1024w, https:\/\/www.uni.lu\/wp-content\/uploads\/sites\/16\/2026\/03\/18173750\/Collage-Anja-Leist-Laure-Pauly-1536x864.webp 1536w, https:\/\/www.uni.lu\/wp-content\/uploads\/sites\/16\/2026\/03\/18173750\/Collage-Anja-Leist-Laure-Pauly.webp 1600w\" sizes=\"(max-width: 768px) 100vw, 768px\" alt=\"\" \/>\n            <\/div>\n\n            <div class=\"ulux-card__body\">\n                <h3 class=\"ulux-card__title break-words\">Comment garder notre cerveau en bonne sant\u00e9 ?<\/h3>\n                <div class=\"ulux-card__category break-words\">Recherche, Relations avec le public<\/div>\n                <time class=\"ulux-card__date break-words\"\n                        datetime=\"2026-03-18\">18 mars 2026<\/time>\n                <div class=\"ulux-card__topic break-words\">Psychologie, neurosciences &amp; \u00e9conomie comportementale<\/div>\n                <a class=\"ulux-card__link link-text link-absolute\"\n                    href=\"https:\/\/www.uni.lu\/fhse-fr\/news\/comment-garder-notre-cerveau-en-bonne-sante\/\"\n                    target=\"\">\n                    <span class=\"link-text__name\">En savoir plus<\/span>\n                    <svg aria-hidden=\"true\" focusable=\"false\" class=\"icon icon-outline icon--arrow-right icon--2xs\"><use xlink:href=\"https:\/\/www.uni.lu\/wp-content\/themes\/unilux-theme\/assets\/images\/icons\/icons-outline.svg#icon--arrow-right\"><\/use><\/svg>                <\/a>\n            <\/div>\n        <\/div>\n    <\/div>\n<\/li>\n<\/ul>\n\n\n\n<ul class=\"wp-block-unilux-blocks-custom-buttons btn-list justify-center\"><li class=\"wp-block-unilux-blocks-custom-button\"    aria-disabled=\"false\"\n    >\n    <a\n        role=\"link\"\n        aria-disabled=\"false\"\n                    href=\"https:\/\/www.uni.lu\/fr\/actualites\/?fq_news-taxonomies-organization%5B%5D=faculte-des-sciences-humaines-des-sciences-de-leducation-et-des-sciences-sociales-fhse%7CFacult%C3%A9+des+Sciences+Humaines%2C+des+Sciences+de+l%E2%80%99%C3%89ducation+et+des+Sciences+Sociales+%28FHSE%29%7COrganisation\"\n                target=\"_self\"\n        class=\"btn btn--primary\"\n            >Toutes les actualit\u00e9s<\/a>\n<\/li>\n<\/ul>\n\n\n<div class=\"wp-block-unilux-blocks-spacer is-spacer-size-md\"><\/div>\n\n\n<ul class=\"wp-block-unilux-blocks-event-vertical-list\" data-attributes=\"{&quot;nbOfEvents&quot;:3,&quot;organizationTermNames&quot;:[&quot;Facult\u00e9 des Sciences Humaines, des Sciences de l\u2019\u00c9ducation et des Sciences Sociales (FHSE)&quot;],&quot;topicTermNames&quot;:[],&quot;typeTermNames&quot;:[],&quot;openItemInNewTab&quot;:false}\"><\/ul>\n\n\n\n<ul class=\"wp-block-unilux-blocks-custom-buttons btn-list justify-center\"><li class=\"wp-block-unilux-blocks-custom-button\"    aria-disabled=\"false\"\n    >\n    <a\n        role=\"link\"\n        aria-disabled=\"false\"\n                    href=\"https:\/\/www.uni.lu\/fr\/vue-d-ensemble-des-evenements\/?fq_events-taxonomies-date%5B%5D=date-in-the-future%7CIn+the+future%7CDate&#038;fq_events-taxonomies-organisation%5B%5D=faculte-des-sciences-humaines-des-sciences-de-leducation-et-des-sciences-sociales-fhse%7CFacult%C3%A9+des+Sciences+Humaines%2C+des+Sciences+de+l%E2%80%99%C3%89ducation+et+des+Sciences+Sociales+%28FHSE%29%7COrganisation\"\n                target=\"_self\"\n        class=\"btn btn--secondary\"\n            >Tous les \u00e9v\u00e8nements<\/a>\n<\/li>\n<\/ul>\n<\/div><\/section>\n","protected":false},"excerpt":{"rendered":"","protected":false},"author":39,"featured_media":5190,"parent":0,"menu_order":1,"comment_status":"closed","ping_status":"closed","template":"","meta":{"featured_image_focal_point":[],"show_featured_caption":false,"ulux_newsletter_groups":"","uluxPostTitle":"Facult\u00e9 des Sciences Humaines, des Sciences de l\u2019\u00c9ducation et des Sciences Sociales (FHSE)","uluxPrePostTitle":"Facult\u00e9","_trash_the_other_posts":false,"_price":"","_stock":"","_tribe_ticket_header":"","_tribe_default_ticket_provider":"","_tribe_ticket_capacity":"0","_ticket_start_date":"","_ticket_end_date":"","_tribe_ticket_show_description":"","_tribe_ticket_show_not_going":false,"_tribe_ticket_use_global_stock":"","_tribe_ticket_global_stock_level":"","_global_stock_mode":"","_global_stock_cap":"","_tribe_rsvp_for_event":"","_tribe_ticket_going_count":"","_tribe_ticket_not_going_count":"","_tribe_tickets_list":"[]","_tribe_ticket_has_attendee_info_fields":false,"footnotes":""},"field-of-interest":[],"organisation":[],"authorship":[39],"acf":[],"yoast_head":"<!-- This site is optimized with the Yoast SEO Premium plugin v22.3 (Yoast SEO v22.3) - https:\/\/yoast.com\/wordpress\/plugins\/seo\/ -->\n<title>Facult\u00e9 des Sciences Humaines, des Sciences de l\u2019\u00c9ducation et des Sciences Sociales (FHSE) I Uni.lu<\/title>\n<meta name=\"description\" content=\"Gr\u00e2ce aux sciences humaines et sociales, nous envisageons l&#039;avenir, influen\u00e7ons le pr\u00e9sent et r\u00e9fl\u00e9chissons au pass\u00e9.\" \/>\n<meta name=\"robots\" content=\"index, follow, max-snippet:-1, max-image-preview:large, max-video-preview:-1\" \/>\n<link rel=\"canonical\" href=\"https:\/\/www.uni.lu\/fhse-fr\/\" \/>\n<meta property=\"og:locale\" content=\"fr_FR\" \/>\n<meta property=\"og:type\" content=\"article\" \/>\n<meta property=\"og:title\" content=\"Facult\u00e9 des Sciences Humaines, des Sciences de l\u2019\u00c9ducation et des Sciences Sociales (FHSE)\" \/>\n<meta property=\"og:description\" content=\"Gr\u00e2ce aux sciences humaines et sociales, nous envisageons l&#039;avenir, influen\u00e7ons le pr\u00e9sent et r\u00e9fl\u00e9chissons au pass\u00e9.\" \/>\n<meta property=\"og:url\" content=\"https:\/\/www.uni.lu\/fhse-fr\/\" \/>\n<meta property=\"og:site_name\" content=\"FHSE FR\" \/>\n<meta property=\"article:modified_time\" content=\"2026-04-16T08:38:20+00:00\" \/>\n<meta property=\"og:image\" content=\"https:\/\/www.uni.lu\/wp-content\/uploads\/sites\/16\/2026\/03\/03112325\/FHSE_SM-Profile_1600x1600px-scaled.jpg\" \/>\n\t<meta property=\"og:image:width\" content=\"2560\" \/>\n\t<meta property=\"og:image:height\" content=\"2560\" \/>\n\t<meta property=\"og:image:type\" content=\"image\/jpeg\" \/>\n<meta name=\"twitter:card\" content=\"summary_large_image\" \/>\n<meta name=\"twitter:label1\" content=\"Dur\u00e9e de lecture estim\u00e9e\" \/>\n\t<meta name=\"twitter:data1\" content=\"1 minute\" \/>\n<script type=\"application\/ld+json\" class=\"yoast-schema-graph\">{\"@context\":\"https:\/\/schema.org\",\"@graph\":[{\"@type\":\"WebPage\",\"@id\":\"https:\/\/www.uni.lu\/fhse-fr\/\",\"url\":\"https:\/\/www.uni.lu\/fhse-fr\/\",\"name\":\"Facult\u00e9 des Sciences Humaines, des Sciences de l\u2019\u00c9ducation et des Sciences Sociales (FHSE) I Uni.lu\",\"isPartOf\":{\"@id\":\"https:\/\/www.uni.lu\/fhse-fr\/#website\"},\"primaryImageOfPage\":{\"@id\":\"https:\/\/www.uni.lu\/fhse-fr\/#primaryimage\"},\"image\":{\"@id\":\"https:\/\/www.uni.lu\/fhse-fr\/#primaryimage\"},\"thumbnailUrl\":\"https:\/\/www.uni.lu\/wp-content\/uploads\/sites\/16\/2026\/03\/03112325\/FHSE_SM-Profile_1600x1600px-scaled.jpg\",\"datePublished\":\"2024-01-12T13:23:27+00:00\",\"dateModified\":\"2026-04-16T08:38:20+00:00\",\"description\":\"Gr\u00e2ce aux sciences humaines et sociales, nous envisageons l'avenir, influen\u00e7ons le pr\u00e9sent et r\u00e9fl\u00e9chissons au pass\u00e9.\",\"breadcrumb\":{\"@id\":\"https:\/\/www.uni.lu\/fhse-fr\/#breadcrumb\"},\"inLanguage\":\"fr-FR\",\"potentialAction\":[{\"@type\":\"ReadAction\",\"target\":[\"https:\/\/www.uni.lu\/fhse-fr\/\"]}]},{\"@type\":\"ImageObject\",\"inLanguage\":\"fr-FR\",\"@id\":\"https:\/\/www.uni.lu\/fhse-fr\/#primaryimage\",\"url\":\"https:\/\/www.uni.lu\/wp-content\/uploads\/sites\/16\/2026\/03\/03112325\/FHSE_SM-Profile_1600x1600px-scaled.jpg\",\"contentUrl\":\"https:\/\/www.uni.lu\/wp-content\/uploads\/sites\/16\/2026\/03\/03112325\/FHSE_SM-Profile_1600x1600px-scaled.jpg\",\"width\":2560,\"height\":2560},{\"@type\":\"BreadcrumbList\",\"@id\":\"https:\/\/www.uni.lu\/fhse-fr\/#breadcrumb\",\"itemListElement\":[{\"@type\":\"ListItem\",\"position\":1,\"name\":\"Home\",\"item\":\"https:\/\/www.uni.lu\/fr\"},{\"@type\":\"ListItem\",\"position\":2,\"name\":\"Facult\u00e9 des Sciences Humaines, des Sciences de l\u2019\u00c9ducation et des Sciences Sociales\u200b\",\"item\":\"https:\/\/www.uni.lu\/fhse-fr\/\"},{\"@type\":\"ListItem\",\"position\":3,\"name\":\"Facult\u00e9 des Sciences Humaines, des Sciences de l\u2019\u00c9ducation et des Sciences Sociales (FHSE)\"}]},{\"@type\":\"WebSite\",\"@id\":\"https:\/\/www.uni.lu\/fhse-fr\/#website\",\"url\":\"https:\/\/www.uni.lu\/fhse-fr\/\",\"name\":\"FHSE\",\"description\":\"Facult\u00e9 des Sciences Humaines, des Sciences de l\u2019\u00c9ducation et des Sciences Sociales\u200b I Uni.lu\",\"publisher\":{\"@id\":\"https:\/\/www.uni.lu\/fhse-fr\/#organization\"},\"alternateName\":\"Facult\u00e9 des Sciences Humaines, des Sciences de l\u2019\u00c9ducation et des Sciences Sociales\u200b I Universit\u00e9 du Luxembourg\",\"potentialAction\":[{\"@type\":\"SearchAction\",\"target\":{\"@type\":\"EntryPoint\",\"urlTemplate\":\"https:\/\/www.uni.lu\/fhse-fr\/?s={search_term_string}\"},\"query-input\":\"required name=search_term_string\"}],\"inLanguage\":\"fr-FR\"},{\"@type\":\"Organization\",\"@id\":\"https:\/\/www.uni.lu\/fhse-fr\/#organization\",\"name\":\"FHSE - Universit\u00e9 du Luxembourg I Uni.lu\",\"alternateName\":\"Facult\u00e9 des Sciences Humaines, des Sciences de l\u2019\u00c9ducation et des Sciences Sociales\u200b\",\"url\":\"https:\/\/www.uni.lu\/fhse-fr\/\",\"logo\":{\"@type\":\"ImageObject\",\"inLanguage\":\"fr-FR\",\"@id\":\"https:\/\/www.uni.lu\/fhse-fr\/#\/schema\/logo\/image\/\",\"url\":\"https:\/\/www.uni.lu\/wp-content\/uploads\/sites\/16\/2026\/03\/03112325\/FHSE_SM-Profile_1600x1600px-scaled.jpg\",\"contentUrl\":\"https:\/\/www.uni.lu\/wp-content\/uploads\/sites\/16\/2026\/03\/03112325\/FHSE_SM-Profile_1600x1600px-scaled.jpg\",\"width\":2560,\"height\":2560,\"caption\":\"FHSE - Universit\u00e9 du Luxembourg I Uni.lu\"},\"image\":\"https:\/\/www.uni.lu\/wp-content\/uploads\/sites\/16\/2026\/04\/24144331\/20200609-Belval-Campus_Henri-Goergen-23.jpg\",\"sameAs\":[\"https:\/\/humanities.uni.lu\/\"],\"email\":\"communication@uni.lu\",\"telephone\":\"+3524666441\",\"address\":{\"@type\":\"PostalAddress\",\"streetAddress\":\"11, Porte des Sciences\",\"addressLocality\":\"Esch-sur-Alzette\",\"postalCode\":\"4365\",\"addressCountry\":\"LU\"},\"description\":\"Facult\u00e9 des Sciences Humaines, des Sciences de l\u2019\u00c9ducation et des Sciences Sociales\u200b I Uni.lu\"}]}<\/script>\n<!-- \/ Yoast SEO Premium plugin. -->","yoast_head_json":{"title":"Facult\u00e9 des Sciences Humaines, des Sciences de l\u2019\u00c9ducation et des Sciences Sociales (FHSE) I Uni.lu","description":"Gr\u00e2ce aux sciences humaines et sociales, nous envisageons l'avenir, influen\u00e7ons le pr\u00e9sent et r\u00e9fl\u00e9chissons au pass\u00e9.","robots":{"index":"index","follow":"follow","max-snippet":"max-snippet:-1","max-image-preview":"max-image-preview:large","max-video-preview":"max-video-preview:-1"},"canonical":"https:\/\/www.uni.lu\/fhse-fr\/","og_locale":"fr_FR","og_type":"article","og_title":"Facult\u00e9 des Sciences Humaines, des Sciences de l\u2019\u00c9ducation et des Sciences Sociales (FHSE)","og_description":"Gr\u00e2ce aux sciences humaines et sociales, nous envisageons l'avenir, influen\u00e7ons le pr\u00e9sent et r\u00e9fl\u00e9chissons au pass\u00e9.","og_url":"https:\/\/www.uni.lu\/fhse-fr\/","og_site_name":"FHSE FR","article_modified_time":"2026-04-16T08:38:20+00:00","og_image":[{"width":2560,"height":2560,"url":"https:\/\/www.uni.lu\/wp-content\/uploads\/sites\/16\/2026\/03\/03112325\/FHSE_SM-Profile_1600x1600px-scaled.jpg","type":"image\/jpeg"}],"twitter_card":"summary_large_image","twitter_misc":{"Dur\u00e9e de lecture estim\u00e9e":"1 minute"},"schema":{"@context":"https:\/\/schema.org","@graph":[{"@type":"WebPage","@id":"https:\/\/www.uni.lu\/fhse-fr\/","url":"https:\/\/www.uni.lu\/fhse-fr\/","name":"Facult\u00e9 des Sciences Humaines, des Sciences de l\u2019\u00c9ducation et des Sciences Sociales (FHSE) I Uni.lu","isPartOf":{"@id":"https:\/\/www.uni.lu\/fhse-fr\/#website"},"primaryImageOfPage":{"@id":"https:\/\/www.uni.lu\/fhse-fr\/#primaryimage"},"image":{"@id":"https:\/\/www.uni.lu\/fhse-fr\/#primaryimage"},"thumbnailUrl":"https:\/\/www.uni.lu\/wp-content\/uploads\/sites\/16\/2026\/03\/03112325\/FHSE_SM-Profile_1600x1600px-scaled.jpg","datePublished":"2024-01-12T13:23:27+00:00","dateModified":"2026-04-16T08:38:20+00:00","description":"Gr\u00e2ce aux sciences humaines et sociales, nous envisageons l'avenir, influen\u00e7ons le pr\u00e9sent et r\u00e9fl\u00e9chissons au pass\u00e9.","breadcrumb":{"@id":"https:\/\/www.uni.lu\/fhse-fr\/#breadcrumb"},"inLanguage":"fr-FR","potentialAction":[{"@type":"ReadAction","target":["https:\/\/www.uni.lu\/fhse-fr\/"]}]},{"@type":"ImageObject","inLanguage":"fr-FR","@id":"https:\/\/www.uni.lu\/fhse-fr\/#primaryimage","url":"https:\/\/www.uni.lu\/wp-content\/uploads\/sites\/16\/2026\/03\/03112325\/FHSE_SM-Profile_1600x1600px-scaled.jpg","contentUrl":"https:\/\/www.uni.lu\/wp-content\/uploads\/sites\/16\/2026\/03\/03112325\/FHSE_SM-Profile_1600x1600px-scaled.jpg","width":2560,"height":2560},{"@type":"BreadcrumbList","@id":"https:\/\/www.uni.lu\/fhse-fr\/#breadcrumb","itemListElement":[{"@type":"ListItem","position":1,"name":"Home","item":"https:\/\/www.uni.lu\/fr"},{"@type":"ListItem","position":2,"name":"Facult\u00e9 des Sciences Humaines, des Sciences de l\u2019\u00c9ducation et des Sciences Sociales\u200b","item":"https:\/\/www.uni.lu\/fhse-fr\/"},{"@type":"ListItem","position":3,"name":"Facult\u00e9 des Sciences Humaines, des Sciences de l\u2019\u00c9ducation et des Sciences Sociales (FHSE)"}]},{"@type":"WebSite","@id":"https:\/\/www.uni.lu\/fhse-fr\/#website","url":"https:\/\/www.uni.lu\/fhse-fr\/","name":"FHSE","description":"Facult\u00e9 des Sciences Humaines, des Sciences de l\u2019\u00c9ducation et des Sciences Sociales\u200b I Uni.lu","publisher":{"@id":"https:\/\/www.uni.lu\/fhse-fr\/#organization"},"alternateName":"Facult\u00e9 des Sciences Humaines, des Sciences de l\u2019\u00c9ducation et des Sciences Sociales\u200b I Universit\u00e9 du Luxembourg","potentialAction":[{"@type":"SearchAction","target":{"@type":"EntryPoint","urlTemplate":"https:\/\/www.uni.lu\/fhse-fr\/?s={search_term_string}"},"query-input":"required name=search_term_string"}],"inLanguage":"fr-FR"},{"@type":"Organization","@id":"https:\/\/www.uni.lu\/fhse-fr\/#organization","name":"FHSE - Universit\u00e9 du Luxembourg I Uni.lu","alternateName":"Facult\u00e9 des Sciences Humaines, des Sciences de l\u2019\u00c9ducation et des Sciences Sociales\u200b","url":"https:\/\/www.uni.lu\/fhse-fr\/","logo":{"@type":"ImageObject","inLanguage":"fr-FR","@id":"https:\/\/www.uni.lu\/fhse-fr\/#\/schema\/logo\/image\/","url":"https:\/\/www.uni.lu\/wp-content\/uploads\/sites\/16\/2026\/03\/03112325\/FHSE_SM-Profile_1600x1600px-scaled.jpg","contentUrl":"https:\/\/www.uni.lu\/wp-content\/uploads\/sites\/16\/2026\/03\/03112325\/FHSE_SM-Profile_1600x1600px-scaled.jpg","width":2560,"height":2560,"caption":"FHSE - Universit\u00e9 du Luxembourg I Uni.lu"},"image":"https:\/\/www.uni.lu\/wp-content\/uploads\/sites\/16\/2026\/04\/24144331\/20200609-Belval-Campus_Henri-Goergen-23.jpg","sameAs":["https:\/\/humanities.uni.lu\/"],"email":"communication@uni.lu","telephone":"+3524666441","address":{"@type":"PostalAddress","streetAddress":"11, Porte des Sciences","addressLocality":"Esch-sur-Alzette","postalCode":"4365","addressCountry":"LU"},"description":"Facult\u00e9 des Sciences Humaines, des Sciences de l\u2019\u00c9ducation et des Sciences Sociales\u200b I Uni.lu"}]}},"ticketed":false,"_links":{"self":[{"href":"https:\/\/www.uni.lu\/fhse-fr\/wp-json\/wp\/v2\/pages\/979"}],"collection":[{"href":"https:\/\/www.uni.lu\/fhse-fr\/wp-json\/wp\/v2\/pages"}],"about":[{"href":"https:\/\/www.uni.lu\/fhse-fr\/wp-json\/wp\/v2\/types\/page"}],"author":[{"embeddable":true,"href":"https:\/\/www.uni.lu\/fhse-fr\/wp-json\/wp\/v2\/users\/39"}],"replies":[{"embeddable":true,"href":"https:\/\/www.uni.lu\/fhse-fr\/wp-json\/wp\/v2\/comments?post=979"}],"version-history":[{"count":5,"href":"https:\/\/www.uni.lu\/fhse-fr\/wp-json\/wp\/v2\/pages\/979\/revisions"}],"predecessor-version":[{"id":5439,"href":"https:\/\/www.uni.lu\/fhse-fr\/wp-json\/wp\/v2\/pages\/979\/revisions\/5439"}],"wp:authorship":[{"embeddable":true,"href":"https:\/\/www.uni.lu\/fhse-fr\/wp-json\/wp\/v2\/users\/39"}],"wp:featuredmedia":[{"embeddable":true,"href":"https:\/\/www.uni.lu\/fhse-fr\/wp-json\/wp\/v2\/media\/5190"}],"wp:attachment":[{"href":"https:\/\/www.uni.lu\/fhse-fr\/wp-json\/wp\/v2\/media?parent=979"}],"wp:term":[{"taxonomy":"field-of-interest","embeddable":true,"href":"https:\/\/www.uni.lu\/fhse-fr\/wp-json\/wp\/v2\/field-of-interest?post=979"},{"taxonomy":"organisation","embeddable":true,"href":"https:\/\/www.uni.lu\/fhse-fr\/wp-json\/wp\/v2\/organisation?post=979"}],"curies":[{"name":"wp","href":"https:\/\/api.w.org\/{rel}","templated":true}]}}