{"version":"1.0","provider_name":"FHSE FR","provider_url":"https:\/\/www.uni.lu\/fhse-fr","author_name":"FHSE FR","author_url":"https:\/\/www.uni.lu\/fhse-fr","title":"Nei Publikatioun: Sproochen um Aarbechtsmaart 1984-2019","type":"rich","width":600,"height":338,"html":"<blockquote class=\"wp-embedded-content\" data-secret=\"rRORTr1LhW\"><a href=\"https:\/\/www.uni.lu\/fhse-fr\/news\/nei-publikatioun-sproochen-um-aarbechtsmaart-1984-2019\/\">Nei Publikatioun: Sproochen um Aarbechtsmaart 1984-2019<\/a><\/blockquote><iframe sandbox=\"allow-scripts\" security=\"restricted\" src=\"https:\/\/www.uni.lu\/fhse-fr\/news\/nei-publikatioun-sproochen-um-aarbechtsmaart-1984-2019\/embed\/#?secret=rRORTr1LhW\" width=\"600\" height=\"338\" title=\"\u00ab\u00a0Nei Publikatioun: Sproochen um Aarbechtsmaart 1984-2019\u00a0\u00bb &#8212; FHSE FR\" data-secret=\"rRORTr1LhW\" frameborder=\"0\" marginwidth=\"0\" marginheight=\"0\" scrolling=\"no\" class=\"wp-embedded-content\"><\/iframe><script>\n\/*! This file is auto-generated *\/\n!function(c,d){\"use strict\";var e=!1,o=!1;if(d.querySelector)if(c.addEventListener)e=!0;if(c.wp=c.wp||{},c.wp.receiveEmbedMessage);else if(c.wp.receiveEmbedMessage=function(e){var t=e.data;if(!t);else if(!(t.secret||t.message||t.value));else if(\/[^a-zA-Z0-9]\/.test(t.secret));else{for(var r,s,a,i=d.querySelectorAll('iframe[data-secret=\"'+t.secret+'\"]'),n=d.querySelectorAll('blockquote[data-secret=\"'+t.secret+'\"]'),o=new RegExp(\"^https?:$\",\"i\"),l=0;l<n.length;l++)n[l].style.display=\"none\";for(l=0;l<i.length;l++)if(r=i[l],e.source!==r.contentWindow);else{if(r.removeAttribute(\"style\"),\"height\"===t.message){if(1e3<(s=parseInt(t.value,10)))s=1e3;else if(~~s<200)s=200;r.height=s}if(\"link\"===t.message)if(s=d.createElement(\"a\"),a=d.createElement(\"a\"),s.href=r.getAttribute(\"src\"),a.href=t.value,!o.test(a.protocol));else if(a.host===s.host)if(d.activeElement===r)c.top.location.href=t.value}}},e)c.addEventListener(\"message\",c.wp.receiveEmbedMessage,!1),d.addEventListener(\"DOMContentLoaded\",t,!1),c.addEventListener(\"load\",t,!1);function t(){if(o);else{o=!0;for(var e,t,r,s=-1!==navigator.appVersion.indexOf(\"MSIE 10\"),a=!!navigator.userAgent.match(\/Trident.*rv:11\\.\/),i=d.querySelectorAll(\"iframe.wp-embedded-content\"),n=0;n<i.length;n++){if(!(r=(t=i[n]).getAttribute(\"data-secret\")))r=Math.random().toString(36).substr(2,10),t.src+=\"#?secret=\"+r,t.setAttribute(\"data-secret\",r);if(s||a)(e=t.cloneNode(!0)).removeAttribute(\"security\"),t.parentNode.replaceChild(e,t);t.contentWindow.postMessage({message:\"ready\",secret:r},\"*\")}}}}(window,document);\n<\/script>\n","thumbnail_url":"https:\/\/www.uni.lu\/wp-content\/uploads\/sites\/16\/2021\/04\/nei_publikatioun_sproochen_um_aarbechtsmaart_1984_2019.jpg","thumbnail_width":1200,"thumbnail_height":793,"description":"\u00c0 partir d\u2019un \u00e9chantillon d\u2019offres d\u2019emploi publi\u00e9es dans le Luxemburger Wort et portant sur la p\u00e9riode 1984-2019, cette \u00e9tude d\u00e9crit la vari\u00e9t\u00e9 et l\u2019\u00e9volution des comp\u00e9tences linguistiques exig\u00e9es (ou souhait\u00e9es) sur le march\u00e9 du travail du Luxembourg. Il s\u2019agit de la quatri\u00e8me mise \u00e0 jour de l\u2019analyse initialement effectu\u00e9e sur la p\u00e9riode 1984-1999."}

À partir d’un échantillon d’offres d’emploi publiées dans le Luxemburger Wort et portant sur la période 1984-2019, cette étude décrit la variété et l’évolution des compétences linguistiques exigées (ou souhaitées) sur le marché du travail du Luxembourg. Il s’agit de la quatrième mise à jour de l’analyse initialement effectuée sur la période 1984-1999.
