{"version":"1.0","provider_name":"FHSE FR","provider_url":"https:\/\/www.uni.lu\/fhse-fr","author_name":"FHSE FR","author_url":"https:\/\/www.uni.lu\/fhse-fr","title":"Arbeitsgruppe Empirische Sonderp\u00e4dagogische Forschung 2021","type":"rich","width":600,"height":338,"html":"<blockquote class=\"wp-embedded-content\" data-secret=\"E9gRdXhGN4\"><a href=\"https:\/\/www.uni.lu\/fhse-fr\/news\/arbeitsgruppe-empirische-sonderpadagogische-forschung-2021\/\">Arbeitsgruppe Empirische Sonderp\u00e4dagogische Forschung 2021<\/a><\/blockquote><iframe sandbox=\"allow-scripts\" security=\"restricted\" src=\"https:\/\/www.uni.lu\/fhse-fr\/news\/arbeitsgruppe-empirische-sonderpadagogische-forschung-2021\/embed\/#?secret=E9gRdXhGN4\" width=\"600\" height=\"338\" title=\"\u00ab\u00a0Arbeitsgruppe Empirische Sonderp\u00e4dagogische Forschung 2021\u00a0\u00bb &#8212; FHSE FR\" data-secret=\"E9gRdXhGN4\" frameborder=\"0\" marginwidth=\"0\" marginheight=\"0\" scrolling=\"no\" class=\"wp-embedded-content\"><\/iframe><script>\n\/*! This file is auto-generated *\/\n!function(c,d){\"use strict\";var e=!1,o=!1;if(d.querySelector)if(c.addEventListener)e=!0;if(c.wp=c.wp||{},c.wp.receiveEmbedMessage);else if(c.wp.receiveEmbedMessage=function(e){var t=e.data;if(!t);else if(!(t.secret||t.message||t.value));else if(\/[^a-zA-Z0-9]\/.test(t.secret));else{for(var r,s,a,i=d.querySelectorAll('iframe[data-secret=\"'+t.secret+'\"]'),n=d.querySelectorAll('blockquote[data-secret=\"'+t.secret+'\"]'),o=new RegExp(\"^https?:$\",\"i\"),l=0;l<n.length;l++)n[l].style.display=\"none\";for(l=0;l<i.length;l++)if(r=i[l],e.source!==r.contentWindow);else{if(r.removeAttribute(\"style\"),\"height\"===t.message){if(1e3<(s=parseInt(t.value,10)))s=1e3;else if(~~s<200)s=200;r.height=s}if(\"link\"===t.message)if(s=d.createElement(\"a\"),a=d.createElement(\"a\"),s.href=r.getAttribute(\"src\"),a.href=t.value,!o.test(a.protocol));else if(a.host===s.host)if(d.activeElement===r)c.top.location.href=t.value}}},e)c.addEventListener(\"message\",c.wp.receiveEmbedMessage,!1),d.addEventListener(\"DOMContentLoaded\",t,!1),c.addEventListener(\"load\",t,!1);function t(){if(o);else{o=!0;for(var e,t,r,s=-1!==navigator.appVersion.indexOf(\"MSIE 10\"),a=!!navigator.userAgent.match(\/Trident.*rv:11\\.\/),i=d.querySelectorAll(\"iframe.wp-embedded-content\"),n=0;n<i.length;n++){if(!(r=(t=i[n]).getAttribute(\"data-secret\")))r=Math.random().toString(36).substr(2,10),t.src+=\"#?secret=\"+r,t.setAttribute(\"data-secret\",r);if(s||a)(e=t.cloneNode(!0)).removeAttribute(\"security\"),t.parentNode.replaceChild(e,t);t.contentWindow.postMessage({message:\"ready\",secret:r},\"*\")}}}}(window,document);\n<\/script>\n","thumbnail_url":"https:\/\/www.uni.lu\/wp-content\/uploads\/sites\/16\/2021\/08\/arbeitsgruppe_empirische_sonderpaedagogische_forschung_2021.jpg","thumbnail_width":614,"thumbnail_height":614,"description":"Die AESF ist ein Verbund von\u00a0Wissenschaftler*innen aus dem deutschsprachigen Raum, die zu sonderp\u00e4dagogischen Forschungsfragen empirisch arbeiten. Die Arbeitsgruppe trifft sich zweimal j\u00e4hrlich im Rahmen einer Tagung, um sich \u00fcber geplante, laufende und abgeschlossene Forschungsprojekte sowie gemeinsame Kooperationen auszutauschen."}

Arbeitsgruppe Empirische Sonderpädagogische Forschung 2021

<blockquote class="wp-embedded-content" data-secret="E9gRdXhGN4"><a href="https://www.uni.lu/fhse-fr/news/arbeitsgruppe-empirische-sonderpadagogische-forschung-2021/">Arbeitsgruppe Empirische Sonderpädagogische Forschung 2021</a></blockquote><iframe sandbox="allow-scripts" security="restricted" src="https://www.uni.lu/fhse-fr/news/arbeitsgruppe-empirische-sonderpadagogische-forschung-2021/embed/#?secret=E9gRdXhGN4" width="600" height="338" title="« Arbeitsgruppe Empirische Sonderpädagogische Forschung 2021 » &#8212; FHSE FR" data-secret="E9gRdXhGN4" frameborder="0" marginwidth="0" marginheight="0" scrolling="no" class="wp-embedded-content"></iframe><script>
/*! This file is auto-generated */
!function(c,d){"use strict";var e=!1,o=!1;if(d.querySelector)if(c.addEventListener)e=!0;if(c.wp=c.wp||{},c.wp.receiveEmbedMessage);else if(c.wp.receiveEmbedMessage=function(e){var t=e.data;if(!t);else if(!(t.secret||t.message||t.value));else if(/[^a-zA-Z0-9]/.test(t.secret));else{for(var r,s,a,i=d.querySelectorAll('iframe[data-secret="'+t.secret+'"]'),n=d.querySelectorAll('blockquote[data-secret="'+t.secret+'"]'),o=new RegExp("^https?:$","i"),l=0;l<n.length;l++)n[l].style.display="none";for(l=0;l<i.length;l++)if(r=i[l],e.source!==r.contentWindow);else{if(r.removeAttribute("style"),"height"===t.message){if(1e3<(s=parseInt(t.value,10)))s=1e3;else if(~~s<200)s=200;r.height=s}if("link"===t.message)if(s=d.createElement("a"),a=d.createElement("a"),s.href=r.getAttribute("src"),a.href=t.value,!o.test(a.protocol));else if(a.host===s.host)if(d.activeElement===r)c.top.location.href=t.value}}},e)c.addEventListener("message",c.wp.receiveEmbedMessage,!1),d.addEventListener("DOMContentLoaded",t,!1),c.addEventListener("load",t,!1);function t(){if(o);else{o=!0;for(var e,t,r,s=-1!==navigator.appVersion.indexOf("MSIE 10"),a=!!navigator.userAgent.match(/Trident.*rv:11\./),i=d.querySelectorAll("iframe.wp-embedded-content"),n=0;n<i.length;n++){if(!(r=(t=i[n]).getAttribute("data-secret")))r=Math.random().toString(36).substr(2,10),t.src+="#?secret="+r,t.setAttribute("data-secret",r);if(s||a)(e=t.cloneNode(!0)).removeAttribute("security"),t.parentNode.replaceChild(e,t);t.contentWindow.postMessage({message:"ready",secret:r},"*")}}}}(window,document);
</script>

Die AESF ist ein Verbund von Wissenschaftler*innen aus dem deutschsprachigen Raum, die zu sonderpädagogischen Forschungsfragen empirisch arbeiten. Die Arbeitsgruppe trifft sich zweimal jährlich im Rahmen einer Tagung, um sich über geplante, laufende und abgeschlossene Forschungsprojekte sowie gemeinsame Kooperationen auszutauschen.
