{"version":"1.0","provider_name":"UNI DE","provider_url":"https:\/\/www.uni.lu\/de","author_name":"UNI DE","author_url":"https:\/\/www.uni.lu\/de","title":"Nationalbibliothek und Universit\u00e4t unterzeichnen Rahmenvereinbarung","type":"rich","width":600,"height":338,"html":"<blockquote class=\"wp-embedded-content\" data-secret=\"H0iFWMUslG\"><a href=\"https:\/\/www.uni.lu\/de\/news\/nationalbibliothek-und-universitaet-unterzeichnen-rahmenvereinbarung\/\">Nationalbibliothek und Universit\u00e4t unterzeichnen Rahmenvereinbarung<\/a><\/blockquote><iframe sandbox=\"allow-scripts\" security=\"restricted\" src=\"https:\/\/www.uni.lu\/de\/news\/nationalbibliothek-und-universitaet-unterzeichnen-rahmenvereinbarung\/embed\/#?secret=H0iFWMUslG\" width=\"600\" height=\"338\" title=\"&#8222;Nationalbibliothek und Universit\u00e4t unterzeichnen Rahmenvereinbarung&#8220; &#8212; UNI DE\" data-secret=\"H0iFWMUslG\" frameborder=\"0\" marginwidth=\"0\" marginheight=\"0\" scrolling=\"no\" class=\"wp-embedded-content\"><\/iframe><script>\n\/*! This file is auto-generated *\/\n!function(c,d){\"use strict\";var e=!1,o=!1;if(d.querySelector)if(c.addEventListener)e=!0;if(c.wp=c.wp||{},c.wp.receiveEmbedMessage);else if(c.wp.receiveEmbedMessage=function(e){var t=e.data;if(!t);else if(!(t.secret||t.message||t.value));else if(\/[^a-zA-Z0-9]\/.test(t.secret));else{for(var r,s,a,i=d.querySelectorAll('iframe[data-secret=\"'+t.secret+'\"]'),n=d.querySelectorAll('blockquote[data-secret=\"'+t.secret+'\"]'),o=new RegExp(\"^https?:$\",\"i\"),l=0;l<n.length;l++)n[l].style.display=\"none\";for(l=0;l<i.length;l++)if(r=i[l],e.source!==r.contentWindow);else{if(r.removeAttribute(\"style\"),\"height\"===t.message){if(1e3<(s=parseInt(t.value,10)))s=1e3;else if(~~s<200)s=200;r.height=s}if(\"link\"===t.message)if(s=d.createElement(\"a\"),a=d.createElement(\"a\"),s.href=r.getAttribute(\"src\"),a.href=t.value,!o.test(a.protocol));else if(a.host===s.host)if(d.activeElement===r)c.top.location.href=t.value}}},e)c.addEventListener(\"message\",c.wp.receiveEmbedMessage,!1),d.addEventListener(\"DOMContentLoaded\",t,!1),c.addEventListener(\"load\",t,!1);function t(){if(o);else{o=!0;for(var e,t,r,s=-1!==navigator.appVersion.indexOf(\"MSIE 10\"),a=!!navigator.userAgent.match(\/Trident.*rv:11\\.\/),i=d.querySelectorAll(\"iframe.wp-embedded-content\"),n=0;n<i.length;n++){if(!(r=(t=i[n]).getAttribute(\"data-secret\")))r=Math.random().toString(36).substr(2,10),t.src+=\"#?secret=\"+r,t.setAttribute(\"data-secret\",r);if(s||a)(e=t.cloneNode(!0)).removeAttribute(\"security\"),t.parentNode.replaceChild(e,t);t.contentWindow.postMessage({message:\"ready\",secret:r},\"*\")}}}}(window,document);\n<\/script>\n","thumbnail_url":"https:\/\/www.uni.lu\/wp-content\/uploads\/sites\/10\/2019\/07\/convention_cadre_entre_la_bibliotheque_nationale_et_l_universite.jpg","thumbnail_width":800,"thumbnail_height":600,"description":"Kulturministerin Sam Tanson, der Pr\u00e4sident des EZB-Rates der Universit\u00e4t Luxemburg, Yves Elsen, Monique Kieffer, Direktorin der Nationalbibliothek (BnL) und St\u00e9phane Pallage, Rektor der Universit\u00e4t Luxemburg, haben am 10. Juli 2019 eine Rahmenvereinbarung zwischen der Nationalbibliothek und der Universit\u00e4t unterzeichnet."}

Nationalbibliothek und Universität unterzeichnen Rahmenvereinbarung

<blockquote class="wp-embedded-content" data-secret="H0iFWMUslG"><a href="https://www.uni.lu/de/news/nationalbibliothek-und-universitaet-unterzeichnen-rahmenvereinbarung/">Nationalbibliothek und Universität unterzeichnen Rahmenvereinbarung</a></blockquote><iframe sandbox="allow-scripts" security="restricted" src="https://www.uni.lu/de/news/nationalbibliothek-und-universitaet-unterzeichnen-rahmenvereinbarung/embed/#?secret=H0iFWMUslG" width="600" height="338" title="&#8222;Nationalbibliothek und Universität unterzeichnen Rahmenvereinbarung&#8220; &#8212; UNI DE" data-secret="H0iFWMUslG" frameborder="0" marginwidth="0" marginheight="0" scrolling="no" class="wp-embedded-content"></iframe><script>
/*! This file is auto-generated */
!function(c,d){"use strict";var e=!1,o=!1;if(d.querySelector)if(c.addEventListener)e=!0;if(c.wp=c.wp||{},c.wp.receiveEmbedMessage);else if(c.wp.receiveEmbedMessage=function(e){var t=e.data;if(!t);else if(!(t.secret||t.message||t.value));else if(/[^a-zA-Z0-9]/.test(t.secret));else{for(var r,s,a,i=d.querySelectorAll('iframe[data-secret="'+t.secret+'"]'),n=d.querySelectorAll('blockquote[data-secret="'+t.secret+'"]'),o=new RegExp("^https?:$","i"),l=0;l<n.length;l++)n[l].style.display="none";for(l=0;l<i.length;l++)if(r=i[l],e.source!==r.contentWindow);else{if(r.removeAttribute("style"),"height"===t.message){if(1e3<(s=parseInt(t.value,10)))s=1e3;else if(~~s<200)s=200;r.height=s}if("link"===t.message)if(s=d.createElement("a"),a=d.createElement("a"),s.href=r.getAttribute("src"),a.href=t.value,!o.test(a.protocol));else if(a.host===s.host)if(d.activeElement===r)c.top.location.href=t.value}}},e)c.addEventListener("message",c.wp.receiveEmbedMessage,!1),d.addEventListener("DOMContentLoaded",t,!1),c.addEventListener("load",t,!1);function t(){if(o);else{o=!0;for(var e,t,r,s=-1!==navigator.appVersion.indexOf("MSIE 10"),a=!!navigator.userAgent.match(/Trident.*rv:11\./),i=d.querySelectorAll("iframe.wp-embedded-content"),n=0;n<i.length;n++){if(!(r=(t=i[n]).getAttribute("data-secret")))r=Math.random().toString(36).substr(2,10),t.src+="#?secret="+r,t.setAttribute("data-secret",r);if(s||a)(e=t.cloneNode(!0)).removeAttribute("security"),t.parentNode.replaceChild(e,t);t.contentWindow.postMessage({message:"ready",secret:r},"*")}}}}(window,document);
</script>

Kulturministerin Sam Tanson, der Präsident des EZB-Rates der Universität Luxemburg, Yves Elsen, Monique Kieffer, Direktorin der Nationalbibliothek (BnL) und Stéphane Pallage, Rektor der Universität Luxemburg, haben am 10. Juli 2019 eine Rahmenvereinbarung zwischen der Nationalbibliothek und der Universität unterzeichnet.
