{"version":"1.0","provider_name":"UNI DE","provider_url":"https:\/\/www.uni.lu\/de","author_name":"UNI DE","author_url":"https:\/\/www.uni.lu\/de","title":"Esch2022 Kulturhauptstadt Europas startet mit Uni.lu-Beteiligung","type":"rich","width":600,"height":338,"html":"<blockquote class=\"wp-embedded-content\" data-secret=\"xsVn4dnvWl\"><a href=\"https:\/\/www.uni.lu\/de\/news\/esch2022-kulturhauptstadt-europas-startet-mit-uni-lu-beteiligung\/\">Esch2022 Kulturhauptstadt Europas startet mit Uni.lu-Beteiligung<\/a><\/blockquote><iframe sandbox=\"allow-scripts\" security=\"restricted\" src=\"https:\/\/www.uni.lu\/de\/news\/esch2022-kulturhauptstadt-europas-startet-mit-uni-lu-beteiligung\/embed\/#?secret=xsVn4dnvWl\" width=\"600\" height=\"338\" title=\"&#8222;Esch2022 Kulturhauptstadt Europas startet mit Uni.lu-Beteiligung&#8220; &#8212; UNI DE\" data-secret=\"xsVn4dnvWl\" frameborder=\"0\" marginwidth=\"0\" marginheight=\"0\" scrolling=\"no\" class=\"wp-embedded-content\"><\/iframe><script>\n\/*! This file is auto-generated *\/\n!function(c,d){\"use strict\";var e=!1,o=!1;if(d.querySelector)if(c.addEventListener)e=!0;if(c.wp=c.wp||{},c.wp.receiveEmbedMessage);else if(c.wp.receiveEmbedMessage=function(e){var t=e.data;if(!t);else if(!(t.secret||t.message||t.value));else if(\/[^a-zA-Z0-9]\/.test(t.secret));else{for(var r,s,a,i=d.querySelectorAll('iframe[data-secret=\"'+t.secret+'\"]'),n=d.querySelectorAll('blockquote[data-secret=\"'+t.secret+'\"]'),o=new RegExp(\"^https?:$\",\"i\"),l=0;l<n.length;l++)n[l].style.display=\"none\";for(l=0;l<i.length;l++)if(r=i[l],e.source!==r.contentWindow);else{if(r.removeAttribute(\"style\"),\"height\"===t.message){if(1e3<(s=parseInt(t.value,10)))s=1e3;else if(~~s<200)s=200;r.height=s}if(\"link\"===t.message)if(s=d.createElement(\"a\"),a=d.createElement(\"a\"),s.href=r.getAttribute(\"src\"),a.href=t.value,!o.test(a.protocol));else if(a.host===s.host)if(d.activeElement===r)c.top.location.href=t.value}}},e)c.addEventListener(\"message\",c.wp.receiveEmbedMessage,!1),d.addEventListener(\"DOMContentLoaded\",t,!1),c.addEventListener(\"load\",t,!1);function t(){if(o);else{o=!0;for(var e,t,r,s=-1!==navigator.appVersion.indexOf(\"MSIE 10\"),a=!!navigator.userAgent.match(\/Trident.*rv:11\\.\/),i=d.querySelectorAll(\"iframe.wp-embedded-content\"),n=0;n<i.length;n++){if(!(r=(t=i[n]).getAttribute(\"data-secret\")))r=Math.random().toString(36).substr(2,10),t.src+=\"#?secret=\"+r,t.setAttribute(\"data-secret\",r);if(s||a)(e=t.cloneNode(!0)).removeAttribute(\"security\"),t.parentNode.replaceChild(e,t);t.contentWindow.postMessage({message:\"ready\",secret:r},\"*\")}}}}(window,document);\n<\/script>\n","thumbnail_url":"https:\/\/www.uni.lu\/wp-content\/uploads\/sites\/10\/2022\/02\/esch2022_european_capital_of_culture_launch_with_uni_lu_participation.jpg","thumbnail_width":800,"thumbnail_height":600,"description":"Am Samstag, den 26. Februar, findet in Esch-sur-Alzette, der zweitgr\u00f6\u00dften Stadt Luxemburgs und Sitz des Hauptcampus der Universit\u00e4t, die offizielle Er\u00f6ffnung der Kulturhauptstadt Europas Esch2022 statt. Dieses Gro\u00dfereignis wird von der Stadt Esch und einer Reihe von Nachbargemeinden in Luxemburg und Frankreich zusammen veranstaltet."}

Am Samstag, den 26. Februar, findet in Esch-sur-Alzette, der zweitgrößten Stadt Luxemburgs und Sitz des Hauptcampus der Universität, die offizielle Eröffnung der Kulturhauptstadt Europas Esch2022 statt. Dieses Großereignis wird von der Stadt Esch und einer Reihe von Nachbargemeinden in Luxemburg und Frankreich zusammen veranstaltet.
