{"version":"1.0","provider_name":"UNI DE","provider_url":"https:\/\/www.uni.lu\/de","author_name":"Eunice","author_url":"https:\/\/www.uni.lu\/de\/author\/magnesium\/","title":"Concert Orgue et Violoncelle","type":"rich","width":600,"height":338,"html":"<blockquote class=\"wp-embedded-content\" data-secret=\"85kaFZRcq8\"><a href=\"https:\/\/www.uni.lu\/de\/events\/concert-orgue-et-violoncelle\/\">Concert Orgue et Violoncelle<\/a><\/blockquote><iframe sandbox=\"allow-scripts\" security=\"restricted\" src=\"https:\/\/www.uni.lu\/de\/events\/concert-orgue-et-violoncelle\/embed\/#?secret=85kaFZRcq8\" width=\"600\" height=\"338\" title=\"&#8222;Concert Orgue et Violoncelle&#8220; &#8212; UNI DE\" data-secret=\"85kaFZRcq8\" frameborder=\"0\" marginwidth=\"0\" marginheight=\"0\" scrolling=\"no\" class=\"wp-embedded-content\"><\/iframe><script>\n\/*! This file is auto-generated *\/\n!function(c,d){\"use strict\";var e=!1,o=!1;if(d.querySelector)if(c.addEventListener)e=!0;if(c.wp=c.wp||{},c.wp.receiveEmbedMessage);else if(c.wp.receiveEmbedMessage=function(e){var t=e.data;if(!t);else if(!(t.secret||t.message||t.value));else if(\/[^a-zA-Z0-9]\/.test(t.secret));else{for(var r,s,a,i=d.querySelectorAll('iframe[data-secret=\"'+t.secret+'\"]'),n=d.querySelectorAll('blockquote[data-secret=\"'+t.secret+'\"]'),o=new RegExp(\"^https?:$\",\"i\"),l=0;l<n.length;l++)n[l].style.display=\"none\";for(l=0;l<i.length;l++)if(r=i[l],e.source!==r.contentWindow);else{if(r.removeAttribute(\"style\"),\"height\"===t.message){if(1e3<(s=parseInt(t.value,10)))s=1e3;else if(~~s<200)s=200;r.height=s}if(\"link\"===t.message)if(s=d.createElement(\"a\"),a=d.createElement(\"a\"),s.href=r.getAttribute(\"src\"),a.href=t.value,!o.test(a.protocol));else if(a.host===s.host)if(d.activeElement===r)c.top.location.href=t.value}}},e)c.addEventListener(\"message\",c.wp.receiveEmbedMessage,!1),d.addEventListener(\"DOMContentLoaded\",t,!1),c.addEventListener(\"load\",t,!1);function t(){if(o);else{o=!0;for(var e,t,r,s=-1!==navigator.appVersion.indexOf(\"MSIE 10\"),a=!!navigator.userAgent.match(\/Trident.*rv:11\\.\/),i=d.querySelectorAll(\"iframe.wp-embedded-content\"),n=0;n<i.length;n++){if(!(r=(t=i[n]).getAttribute(\"data-secret\")))r=Math.random().toString(36).substr(2,10),t.src+=\"#?secret=\"+r,t.setAttribute(\"data-secret\",r);if(s||a)(e=t.cloneNode(!0)).removeAttribute(\"security\"),t.parentNode.replaceChild(e,t);t.contentWindow.postMessage({message:\"ready\",secret:r},\"*\")}}}}(window,document);\n<\/script>\n","thumbnail_url":"https:\/\/www.uni.lu\/wp-content\/uploads\/sites\/10\/2022\/05\/konzert_im_rahmen_der_fachtagung_vom_19_bis_21_mai_an_der_universitaet_luxemburg.jpg","thumbnail_width":800,"thumbnail_height":600,"description":"Du 19 au 21 mai 2021, l\u2018Universit\u00e9 du Luxembourg et la Soci\u00e9t\u00e9 internationale Leo Kestenbergorganisent le colloque franco-allemand sur les dimensions cibles de l\u2019enseignement musicaldans une perspective internationale. Durant ces trois jours, de nombreux experts internationauxvont donner des conf\u00e9rences au campus Belval de l\u2019Universit\u00e9 du Luxembourg. C\u2019est dansle cadre de ce colloque que les participants sont invit\u00e9s \u00e0 assister au concert donn\u00e9 par FrancisLucas, doctorant en musicologie \u00e0 l\u2019Universit\u00e9 de Luxembourg, et la violoncelliste luxembourgeoiseNora Braun au grand-orgue Stahlhuth-Jann de l\u2019\u00e9glise Saint-Martin de Dudelange."}

Du 19 au 21 mai 2021, l‘Université du Luxembourg et la Société internationale Leo Kestenbergorganisent le colloque franco-allemand sur les dimensions cibles de l’enseignement musicaldans une perspective internationale. Durant ces trois jours, de nombreux experts internationauxvont donner des conférences au campus Belval de l’Université du Luxembourg. C’est dansle cadre de ce colloque que les participants sont invités à assister au concert donné par FrancisLucas, doctorant en musicologie à l’Université de Luxembourg, et la violoncelliste luxembourgeoiseNora Braun au grand-orgue Stahlhuth-Jann de l’église Saint-Martin de Dudelange.
